000
CXUS53 KILX 010900
CF6CMI
PRELIMINARY LOCAL CLIMATOLOGICAL DATA (WS FORM: F-6)
STATION: CHAMPAIGN IL AIRPORT
MONTH: MAY
YEAR: 2022
LATITUDE: 40 1 N
LONGITUDE: 88 17 W
TEMPERATURE IN F: :PCPN: SNOW: WIND :SUNSHINE: SKY :PK WND
================================================================================
1 2 3 4 5 6A 6B 7 8 9 10 11 12 13 14 15 16 17 18
12Z AVG MX 2MIN
DY MAX MIN AVG DEP HDD CDD WTR SNW DPTH SPD SPD DIR MIN PSBL S-S WX SPD DR
================================================================================
1 58 44 51 -7 14 0 0.00 M M 12.7 25 250 M M 7 32 250
2 66 40 53 -6 12 0 0.03 M M 6.0 16 70 M M 3 20 70
3 67 47 57 -2 8 0 0.68 M M 15.3 25 260 M M 10 1 34 250
4 60 46 53 -7 12 0 0.00 M M 7.6 14 350 M M 9 19 340
5 55 52 54 -6 11 0 0.64 M M 10.5 20 80 M M 9 1 26 80
6 58 51 55 -5 10 0 0.11 M M 13.1 25 40 M M 10 1 36 30
7 70 47 59 -2 6 0 0.00 M M 12.7 20 30 M M 1 30 20
8 73 44 59 -2 6 0 0.00 M M 13.5 26 130 M M 0 39 120
9 82 55 69 7 0 4 0.00 M M 18.8 31 160 M M 4 41 140
10 91 67 79 17 0 14 0.00 M M 14.2 24 190 M M 4 8 30 190
11 96 71 84 22 0 19 0.00 M M 7.7 18 120 M M 3 8 25 140
12 94 62 78 15 0 13 0.00 M M 10.7 18 140 M M 0 18 25 160
13 93 58 76 13 0 11 0.00 M M 7.6 20 130 M M 0 25 130
14 90 64 77 14 0 12 0.00 M M 7.5 18 110 M M 1 23 120
15 90 55 73 9 0 8 0.44 M M 8.7 35 170 M M 3 138 47 160
16 79 51 65 1 0 0 0.00 M M 11.8 23 300 M M 0 34 290
17 85 52 69 5 0 4 T M M 7.3 18 50 M M 1 27 350
18 73 60 67 2 0 2 0.17 M M 8.2 20 190 M M 7 13 25 200
19 89 54 72 7 0 7 0.02 M M 12.3 30 180 M M 5 123 40 180
20 91 64 78 12 0 13 T M M 20.9 38 190 M M 3 3 56 170
21 76 57 67 1 0 2 0.73 M M 11.7 32 290 M M 9 13 45 280
22 63 50 57 -9 8 0 T M M 9.6 21 340 M M 3 26 10
23 69 48 59 -7 6 0 0.00 M M 12.6 20 40 M M 1 29 70
24 78 51 65 -2 0 0 0.00 M M 13.4 22 90 M M 4 29 100
25 87 64 76 9 0 11 0.13 M M 18.2 30 170 M M 7 18 40 170
26 77 61 69 1 0 4 0.02 M M 13.2 26 130 M M 6 33 130
27 64 56 60 -8 5 0 0.26 M M 9.7 23 330 M M 10 1 31 330
28 76 49 63 -5 2 0 0.00 M M 8.6 17 170 M M 2 12 23 170
29 87 61 74 6 0 9 0.00 M M 17.7 29 170 M M 0 40 200
30 91 67 79 10 0 14 0.00 M M 18.8 31 170 M M 1 41 180
31 91 71 81 12 0 16 0.00 M M 15.8 25 190 M M 1 37 190
================================================================================
SM 2419 1719 100 163 3.23 M 376.4 M 124
================================================================================
AV 78.0 55.5 12.1 FASTST M M 4 MAX(MPH)
MISC ----> 38 190 56 170
================================================================================
NOTES:
# LAST OF SEVERAL OCCURRENCES
COLUMN 17 PEAK WIND IN M.P.H.
PRELIMINARY LOCAL CLIMATOLOGICAL DATA (WS FORM: F-6) , PAGE 2
STATION: CHAMPAIGN IL AIRPORT
MONTH: MAY
YEAR: 2022
LATITUDE: 40 1 N
LONGITUDE: 88 17 W
[TEMPERATURE DATA] [PRECIPITATION DATA] SYMBOLS USED IN COLUMN 16
AVERAGE MONTHLY: 66.7 TOTAL FOR MONTH: 3.23 1 = FOG OR MIST
DPTR FM NORMAL: 2.7 DPTR FM NORMAL: -1.16 2 = FOG REDUCING VISIBILITY
HIGHEST: 96 ON 11 GRTST 24HR 0.73 ON 21-21 TO 1/4 MILE OR LESS
LOWEST: 40 ON 2 3 = THUNDER
SNOW, ICE PELLETS, HAIL 4 = ICE PELLETS
TOTAL MONTH: M 5 = HAIL
GRTST 24HR M ON M 6 = FREEZING RAIN OR DRIZZLE
GRTST DEPTH: M ON M 7 = DUSTSTORM OR SANDSTORM:
VSBY 1/2 MILE OR LESS
8 = SMOKE OR HAZE
[NO. OF DAYS WITH] [WEATHER - DAYS WITH] 9 = BLOWING SNOW
X = TORNADO
MAX 32 OR BELOW: 0 0.01 INCH OR MORE: 11
MAX 90 OR ABOVE: 9 0.10 INCH OR MORE: 8
MIN 32 OR BELOW: 0 0.50 INCH OR MORE: 3
MIN 0 OR BELOW: 0 1.00 INCH OR MORE: 0
[HDD (BASE 65) ]
TOTAL THIS MO. 100 CLEAR (SCALE 0-3) 16
DPTR FM NORMAL -32 PTCLDY (SCALE 4-7) 9
TOTAL FM JUL 1 5280 CLOUDY (SCALE 8-10) 6
DPTR FM NORMAL -294
[CDD (BASE 65) ]
TOTAL THIS MO. 163
DPTR FM NORMAL 64 [PRESSURE DATA]
TOTAL FM JAN 1 177 HIGHEST SLP 30.35 ON 23
DPTR FM NORMAL 64 LOWEST SLP 29.48 ON 20
[REMARKS]
#FINAL-05-22#