000
CXUS54 KFWD 010830
CF6GDJ
PRELIMINARY LOCAL CLIMATOLOGICAL DATA (WS FORM: F-6)
STATION: GRANBURY
MONTH: FEBRUARY
YEAR: 2023
LATITUDE: 32 26 N
LONGITUDE: 97 48 W
TEMPERATURE IN F: :PCPN: SNOW: WIND :SUNSHINE: SKY :PK WND
================================================================================
1 2 3 4 5 6A 6B 7 8 9 10 11 12 13 14 15 16 17 18
12Z AVG MX 2MIN
DY MAX MIN AVG DEP HDD CDD WTR SNW DPTH SPD SPD DIR MIN PSBL S-S WX SPD DR
================================================================================
1 30 27 29 -16 36 0 M M M 6.8 10 330 M M 10 6 M M
2 32 29 31 -14 34 0 0.30 M M 4.4 7 320 M M 9 16 M M
3 51 25 38 -7 27 0 0.00 M M 2.4 6 320 M M 1 12 M M
4 56 28 42 -3 23 0 0.00 M M 7.1 18 180 M M 4 12 23 180
5 73 36 55 9 10 0 0.00 M M 5.8 10 140 M M 0 1 M M
6 74 46 60 14 5 0 0.00 M M 10.5 21 170 M M 3 29 170
7 62 43 53 7 12 0 0.48 M M 10.1 15 340 M M 10 13 18 360
8 48 34 41 -5 24 0 0.69 M M 10.5 21 280 M M 7 13 28 290
9 63 31 47 1 18 0 0.00 M M 4.7 15 320 M M 2 12 20 320
10 48 32 40 -6 25 0 0.00 M M 12.6 22 320 M M 7 28 340
11 54 29 42 -5 23 0 0.00 M M 5.5 9 220 M M 1 17 330
12 67 28 48 1 17 0 0.00 M M 5.0 15 200 M M 0 22 190
13 62 37 50 3 15 0 0.00 M M 7.8 18 150 M M 2 33 150
14 69 47 58 11 7 0 0.57 M M 16.2 37 230 M M 4 44 230
15 78 40 59 11 6 0 0.00 M M 8.6 18 300 M M 0 28 140
16 56 34 45 -3 20 0 0.00 M M 16.4 24 310 M M 4 41 310
17 49 27 38 -10 27 0 0.00 M M 5.9 16 340 M M 0 22 340
18 53 27 40 -8 25 0 0.00 M M 6.3 18 150 M M 0 24 150
19 72 40 56 7 9 0 0.00 M M 7.5 16 240 M M 0 21 240
20 83 60 72 23 0 7 0.00 M M 13.9 24 210 M M 0 30 210
21 87 59 73 24 0 8 0.00 M M 14.4 21 150 M M 0 29 150
22 78 56 67 18 0 2 0.22 M M 14.0 26 170 M M 4 36 170
23 64 45 55 5 10 0 0.00 M M 8.6 13 20 M M 3 35 220
24 47 40 44 -6 21 0 0.00 M M 8.6 14 350 M M 10 16 360
25 48 36 42 -8 23 0 0.00 M M 4.4 10 350 M M 10 1 M M
26 77 46 62 12 3 0 0.03 M M 9.7 28 170 M M 9 1 37 170
27 74 48 61 10 4 0 0.01 M M 8.5 18 280 M M 2 18 25 260
28 84 42 63 12 2 0 0.00 M M 4.0 13 180 M M 0 18 240
================================================================================
SM 1739 1072 426 17 2.30 M 240.2 M 102
================================================================================
AV 62.1 38.3 8.6 FASTST M M 4 MAX(MPH)
MISC ----> 37 230 44 230
================================================================================
NOTES:
# LAST OF SEVERAL OCCURRENCES
COLUMN 17 PEAK WIND IN M.P.H.
PRELIMINARY LOCAL CLIMATOLOGICAL DATA (WS FORM: F-6) , PAGE 2
STATION: GRANBURY
MONTH: FEBRUARY
YEAR: 2023
LATITUDE: 32 26 N
LONGITUDE: 97 48 W
[TEMPERATURE DATA] [PRECIPITATION DATA] SYMBOLS USED IN COLUMN 16
AVERAGE MONTHLY: 50.2 TOTAL FOR MONTH: 2.30 1 = FOG OR MIST
DPTR FM NORMAL: 2.6 DPTR FM NORMAL: 2.30 2 = FOG REDUCING VISIBILITY
HIGHEST: 87 ON 21 GRTST 24HR 0.69 ON 8- 8 TO 1/4 MILE OR LESS
LOWEST: 25 ON 3 3 = THUNDER
SNOW, ICE PELLETS, HAIL 4 = ICE PELLETS
TOTAL MONTH: M 5 = HAIL
GRTST 24HR M ON M 6 = FREEZING RAIN OR DRIZZLE
GRTST DEPTH: M ON M 7 = DUSTSTORM OR SANDSTORM:
VSBY 1/2 MILE OR LESS
8 = SMOKE OR HAZE
[NO. OF DAYS WITH] [WEATHER - DAYS WITH] 9 = BLOWING SNOW
X = TORNADO
MAX 32 OR BELOW: 2 0.01 INCH OR MORE: 7
MAX 90 OR ABOVE: 0 0.10 INCH OR MORE: 5
MIN 32 OR BELOW: 10 0.50 INCH OR MORE: 2
MIN 0 OR BELOW: 0 1.00 INCH OR MORE: 0
[HDD (BASE 65) ]
TOTAL THIS MO. 426 CLEAR (SCALE 0-3) 16
DPTR FM NORMAL -65 PTCLDY (SCALE 4-7) 6
TOTAL FM JUL 1 1496 CLOUDY (SCALE 8-10) 6
DPTR FM NORMAL -739
[CDD (BASE 65) ]
TOTAL THIS MO. 17
DPTR FM NORMAL 13 [PRESSURE DATA]
TOTAL FM JAN 1 17 HIGHEST SLP M ON M
DPTR FM NORMAL 17 LOWEST SLP M ON M
[REMARKS]
#FINAL-02-23#