000
CXUS54 KFWD 010730
CF6GDJ
PRELIMINARY LOCAL CLIMATOLOGICAL DATA (WS FORM: F-6)
STATION: GRANBURY
MONTH: MAY
YEAR: 2022
LATITUDE: 32 26 N
LONGITUDE: 97 48 W
TEMPERATURE IN F: :PCPN: SNOW: WIND :SUNSHINE: SKY :PK WND
================================================================================
1 2 3 4 5 6A 6B 7 8 9 10 11 12 13 14 15 16 17 18
12Z AVG MX 2MIN
DY MAX MIN AVG DEP HDD CDD WTR SNW DPTH SPD SPD DIR MIN PSBL S-S WX SPD DR
================================================================================
1 83 50 67 -2 0 2 0.04 M M 7.4 17 100 M M 4 38 24 110
2 87 69 78 9 0 13 0.04 M M 13.9 25 170 M M 7 3 32 170
3 76 52 64 -5 1 0 0.89 M M 7.2 15 340 M M 10 3 24 170
4 86 60 73 4 0 8 0.00 M M 10.7 18 160 M M 7 12 28 160
5 78 60 69 -1 0 4 0.03 M M 8.2 17 310 M M 3 28 320
6 86 51 69 -1 0 4 0.00 M M 5.4 13 120 M M 0 1 18 120
7 90 69 80 10 0 15 0.00 M M 11.0 17 120 M M 4 1 24 120
8 99 73 86 16 0 21 0.00 M M 13.1 22 150 M M 1 29 150
9 95 74 85 15 0 20 0.00 M M 14.1 20 140 M M 3 18 29 150
10 92 74 83 12 0 18 0.00 M M 13.0 21 150 M M 4 25 150
11 92 71 82 11 0 17 0.00 M M 11.5 20 120 M M 1 24 140
12 95 67 81 10 0 16 0.00 M M 11.9 21 140 M M 1 28 140
13 99 70 85 13 0 20 0.00 M M 10.3 24 180 M M 1 40 230
14 94 64 79 7 0 14 0.00 M M 7.3 24 160 M M 0 38 160
15 99 69 84 12 0 19 0.00 M M 9.8 20 150 M M 0 31 110
16 93 68 81 9 0 16 0.00 M M 9.3 18 120 M M 0 8 25 100
17 96 72 84 12 0 19 0.00 M M 11.3 21 140 M M 0 29 140
18 101 74 88 15 0 23 0.00 M M 13.2 17 160 M M 0 28 180
19 98 72 85 12 0 20 0.00 M M 15.2 22 170 M M 0 37 170
20 95 75 85 12 0 20 0.00 M M 15.4 23 170 M M 2 29 170
21 89 64 77 4 0 12 M M M 12.5 17 160 M M 5 25 340
22 76 60 68 -6 0 3 0.00 M M 10.3 17 20 M M 4 25 20
23 77 61 69 -5 0 4 0.23 M M 6.1 13 120 M M 10 17 120
24 75 59 67 -7 0 2 0.94 M M 9.7 23 300 M M 9 3 30 300
25 74 56 65 -9 0 0 0.00 M M 11.9 23 280 M M 6 31 280
26 90 50 70 -5 0 5 0.00 M M 5.2 17 300 M M 0 25 300
27 93 56 75 0 0 10 0.00 M M 4.9 10 100 M M 0 16 110
28 95 69 82 7 0 17 0.00 M M 13.5 25 150 M M 0 30 150
29 95 70 83 8 0 18 0.00 M M 15.7 24 150 M M 1 32 150
30 93 74 84 8 0 19 0.00 M M 16.4 21 150 M M 7 28 180
31 94 76 85 9 0 20 0.00 M M 15.3 21 170 M M 5 28 170
================================================================================
SM 2785 2029 1 399 2.17 M 340.8 M 95
================================================================================
AV 89.8 65.5 11.0 FASTST M M 3 MAX(MPH)
MISC ----> # 25 170 40 230
================================================================================
NOTES:
# LAST OF SEVERAL OCCURRENCES
COLUMN 17 PEAK WIND IN M.P.H.
PRELIMINARY LOCAL CLIMATOLOGICAL DATA (WS FORM: F-6) , PAGE 2
STATION: GRANBURY
MONTH: MAY
YEAR: 2022
LATITUDE: 32 26 N
LONGITUDE: 97 48 W
[TEMPERATURE DATA] [PRECIPITATION DATA] SYMBOLS USED IN COLUMN 16
AVERAGE MONTHLY: 77.6 TOTAL FOR MONTH: 2.17 1 = FOG OR MIST
DPTR FM NORMAL: 5.4 DPTR FM NORMAL: M 2 = FOG REDUCING VISIBILITY
HIGHEST: 101 ON 18 GRTST 24HR 0.94 ON 24-24 TO 1/4 MILE OR LESS
LOWEST: 50 ON 26, 1 3 = THUNDER
SNOW, ICE PELLETS, HAIL 4 = ICE PELLETS
TOTAL MONTH: M 5 = HAIL
GRTST 24HR M ON M 6 = FREEZING RAIN OR DRIZZLE
GRTST DEPTH: M ON M 7 = DUSTSTORM OR SANDSTORM:
VSBY 1/2 MILE OR LESS
8 = SMOKE OR HAZE
[NO. OF DAYS WITH] [WEATHER - DAYS WITH] 9 = BLOWING SNOW
X = TORNADO
MAX 32 OR BELOW: 0 0.01 INCH OR MORE: 6
MAX 90 OR ABOVE: 20 0.10 INCH OR MORE: 3
MIN 32 OR BELOW: 0 0.50 INCH OR MORE: 2
MIN 0 OR BELOW: 0 1.00 INCH OR MORE: 0
[HDD (BASE 65) ]
TOTAL THIS MO. 1 CLEAR (SCALE 0-3) 18
DPTR FM NORMAL -8 PTCLDY (SCALE 4-7) 10
TOTAL FM JUL 1 1948 CLOUDY (SCALE 8-10) 3
DPTR FM NORMAL -716
[CDD (BASE 65) ]
TOTAL THIS MO. 399
DPTR FM NORMAL 167 [PRESSURE DATA]
TOTAL FM JAN 1 573 HIGHEST SLP M ON M
DPTR FM NORMAL 239 LOWEST SLP M ON M
[REMARKS]
#FINAL-05-22#