000
CXUS54 KFWD 010730
CF6GDJ
PRELIMINARY LOCAL CLIMATOLOGICAL DATA (WS FORM: F-6)
STATION: GRANBURY
MONTH: SEPTEMBER
YEAR: 2023
LATITUDE: 32 26 N
LONGITUDE: 97 48 W
TEMPERATURE IN F: :PCPN: SNOW: WIND :SUNSHINE: SKY :PK WND
================================================================================
1 2 3 4 5 6A 6B 7 8 9 10 11 12 13 14 15 16 17 18
12Z AVG MX 2MIN
DY MAX MIN AVG DEP HDD CDD WTR SNW DPTH SPD SPD DIR MIN PSBL S-S WX SPD DR
================================================================================
1 99 74 87 5 0 22 0.00 M M 7.1 10 120 M M 0 M M
2 98 68 83 1 0 18 0.00 M M 5.2 10 90 M M 0 M M
3 102 74 88 7 0 23 0.00 M M 9.8 32 150 M M 1 40 150
4 101 73 87 6 0 22 0.00 M M 9.9 16 170 M M 0 22 160
5 103 80 92 11 0 27 0.00 M M 11.4 15 140 M M 0 23 150
6 102 80 91 11 0 26 0.00 M M 5.2 15 310 M M 1 30 310
7 107 77 92 12 0 27 0.00 M M 3.8 9 230 M M 1 22 190
8 109 77 93 14 0 28 0.00 M M 9.2 26 40 M M 0 36 60
9 100 76 88 9 0 23 0.00 M M 9.2 18 50 M M 0 29 70
10 96 69 83 4 0 18 0.00 M M 7.0 16 100 M M 0 22 100
11 92 67 80 2 0 15 0.05 M M 8.9 18 290 M M 2 25 290
12 83 67 75 -3 0 10 0.00 M M 6.4 13 310 M M 5 17 310
13 83 68 76 -1 0 11 0.00 M M 3.6 8 170 M M 8 M M
14 76 70 73 -4 0 8 0.58 M M 6.1 10 90 M M 10 1 M M
15 83 69 76 0 0 11 0.24 M M 5.6 9 80 M M 6 1 M M
16 84 67 76 0 0 11 0.00 M M 1.5 9 340 M M 2 1 20 10
17 90 66 78 2 0 13 0.00 M M 4.2 10 320 M M 0 M M
18 92 58 75 0 0 10 0.00 M M 4.6 13 140 M M 0 M M
19 95 71 83 8 0 18 0.00 M M 11.3 18 130 M M 2 25 200
20 98 74 86 12 0 21 0.00 M M 12.3 20 200 M M 1 25 200
21 94 75 85 11 0 20 0.00 M M 9.8 13 130 M M 0 18 130
22 98 77 88 15 0 23 0.00 M M 9.1 15 180 M M 0 26 180
23 100 77 89 16 0 24 0.00 M M 10.8 18 150 M M 0 23 190
24 101 79 90 17 0 25 0.00 M M 9.0 16 220 M M 0 22 200
25 91 72 82 10 0 17 0.10 M M 3.9 12 80 M M 5 17 80
26 94 67 81 9 0 16 0.00 M M 3.2 15 90 M M 0 24 90
27 95 64 80 9 0 15 0.00 M M 3.8 9 190 M M 0 M M
28 95 67 81 10 0 16 0.00 M M 5.6 13 130 M M 0 18 130
29 94 72 83 12 0 18 0.00 M M 7.6 13 210 M M 0 20 180
30 93 70 82 12 0 17 0.00 M M 8.1 13 150 M M 1 18 170
================================================================================
SM 2848 2145 0 553 0.97 M 213.1 M 45
================================================================================
AV 94.9 71.5 7.1 FASTST M M 2 MAX(MPH)
MISC ----> 32 150 40 150
================================================================================
NOTES:
# LAST OF SEVERAL OCCURRENCES
COLUMN 17 PEAK WIND IN M.P.H.
PRELIMINARY LOCAL CLIMATOLOGICAL DATA (WS FORM: F-6) , PAGE 2
STATION: GRANBURY
MONTH: SEPTEMBER
YEAR: 2023
LATITUDE: 32 26 N
LONGITUDE: 97 48 W
[TEMPERATURE DATA] [PRECIPITATION DATA] SYMBOLS USED IN COLUMN 16
AVERAGE MONTHLY: 83.2 TOTAL FOR MONTH: 0.97 1 = FOG OR MIST
DPTR FM NORMAL: 7.0 DPTR FM NORMAL: M 2 = FOG REDUCING VISIBILITY
HIGHEST: 109 ON 8 GRTST 24HR 0.58 ON 14-14 TO 1/4 MILE OR LESS
LOWEST: 58 ON 18 3 = THUNDER
SNOW, ICE PELLETS, HAIL 4 = ICE PELLETS
TOTAL MONTH: M 5 = HAIL
GRTST 24HR M ON M 6 = FREEZING RAIN OR DRIZZLE
GRTST DEPTH: M ON M 7 = DUSTSTORM OR SANDSTORM:
VSBY 1/2 MILE OR LESS
8 = SMOKE OR HAZE
[NO. OF DAYS WITH] [WEATHER - DAYS WITH] 9 = BLOWING SNOW
X = TORNADO
MAX 32 OR BELOW: 0 0.01 INCH OR MORE: 4
MAX 90 OR ABOVE: 25 0.10 INCH OR MORE: 3
MIN 32 OR BELOW: 0 0.50 INCH OR MORE: 1
MIN 0 OR BELOW: 0 1.00 INCH OR MORE: 0
[HDD (BASE 65) ]
TOTAL THIS MO. 0 CLEAR (SCALE 0-3) 25
DPTR FM NORMAL -6 PTCLDY (SCALE 4-7) 4
TOTAL FM JUL 1 0 CLOUDY (SCALE 8-10) 1
DPTR FM NORMAL -4
[CDD (BASE 65) ]
TOTAL THIS MO. 553
DPTR FM NORMAL 211 [PRESSURE DATA]
TOTAL FM JAN 1 3068 HIGHEST SLP M ON M
DPTR FM NORMAL 795 LOWEST SLP M ON M
[REMARKS]
#FINAL-09-23#