000
CXUS55 KSEW 010930
CF6UIL
PRELIMINARY LOCAL CLIMATOLOGICAL DATA (WS FORM: F-6)
STATION: QUILLAYUTE WA AIRPORT
MONTH: MAY
YEAR: 2021
LATITUDE: 47 57 N
LONGITUDE: 124 33 W
TEMPERATURE IN F: :PCPN: SNOW: WIND :SUNSHINE: SKY :PK WND
================================================================================
1 2 3 4 5 6A 6B 7 8 9 10 11 12 13 14 15 16 17 18
12Z AVG MX 2MIN
DY MAX MIN AVG DEP HDD CDD WTR SNW DPTH SPD SPD DIR MIN PSBL S-S WX SPD DR
================================================================================
1 56 42 49 0 16 0 0.02 M M 4.8 14 240 M M 8 18 18 250
2 58 41 50 1 15 0 0.00 M M 4.2 15 260 M M 7 21 270
3 55 45 50 0 15 0 0.15 M M 4.7 10 230 M M 10 1 15 190
4 57 38 48 -2 17 0 0.00 M M 4.9 16 320 M M 6 12 21 330
5 71 36 54 4 11 0 0.00 M M 3.7 12 50 M M 1 17 40
6 58 41 50 0 15 0 0.18 M M 6.6 23 250 M M 6 18 29 200
7 54 41 48 -2 17 0 0.11 M M 5.7 18 240 M M 7 1 21 240
8 51 40 46 -4 19 0 0.08 M M 2.6 13 190 M M 10 18 16 190
9 60 41 51 0 14 0 T M M 4.3 14 350 M M 7 12 19 290
10 58 43 51 0 14 0 0.00 M M 4.1 15 260 M M 7 20 230
11 61 43 52 1 13 0 T M M 5.1 15 230 M M 6 1 18 250
12 61 48 55 4 10 0 T M M 6.6 14 290 M M 9 1 18 310
13 65 46 56 5 9 0 0.00 M M 5.3 15 330 M M 7 12 20 320
14 59 48 54 2 11 0 0.00 M M 5.5 15 270 M M 8 1 19 280
15 58 48 53 1 12 0 0.00 M M 5.1 13 250 M M 7 1 16 240
16 59 49 54 2 11 0 0.00 M M 5.1 14 310 M M 10 1 18 260
17 58 45 52 0 13 0 0.40 M M 7.1 21 250 M M 9 1 28 190
18 56 36 46 -6 19 0 0.04 M M 6.0 15 260 M M 5 18 260
19 55 33 44 -8 21 0 T M M 4.9 15 320 M M 2 3 22 310
20 60 41 51 -1 14 0 0.00 M M 5.8 17 240 M M 7 22 240
21 56 47 52 -1 13 0 0.00 M M 4.4 13 330 M M 10 17 310
22 60 47 54 1 11 0 0.01 M M 4.3 13 260 M M 6 1 17 270
23 54 49 52 -1 13 0 T M M 5.0 14 190 M M 10 1 19 190
24 60 48 54 1 11 0 0.24 M M 4.6 12 190 M M 10 1 19 160
25 61 49 55 2 10 0 T M M 4.8 14 260 M M 9 1 18 230
26 57 48 53 0 12 0 0.21 M M 4.4 15 190 M M 10 1 25 200
27 55 47 51 -2 14 0 0.93 M M 10.5 21 240 M M 10 1 35 200
28 56 39 48 -6 17 0 0.03 M M 4.2 13 300 M M 7 1 21 270
29 67 37 52 -2 13 0 0.00 M M 5.6 14 340 M M 2 12 21 310
30 72 43 58 4 7 0 T M M 2.6 13 300 M M 5 18 290
31 75 51 63 9 2 0 0.00 M M 5.2 16 350 M M 4 22 350
================================================================================
SM 1843 1350 409 0 2.40 M 157.7 M 222
================================================================================
AV 59.5 43.5 5.1 FASTST M M 7 MAX(MPH)
MISC ----> 23 250 35 200
================================================================================
NOTES:
# LAST OF SEVERAL OCCURRENCES
COLUMN 17 PEAK WIND IN M.P.H.
PRELIMINARY LOCAL CLIMATOLOGICAL DATA (WS FORM: F-6) , PAGE 2
STATION: QUILLAYUTE WA AIRPORT
MONTH: MAY
YEAR: 2021
LATITUDE: 47 57 N
LONGITUDE: 124 33 W
[TEMPERATURE DATA] [PRECIPITATION DATA] SYMBOLS USED IN COLUMN 16
AVERAGE MONTHLY: 51.5 TOTAL FOR MONTH: 2.40 1 = FOG OR MIST
DPTR FM NORMAL: -0.2 DPTR FM NORMAL: -1.85 2 = FOG REDUCING VISIBILITY
HIGHEST: 75 ON 31 GRTST 24HR 1.12 ON 26-27 TO 1/4 MILE OR LESS
LOWEST: 33 ON 19 3 = THUNDER
SNOW, ICE PELLETS, HAIL 4 = ICE PELLETS
TOTAL MONTH: M 5 = HAIL
GRTST 24HR M ON M 6 = FREEZING RAIN OR DRIZZLE
GRTST DEPTH: M ON M 7 = DUSTSTORM OR SANDSTORM:
VSBY 1/2 MILE OR LESS
8 = SMOKE OR HAZE
[NO. OF DAYS WITH] [WEATHER - DAYS WITH] 9 = BLOWING SNOW
X = TORNADO
MAX 32 OR BELOW: 0 0.01 INCH OR MORE: 12
MAX 90 OR ABOVE: 0 0.10 INCH OR MORE: 7
MIN 32 OR BELOW: 0 0.50 INCH OR MORE: 1
MIN 0 OR BELOW: 0 1.00 INCH OR MORE: 0
[HDD (BASE 65) ]
TOTAL THIS MO. 409 CLEAR (SCALE 0-3) 3
DPTR FM NORMAL -4 PTCLDY (SCALE 4-7) 17
TOTAL FM JUL 1 5149 CLOUDY (SCALE 8-10) 11
DPTR FM NORMAL -215
[CDD (BASE 65) ]
TOTAL THIS MO. 0
DPTR FM NORMAL -1 [PRESSURE DATA]
TOTAL FM JAN 1 0 HIGHEST SLP M ON M
DPTR FM NORMAL -1 LOWEST SLP 29.78 ON 27
[REMARKS]
#FINAL-05-21#