000
CXUS55 KSEW 011030
CF6UIL
PRELIMINARY LOCAL CLIMATOLOGICAL DATA (WS FORM: F-6)
STATION: QUILLAYUTE WA AIRPORT
MONTH: DECEMBER
YEAR: 2023
LATITUDE: 47 57 N
LONGITUDE: 124 33 W
TEMPERATURE IN F: :PCPN: SNOW: WIND :SUNSHINE: SKY :PK WND
================================================================================
1 2 3 4 5 6A 6B 7 8 9 10 11 12 13 14 15 16 17 18
12Z AVG MX 2MIN
DY MAX MIN AVG DEP HDD CDD WTR SNW DPTH SPD SPD DIR MIN PSBL S-S WX SPD DR
================================================================================
1 52 41 47 5 18 0 1.42 M M 5.4 22 180 M M 9 13 38 160
2 53 44 49 7 16 0 0.49 M M 7.6 31 260 M M 7 1 51 200
3 57 44 51 9 14 0 0.35 M M 5.4 17 240 M M 9 18 26 190
4 57 44 51 9 14 0 4.19 M M 10.6 21 170 M M 8 1 40 190
5 56 51 54 12 11 0 0.59 M M 4.6 17 250 M M 10 18 24 250
6 52 40 46 4 19 0 0.09 M M 1.6 7 330 M M 8 128 11 310
7 51 37 44 3 21 0 0.24 M M 2.2 10 250 M M 8 18 14 210
8 50 35 43 2 22 0 0.06 M M 3.5 9 210 M M 3 18 14 80
9 52 39 46 5 19 0 1.48 M M 10.0 22 150 M M 8 1 41 150
10 54 42 48 7 17 0 0.59 M M 3.5 13 250 M M 10 18 19 180
11 53 35 44 3 21 0 0.00 M M 2.0 9 50 M M 5 128 12 60
12 53 32 43 2 22 0 T M M 3.7 9 100 M M 2 18 14 70
13 56 39 48 7 17 0 0.48 M M 4.5 13 190 M M 5 24 140
14 52 43 48 7 17 0 0.20 M M 1.7 9 70 M M 9 128 14 70
15 57 38 48 7 17 0 0.16 M M 3.8 10 70 M M 5 18 15 60
16 57 35 46 5 19 0 0.00 M M 2.0 8 80 M M 1 18 11 70
17 57 34 46 5 19 0 T M M 2.4 10 30 M M 6 18 15 60
18 56 39 48 7 17 0 0.51 M M 4.5 10 140 M M 6 18 19 160
19 56 51 54 13 11 0 0.84 M M 4.4 13 180 M M 10 18 22 160
20 54 50 52 11 13 0 T M M 1.4 7 150 M M 10 18 18 260
21 52 49 51 10 14 0 0.05 M M 3.6 12 170 M M 10 18 22 150
22 51 37 44 3 21 0 0.90 M M 4.0 15 310 M M 8 18 26 320
23 50 34 42 1 23 0 T M M 4.4 12 70 M M 2 17 60
24 49 37 43 2 22 0 0.04 M M 5.8 16 140 M M 5 27 160
25 56 48 52 11 13 0 1.09 M M 13.4 25 160 M M 10 1 49 170
26 51 43 47 6 18 0 0.06 M M 5.0 18 240 M M 6 18 29 250
27 56 46 51 10 14 0 0.47 M M 11.2 21 140 M M 8 42 130
28 57 54 56 15 9 0 0.53 M M 8.0 18 190 M M 10 18 36 170
29 60 53 57 16 8 0 0.22 M M 7.6 17 150 M M 9 33 160
30 55 47 51 10 14 0 0.35 M M 5.7 15 210 M M 9 18 25 260
31 52 38 45 4 20 0 0.02 M M 2.3 7 70 M M 7 18 12 70
================================================================================
SM 1674 1299 520 0 15.42 M 155.8 M 223
================================================================================
AV 54.0 41.9 5.0 FASTST M M 7 MAX(MPH)
MISC ----> 31 260 51 200
================================================================================
NOTES:
# LAST OF SEVERAL OCCURRENCES
COLUMN 17 PEAK WIND IN M.P.H.
PRELIMINARY LOCAL CLIMATOLOGICAL DATA (WS FORM: F-6) , PAGE 2
STATION: QUILLAYUTE WA AIRPORT
MONTH: DECEMBER
YEAR: 2023
LATITUDE: 47 57 N
LONGITUDE: 124 33 W
[TEMPERATURE DATA] [PRECIPITATION DATA] SYMBOLS USED IN COLUMN 16
AVERAGE MONTHLY: 48.0 TOTAL FOR MONTH: 15.42 1 = FOG OR MIST
DPTR FM NORMAL: 7.0 DPTR FM NORMAL: 1.58 2 = FOG REDUCING VISIBILITY
HIGHEST: 60 ON 29 GRTST 24HR 4.69 ON 4- 5 TO 1/4 MILE OR LESS
LOWEST: 32 ON 12 3 = THUNDER
SNOW, ICE PELLETS, HAIL 4 = ICE PELLETS
TOTAL MONTH: M 5 = HAIL
GRTST 24HR M ON M 6 = FREEZING RAIN OR DRIZZLE
GRTST DEPTH: M ON M 7 = DUSTSTORM OR SANDSTORM:
VSBY 1/2 MILE OR LESS
8 = SMOKE OR HAZE
[NO. OF DAYS WITH] [WEATHER - DAYS WITH] 9 = BLOWING SNOW
X = TORNADO
MAX 32 OR BELOW: 0 0.01 INCH OR MORE: 25
MAX 90 OR ABOVE: 0 0.10 INCH OR MORE: 19
MIN 32 OR BELOW: 1 0.50 INCH OR MORE: 10
MIN 0 OR BELOW: 0 1.00 INCH OR MORE: 4
[HDD (BASE 65) ]
TOTAL THIS MO. 520 CLEAR (SCALE 0-3) 3
DPTR FM NORMAL -224 PTCLDY (SCALE 4-7) 14
TOTAL FM JUL 1 1613 CLOUDY (SCALE 8-10) 14
DPTR FM NORMAL -771
[CDD (BASE 65) ]
TOTAL THIS MO. 0
DPTR FM NORMAL 0 [PRESSURE DATA]
TOTAL FM JAN 1 116 HIGHEST SLP 30.41 ON 8
DPTR FM NORMAL 94 LOWEST SLP 29.41 ON 19
[REMARKS]
#FINAL-12-23#