000
CXUS56 KPQR 011200
CF6AST
PRELIMINARY LOCAL CLIMATOLOGICAL DATA (WS FORM: F-6)
STATION: ASTORIA OR
MONTH: MARCH
YEAR: 2020
LATITUDE: 46 9 N
LONGITUDE: 123 53 W
TEMPERATURE IN F: :PCPN: SNOW: WIND :SUNSHINE: SKY :PK WND
================================================================================
1 2 3 4 5 6A 6B 7 8 9 10 11 12 13 14 15 16 17 18
12Z AVG MX 2MIN
DY MAX MIN AVG DEP HDD CDD WTR SNW DPTH SPD SPD DIR MIN PSBL S-S WX SPD DR
================================================================================
1 48 30 39 -6 26 0 0.02 M M 4.5 14 300 M M 6 12 17 280
2 48 41 45 0 20 0 0.48 M M 10.4 20 200 M M 10 18 28 210
3 50 46 48 3 17 0 0.42 M M 9.2 18 260 M M 10 1 27 220
4 52 35 44 -1 21 0 0.00 M M 5.0 12 20 M M 3 1 15 300
5 52 33 43 -2 22 0 0.17 M M 7.8 23 210 M M 7 18 32 200
6 46 36 41 -5 24 0 0.22 M M 3.3 9 260 M M 7 1 11 240
7 47 34 41 -5 24 0 0.30 M M 4.4 14 330 M M 6 1 17 330
8 49 32 41 -5 24 0 0.01 M M 5.1 14 40 M M 3 12 15 40
9 51 31 41 -5 24 0 0.00 M M 4.2 10 340 M M 0 12 20
10 52 29 41 -5 24 0 0.00 M M 5.5 14 260 M M 4 17 260
11 51 38 45 -1 20 0 0.20 M M 9.4 18 320 M M 6 1 23 320
12 50 33 42 -4 23 0 T M M 8.0 22 320 M M 4 25 320
13 44 36 40 -6 25 0 0.14 M M 5.0 10 60 M M 9 1 13 20
14 46 35 41 -5 24 0 0.01 M M 12.8 21 70 M M 7 26 70
15 50 32 41 -5 24 0 0.00 M M 13.5 25 40 M M 1 32 40
16 57 33 45 -1 20 0 0.00 M M 8.1 16 40 M M 0 19 320
17 52 29 41 -5 24 0 0.00 M M 3.5 12 240 M M 3 15 280
18 53 35 44 -3 21 0 0.00 M M 4.9 14 20 M M 5 15 20
19 55 31 43 -4 22 0 0.00 M M 4.4 13 340 M M 1 12 15 340
20 57 32 45 -2 20 0 0.00 M M 7.4 20 310 M M 0 23 310
21 53 35 44 -3 21 0 0.00 M M 4.2 12 260 M M 5 15 280
22 48 32 40 -7 25 0 T M M 5.8 14 250 M M 8 12 18 250
23 50 41 46 -1 19 0 0.43 M M 9.5 20 230 M M 7 1 29 240
24 47 38 43 -4 22 0 0.46 M M 6.8 12 240 M M 7 1 17 240
25 50 34 42 -5 23 0 0.11 M M 5.6 14 250 M M 4 1 18 280
26 48 36 42 -5 23 0 0.03 M M 5.9 13 200 M M 9 19 210
27 50 43 47 0 18 0 0.21 M M 8.7 21 190 M M 10 1 30 190
28 51 46 49 2 16 0 0.33 M M 14.4 24 200 M M 10 1 35 200
29 52 47 50 3 15 0 0.69 M M 12.9 29 190 M M 10 18 41 190
30 50 40 45 -2 20 0 0.61 M M 12.0 30 190 M M 10 1 42 200
31 50 38 44 -3 21 0 0.20 M M 9.2 21 250 M M 7 1 26 250
================================================================================
SM 1559 1111 672 0 5.04 M 231.4 M 179
================================================================================
AV 50.3 35.8 7.5 FASTST M M 6 MAX(MPH)
MISC ----> # 30 190 # 42 200
================================================================================
NOTES:
# LAST OF SEVERAL OCCURRENCES
COLUMN 17 PEAK WIND IN M.P.H.
PRELIMINARY LOCAL CLIMATOLOGICAL DATA (WS FORM: F-6) , PAGE 2
STATION: ASTORIA OR
MONTH: MARCH
YEAR: 2020
LATITUDE: 46 9 N
LONGITUDE: 123 53 W
[TEMPERATURE DATA] [PRECIPITATION DATA] SYMBOLS USED IN COLUMN 16
AVERAGE MONTHLY: 43.1 TOTAL FOR MONTH: 5.04 1 = FOG OR MIST
DPTR FM NORMAL: -3.3 DPTR FM NORMAL: -2.41 2 = FOG REDUCING VISIBILITY
HIGHEST: 57 ON 20,16 GRTST 24HR 0.69 ON 29-29 TO 1/4 MILE OR LESS
LOWEST: 29 ON 17,10 3 = THUNDER
SNOW, ICE PELLETS, HAIL 4 = ICE PELLETS
TOTAL MONTH: M 5 = HAIL
GRTST 24HR M ON M 6 = FREEZING RAIN OR DRIZZLE
GRTST DEPTH: M ON M 7 = DUSTSTORM OR SANDSTORM:
VSBY 1/2 MILE OR LESS
8 = SMOKE OR HAZE
[NO. OF DAYS WITH] [WEATHER - DAYS WITH] 9 = BLOWING SNOW
X = TORNADO
MAX 32 OR BELOW: 0 0.01 INCH OR MORE: 19
MAX 90 OR ABOVE: 0 0.10 INCH OR MORE: 15
MIN 32 OR BELOW: 9 0.50 INCH OR MORE: 2
MIN 0 OR BELOW: 0 1.00 INCH OR MORE: 0
[HDD (BASE 65) ]
TOTAL THIS MO. 672 CLEAR (SCALE 0-3) 8
DPTR FM NORMAL 94 PTCLDY (SCALE 4-7) 14
TOTAL FM JUL 1 3880 CLOUDY (SCALE 8-10) 9
DPTR FM NORMAL -40
[CDD (BASE 65) ]
TOTAL THIS MO. 0
DPTR FM NORMAL 0 [PRESSURE DATA]
TOTAL FM JAN 1 0 HIGHEST SLP 30.44 ON 1
DPTR FM NORMAL 0 LOWEST SLP 29.60 ON 14
[REMARKS]
#FINAL-03-20#