000
CXUS53 KICT 012336
CLMCNU


CLIMATE REPORT
NATIONAL WEATHER SERVICE WICHITA KS
534 PM CST FRI DEC 1 2017

...................................

...THE CHANUTE KS CLIMATE SUMMARY FOR THE MONTH OF NOVEMBER 2017...

CLIMATE NORMAL PERIOD 1981 TO 2010
CLIMATE RECORD PERIOD 1894 TO 2017

WEATHER         OBSERVED          NORMAL  DEPART  LAST YEAR`S
                 VALUE   DATE(S)  VALUE   FROM    VALUE  DATE(S)
                                          NORMAL
................................................................
TEMPERATURE (F)
RECORD
 HIGH              89   11/06/1915
 LOW                1   11/27/1975
                        11/16/1932
HIGHEST            77   11/17                         81  11/02
LOWEST             19   11/22                         25  11/20
AVG. MAXIMUM     59.6              56.7     2.9     64.9
AVG. MINIMUM     38.5              35.9     2.6     40.7
MEAN             49.1              46.3     2.8     52.8
DAYS MAX >= 90      0               0.0     0.0        0
DAYS MAX <= 32      0               0.5    -0.5        0
DAYS MIN <= 32      8              11.2    -3.2        7
DAYS MIN <= 0       0               0.0     0.0        0

PRECIPITATION (INCHES)
RECORD
 MAXIMUM         8.35   1931
 MINIMUM         0.00   1989
                        1949
                        1919
TOTALS           0.79              2.50   -1.71     0.47
DAILY AVG.       0.03              0.08   -0.05     0.02
DAYS >= .01         6               7.0    -1.0        5
DAYS >= .10         2               4.1    -2.1        2
DAYS >= .50         0               1.8    -1.8        0
DAYS >= 1.00        0               0.7    -0.7        0
GREATEST
 24 HR. TOTAL    0.33   11/15 TO 11/15

DEGREE_DAYS
HEATING TOTAL     473               564     -91      380
 SINCE 7/1        701               852    -151      478
COOLING TOTAL       3                 3       0       20
.................................................................

WIND (MPH)
AVERAGE WIND SPEED              9.4
HIGHEST WIND SPEED/DIRECTION    30/200    DATE  11/20
HIGHEST GUST SPEED/DIRECTION    43/320    DATE  11/18

SKY COVER
POSSIBLE SUNSHINE (PERCENT)   MM
AVERAGE SKY COVER           0.40
NUMBER OF DAYS FAIR           15
NUMBER OF DAYS PC              6
NUMBER OF DAYS CLOUDY          9

AVERAGE RH (PERCENT)     67

WEATHER CONDITIONS. NUMBER OF DAYS WITH
THUNDERSTORM              0     MIXED PRECIP               0
HEAVY RAIN                1     RAIN                       2
LIGHT RAIN                9     FREEZING RAIN              0
LT FREEZING RAIN          0     HAIL                       0
HEAVY SNOW                0     SNOW                       0
LIGHT SNOW                0     SLEET                      0
FOG                      15     FOG W/VIS <= 1/4 MILE      3
HAZE                      6

-  INDICATES NEGATIVE NUMBERS.
R  INDICATES RECORD WAS SET OR TIED.
MM INDICATES DATA IS MISSING.
T  INDICATES TRACE AMOUNT.

$$
