000
CXUS53 KICT 011008
CLMCNU


CLIMATE REPORT
NATIONAL WEATHER SERVICE WICHITA KS
458 AM CDT TUE NOV 1 2016

...................................

...THE CHANUTE KS CLIMATE SUMMARY FOR THE MONTH OF OCTOBER 2016...

CLIMATE NORMAL PERIOD 1981 TO 2010
CLIMATE RECORD PERIOD 1894 TO 2016

WEATHER         OBSERVED          NORMAL  DEPART  LAST YEAR`S
                 VALUE   DATE(S)  VALUE   FROM    VALUE  DATE(S)
                                          NORMAL
................................................................
TEMPERATURE (F)
RECORD
 HIGH              98   10/07/1963
 LOW               17   10/31/1993
HIGHEST            88   10/17                         88  10/08
LOWEST             37   10/21                         29  10/30
AVG. MAXIMUM     75.8              69.3     6.5     72.6
AVG. MINIMUM     53.5              47.2     6.3     48.0
MEAN             64.6              58.3     6.3     60.3
DAYS MAX >= 90      0               0.1    -0.1        0
DAYS MAX <= 32      0               0.0     0.0        0
DAYS MIN <= 32      0               1.4    -1.4        2
DAYS MIN <= 0       0               0.0     0.0        0

PRECIPITATION (INCHES)
RECORD
 MAXIMUM        12.02   1986
 MINIMUM           MM   MM
TOTALS           3.51              3.66   -0.15     1.60
DAILY AVG.       0.11              0.12   -0.01     0.05
DAYS >= .01         8               8.5    -0.5        7
DAYS >= .10         6               5.5     0.5        5
DAYS >= .50         2               2.2    -0.2        1
DAYS >= 1.00        1               1.2    -0.2        0
GREATEST
 24 HR. TOTAL    1.79   10/06 TO 10/07

DEGREE_DAYS
HEATING TOTAL      87               241    -154      174
 SINCE 7/1         98               288    -190      180
COOLING TOTAL      84                32      52       43
.................................................................

WIND (MPH)
AVERAGE WIND SPEED              9.9
HIGHEST WIND SPEED/DIRECTION    36/180    DATE  10/17
HIGHEST GUST SPEED/DIRECTION    43/190    DATE  10/17

SKY COVER
POSSIBLE SUNSHINE (PERCENT)   MM
AVERAGE SKY COVER           0.20
NUMBER OF DAYS FAIR           23
NUMBER OF DAYS PC              5
NUMBER OF DAYS CLOUDY          3

AVERAGE RH (PERCENT)     71

WEATHER CONDITIONS. NUMBER OF DAYS WITH
THUNDERSTORM              0     MIXED PRECIP               0
HEAVY RAIN                6     RAIN                       6
LIGHT RAIN               10     FREEZING RAIN              0
LT FREEZING RAIN          0     HAIL                       0
HEAVY SNOW                0     SNOW                       0
LIGHT SNOW                0     SLEET                      0
FOG                      16     FOG W/VIS <= 1/4 MILE      4
HAZE                      4

-  INDICATES NEGATIVE NUMBERS.
R  INDICATES RECORD WAS SET OR TIED.
MM INDICATES DATA IS MISSING.
T  INDICATES TRACE AMOUNT.

$$
