000
CXUS53 KICT 031123
CLMCNU
CLIMATE REPORT
NATIONAL WEATHER SERVICE WICHITA KANSAS
523 AM CST SAT FEB 03 2024
...................................
...THE CHANUTE KS CLIMATE SUMMARY FOR THE MONTH OF JANUARY 2024...
CLIMATE NORMAL PERIOD 1991 TO 2020
CLIMATE RECORD PERIOD 1894 TO 2024
WEATHER OBSERVED NORMAL DEPART LAST YEAR`S
VALUE DATE(S) VALUE FROM VALUE DATE(S)
NORMAL
................................................................
TEMPERATURE (F)
RECORD
HIGH 75 01/28/2015
01/28/2013
01/24/1950
01/29/1917
LOW -23 01/30/1949
HIGHEST 68 01/31 74 01/02
LOWEST -5 01/16 12 01/31
AVG. MAXIMUM 40.0 44.3 -4.3 50.3
AVG. MINIMUM 20.7 23.2 -2.5 27.3
MEAN 30.4 33.7 -3.3 38.8
DAYS MAX >= 90 0 0.0 0.0 0
DAYS MAX <= 32 7 6.8 0.2 3
DAYS MIN <= 32 25 26.6 -1.6 25
DAYS MIN <= 0 4 0.8 3.2 0
PRECIPITATION (INCHES)
RECORD
MAXIMUM 6.43 1949
MINIMUM 0.00 2009
1919
TOTALS 1.49 1.18 0.31 0.95
DAILY AVG. 0.05 0.04 0.01 0.03
DAYS >= .01 7 5.6 1.4 6
DAYS >= .10 4 2.5 1.5 3
DAYS >= .50 1 0.7 0.3 0
DAYS >= 1.00 0 0.3 -0.3 0
GREATEST
24 HR. TOTAL 0.69 01/08 TO 01/09
DEGREE DAYS
HEATING TOTAL 1067 969 98 807
SINCE 7/1 2415 2634 -219 MM
COOLING TOTAL 0 0 0 0
................................................................
WIND (MPH)
AVERAGE WIND SPEED 8.5
HIGHEST WIND SPEED/DIRECTION 32/320 DATE 01/12
HIGHEST GUST SPEED/DIRECTION 47/180 DATE 01/08
SKY COVER
POSSIBLE SUNSHINE (PERCENT) MM
AVERAGE SKY COVER 0.43
NUMBER OF DAYS FAIR 17
NUMBER OF DAYS PC 3
NUMBER OF DAYS CLOUDY 11
AVERAGE RH (PERCENT) 70
WEATHER CONDITIONS. NUMBER OF DAYS WITH
THUNDERSTORM 0 MIXED PRECIP 0
HEAVY RAIN 0 RAIN 4
LIGHT RAIN 8 FREEZING RAIN 0
LT FREEZING RAIN 1 HAIL 0
HEAVY SNOW 0 SNOW 0
LIGHT SNOW 9 SLEET 0
FOG 16 FOG W/VIS <= 1/4 MILE 5
HAZE 4
- INDICATES NEGATIVE NUMBERS.
R INDICATES RECORD WAS SET OR TIED.
MM INDICATES DATA IS MISSING.
T INDICATES TRACE AMOUNT.
$$