000
CXUS56 KSGX 011145
CF6OKB
PRELIMINARY LOCAL CLIMATOLOGICAL DATA (WS FORM: F-6)
STATION: OCEANSIDE AIRPORT CA
MONTH: FEBRUARY
YEAR: 2023
LATITUDE: 33 13 N
LONGITUDE: 117 21 W
TEMPERATURE IN F: :PCPN: SNOW: WIND :SUNSHINE: SKY :PK WND
================================================================================
1 2 3 4 5 6A 6B 7 8 9 10 11 12 13 14 15 16 17 18
12Z AVG MX 2MIN
DY MAX MIN AVG DEP HDD CDD WTR SNW DPTH SPD SPD DIR MIN PSBL S-S WX SPD DR
================================================================================
1 65 35 50 -4 15 0 0.00 M M 4.1 14 280 M M 0 16 260
2 67 35 51 -3 14 0 0.00 M M 3.2 13 250 M M 0 14 250
3 69 40 55 1 10 0 0.00 M M 2.6 17 290 M M 0 18 22 290
4 64 34 49 -5 16 0 0.00 M M 3.2 14 250 M M 1 12 16 250
5 62 40 51 -3 14 0 T M M 5.2 15 300 M M 6 1 19 290
6 64 39 52 -2 13 0 0.00 M M 6.0 18 290 M M 2 1 23 300
7 71 37 54 0 11 0 0.00 M M 4.9 15 270 M M 0 19 290
8 69 36 53 -1 12 0 0.00 M M 3.8 16 290 M M 0 21 290
9 78 37 58 4 7 0 0.00 M M 4.1 13 280 M M 0 16 290
10 75 37 56 2 9 0 0.00 M M 3.2 13 280 M M 0 17 290
11 60 41 51 -3 14 0 0.00 M M 4.6 17 220 M M 5 8 22 210
12 59 41 50 -4 15 0 0.05 M M 4.5 14 160 M M 6 1 22 250
13 61 45 53 -1 12 0 0.01 M M 5.7 14 240 M M 6 19 240
14 56 39 48 -6 17 0 T M M 9.1 20 240 M M 10 8 24 240
15 63 30 47 -7 18 0 0.00 M M 5.7 17 260 M M 0 1 22 40
16 66 32 49 -5 16 0 0.00 M M 5.8 16 280 M M 0 20 240
17 66 35 51 -3 14 0 0.00 M M 3.2 13 250 M M 0 15 270
18 67 34 51 -3 14 0 0.00 M M 3.4 12 250 M M 0 14 260
19 64 31 48 -6 17 0 T M M 2.7 13 250 M M 2 16 260
20 65 36 51 -3 14 0 0.00 M M 4.9 15 260 M M 0 1 19 300
21 62 41 52 -2 13 0 0.04 M M 8.5 29 270 M M 5 18 37 270
22 58 50 54 0 11 0 0.00 M M 16.6 29 290 M M 6 40 310
23 56 44 50 -4 15 0 0.38 M M 5.9 17 240 M M 8 18 21 250
24 60 43 52 -3 13 0 0.01 M M 10.1 20 150 M M 8 1 34 200
25 57 47 52 -3 13 0 1.56 M M 7.7 22 150 M M 9 18 30 150
26 56 37 47 -8 18 0 0.03 M M 3.5 13 240 M M 3 1 17 210
27 59 38 49 -6 16 0 0.19 M M 5.3 15 200 M M 6 1 19 210
28 59 44 52 -3 13 0 0.35 M M 5.1 15 250 M M 6 12 18 250
================================================================================
SM 1778 1078 384 0 2.62 M 152.6 M 89
================================================================================
AV 63.5 38.5 5.5 FASTST M M 3 MAX(MPH)
MISC ----> # 29 270 40 310
================================================================================
NOTES:
# LAST OF SEVERAL OCCURRENCES
COLUMN 17 PEAK WIND IN M.P.H.
PRELIMINARY LOCAL CLIMATOLOGICAL DATA (WS FORM: F-6) , PAGE 2
STATION: OCEANSIDE AIRPORT CA
MONTH: FEBRUARY
YEAR: 2023
LATITUDE: 33 13 N
LONGITUDE: 117 21 W
[TEMPERATURE DATA] [PRECIPITATION DATA] SYMBOLS USED IN COLUMN 16
AVERAGE MONTHLY: 51.0 TOTAL FOR MONTH: 2.62 1 = FOG OR MIST
DPTR FM NORMAL: -3.1 DPTR FM NORMAL: -0.28 2 = FOG REDUCING VISIBILITY
HIGHEST: 78 ON 9 GRTST 24HR 1.59 ON 25-26 TO 1/4 MILE OR LESS
LOWEST: 30 ON 15 3 = THUNDER
SNOW, ICE PELLETS, HAIL 4 = ICE PELLETS
TOTAL MONTH: M 5 = HAIL
GRTST 24HR M ON M 6 = FREEZING RAIN OR DRIZZLE
GRTST DEPTH: M ON M 7 = DUSTSTORM OR SANDSTORM:
VSBY 1/2 MILE OR LESS
8 = SMOKE OR HAZE
[NO. OF DAYS WITH] [WEATHER - DAYS WITH] 9 = BLOWING SNOW
X = TORNADO
MAX 32 OR BELOW: 0 0.01 INCH OR MORE: 9
MAX 90 OR ABOVE: 0 0.10 INCH OR MORE: 4
MIN 32 OR BELOW: 3 0.50 INCH OR MORE: 1
MIN 0 OR BELOW: 0 1.00 INCH OR MORE: 1
[HDD (BASE 65) ]
TOTAL THIS MO. 384 CLEAR (SCALE 0-3) 16
DPTR FM NORMAL 77 PTCLDY (SCALE 4-7) 8
TOTAL FM JUL 1 1431 CLOUDY (SCALE 8-10) 4
DPTR FM NORMAL 78
[CDD (BASE 65) ]
TOTAL THIS MO. 0
DPTR FM NORMAL -1 [PRESSURE DATA]
TOTAL FM JAN 1 0 HIGHEST SLP 30.33 ON 2
DPTR FM NORMAL 0 LOWEST SLP 29.69 ON 22
[REMARKS]
#FINAL-02-23#