000
CXUS56 KMTR 011000
CF6CCR
PRELIMINARY LOCAL CLIMATOLOGICAL DATA (WS FORM: F-6)

                                          STATION:   CONCORD AIRPORT
                                          MONTH:     SEPTEMBER
                                          YEAR:      2014
                                          LATITUDE:   37 58 N
                                          LONGITUDE: 122  3 W

  TEMPERATURE IN F:       :PCPN:    SNOW:  WIND      :SUNSHINE: SKY     :PK WND
================================================================================
1   2   3   4   5  6A  6B    7    8   9   10  11  12  13   14  15   16   17  18
                                     12Z  AVG MX 2MIN
DY MAX MIN AVG DEP HDD CDD  WTR  SNW DPTH SPD SPD DIR MIN PSBL S-S WX    SPD DR
================================================================================

 1  97  59  78   6   0  13 0.00  0.0    0  5.7 15 300   M    M   0        19 310
 2  84  59  72   0   0   7 0.00  0.0    0  9.2 17 280   M    M   0        23 220
 3  86  60  73   1   0   8 0.00  0.0    0  8.3 18 340   M    M   3        22 290
 4  86  57  72   0   0   7 0.00  0.0    0  7.4 15 260   M    M   0        23 280
 5  83  59  71  -1   0   6 0.00  0.0    0  8.6 15 300   M    M   2        22 320
 6  85  57  71   0   0   6 0.00  0.0    0  8.6 18 330   M    M   1        26 330
 7  85  55  70  -1   0   5 0.00  0.0    0  8.9 18 300   M    M   1        22 300
 8  75  54  65  -6   0   0 0.00  0.0    0  8.9 18 280   M    M   0        22 270
 9  86  55  71   0   0   6 0.00  0.0    0  5.9 15 300   M    M   1        20 330
10  97  52  75   4   0  10 0.00  0.0    0  3.6 17 330   M    M   0        20 310
11  97  59  78   7   0  13 0.00  0.0    0  4.7 14 310   M    M   0        19 330
12  97  57  77   6   0  12 0.00  0.0    0  4.8 15 310   M    M   0        22 290
13  94  59  77   6   0  12 0.00  0.0    0  6.7 16 320   M    M   0        20 300
14  90  59  75   5   0  10 0.00  0.0    0  7.7 17 320   M    M   0        20 310
15  85  61  73   3   0   8 0.00  0.0    0  9.5 18 250   M    M   1        22 280
16  88  59  74   4   0   9 0.00  0.0    0  7.8 17 320   M    M   0        25 360
17  87  59  73   3   0   8 0.00  0.0    0  6.9 22 230   M    M   1        27 230
18  81  63  72   2   0   7 0.01  0.0    0  9.0 17 230   M    M   5 1      20 280
19  84  59  72   2   0   7 0.00  0.0    0  7.6 17 280   M    M   0        22 280
20  81  60  71   1   0   6 0.00  0.0    0  8.4 18 290   M    M   1        22 270
21  75  63  69   0   0   4 0.00  0.0    0 11.1 18 240   M    M   6        24 230
22  85  61  73   4   0   8 0.00  0.0    0  8.2 21 290   M    M   3        37 280
23  85  59  72   3   0   7 0.00  0.0    0  9.1 17 320   M    M   2        27 310
24  80  64  72   3   0   7    T  0.0    M 10.2 21 230   M    M   6 18     35 230
25  76  58  67  -2   0   2 0.27  0.0    0  7.6 17 280   M    M   6 1      25 210
26  76  57  67  -1   0   2 0.00  0.0    0  7.0 20 290   M    M   5        34 280
27  80  57  69   1   0   4    T  0.0    0  9.2 21 190   M    M   2        25 190
28  78  60  69   1   0   4 0.00  0.0    0  6.5 17 190   M    M   3        22 190
29  80  55  68   0   0   3 0.00  0.0    0  7.4 16 200   M    M   2 1      21 200
30  82  59  71   3   0   6 0.00  0.0    0  7.0 17 200   M    M   0        22 200
================================================================================
SM 2545 1755         0 207  0.28     0.0 231.5          M       51
================================================================================
AV 84.8 58.5                               7.7 FASTST   M    M   2    MAX(MPH)
                                 MISC ---->  # 22 230               # 37  280
================================================================================
NOTES:
# LAST OF SEVERAL OCCURRENCES

COLUMN 17 PEAK WIND IN M.P.H.

PRELIMINARY LOCAL CLIMATOLOGICAL DATA (WS FORM: F-6) , PAGE 2

                                          STATION:  CONCORD AIRPORT
                                          MONTH:    SEPTEMBER
                                          YEAR:     2014
                                          LATITUDE:   37 58 N
                                          LONGITUDE: 122  3 W

[TEMPERATURE DATA]      [PRECIPITATION DATA]       SYMBOLS USED IN COLUMN 16

AVERAGE MONTHLY: 71.7   TOTAL FOR MONTH:   0.28    1 = FOG OR MIST
DPTR FM NORMAL:   1.6   DPTR FM NORMAL:    0.12    2 = FOG REDUCING VISIBILITY
HIGHEST:    97 ON 12,11 GRTST 24HR  0.27 ON 25-25      TO 1/4 MILE OR LESS
LOWEST:     52 ON 10                               3 = THUNDER
                        SNOW, ICE PELLETS, HAIL    4 = ICE PELLETS
                        TOTAL MONTH:   0.0 INCH    5 = HAIL
                        GRTST 24HR     0.0         6 = FREEZING RAIN OR DRIZZLE
                        GRTST DEPTH:   0           7 = DUSTSTORM OR SANDSTORM:
                                                       VSBY 1/2 MILE OR LESS
                                                   8 = SMOKE OR HAZE
[NO. OF DAYS WITH]      [WEATHER - DAYS WITH]      9 = BLOWING SNOW
                                                   X = TORNADO
MAX 32 OR BELOW:   0    0.01 INCH OR MORE:   2
MAX 90 OR ABOVE:   6    0.10 INCH OR MORE:   1
MIN 32 OR BELOW:   0    0.50 INCH OR MORE:   0
MIN  0 OR BELOW:   0    1.00 INCH OR MORE:   0

[HDD (BASE 65) ]
TOTAL THIS MO.     0    CLEAR  (SCALE 0-3)  24
DPTR FM NORMAL   -10    PTCLDY (SCALE 4-7)   6
TOTAL FM JUL 1     0    CLOUDY (SCALE 8-10)  0
DPTR FM NORMAL   -15

[CDD (BASE 65) ]
TOTAL THIS MO.   207
DPTR FM NORMAL    44    [PRESSURE DATA]
TOTAL FM JAN 1  1007    HIGHEST SLP M ON M
DPTR FM NORMAL   171    LOWEST  SLP 29.70 ON  3

[REMARKS]
#FINAL-09-14#
