000
CXUS56 KMTR 241000
CF6CCR
PRELIMINARY LOCAL CLIMATOLOGICAL DATA (WS FORM: F-6)

                                          STATION:   CONCORD AIRPORT
                                          MONTH:     FEBRUARY
                                          YEAR:      2018
                                          LATITUDE:   37 58 N
                                          LONGITUDE: 122  3 W

  TEMPERATURE IN F:       :PCPN:    SNOW:  WIND      :SUNSHINE: SKY     :PK WND
================================================================================
1   2   3   4   5  6A  6B    7    8   9   10  11  12  13   14  15   16   17  18
                                     12Z  AVG MX 2MIN
DY MAX MIN AVG DEP HDD CDD  WTR  SNW DPTH SPD SPD DIR MIN PSBL S-S WX    SPD DR
================================================================================

 1  74  47  61  12   4   0 0.00  0.0    0  3.2 10  30   M    M   0        14  60
 2  76  47  62  12   3   0 0.00  0.0    0  3.5 14  20   M    M   0        19  50
 3  77  46  62  12   3   0 0.00  0.0    0  3.9 14  50   M    M   0        21 120
 4  76  48  62  12   3   0 0.00  0.0    0  2.1 10  50   M    M   1        24  30
 5  80  47  64  14   1   0 0.00  0.0    0  2.3  9  20   M    M   0        13  20
 6  79  45  62  12   3   0 0.00  0.0    0  2.6 12  60   M    M   0        18  80
 7  73  47  60  10   5   0 0.00  0.0    0  4.7 13  40   M    M   0 8      24 270
 8  77  47  62  11   3   0 0.00  0.0    0  3.4  8 150   M    M   0 8      29 290
 9  81  45  63  12   2   0 0.00  0.0    0  2.4 12 310   M    M   0        18 360
10  74  47  61  10   4   0 0.00  0.0    0  4.7 22  10   M    M   0        28  30
11  62  38  50  -1  15   0 0.00  0.0    0  8.0 26 260   M    M   1        34 270
12  63  40  52   0  13   0 0.00  0.0    0  5.3 15  20   M    M   2 8      24 360
13  66  38  52   0  13   0 0.00  0.0    0  5.1 15  60   M    M   0 8      28 210
14  66  39  53   1  12   0 0.00  0.0    0  6.2 17 240   M    M   0        22 230
15  68  38  53   1  12   0 0.00  0.0    0  3.6 12 320   M    M   0        16  70
16  69  37  53   1  12   0 0.00  0.0    0  3.0  8  20   M    M   0        11  10
17  72  40  56   4   9   0 0.00  0.0    0  4.4 14 200   M    M   0        18 140
18  60  44  52  -1  13   0 0.00  0.0    0 14.5 28 280   M    M   2        38 280
19  55  38  47  -6  18   0 0.00  0.0    0  6.9 18 290   M    M   2        27 340
20  56  32  44  -9  21   0 0.00  0.0    0  5.1 13 240   M    M   2        19 300
21  59  39  49  -4  16   0 0.00  0.0    0  5.4 13 290   M    M   2 8      17 300
22  57  39  48  -5  17   0 0.05  0.0    0 10.1 30 310   M    M   4        36 310
23  58  32  45  -9  20   0 0.00  0.0    0  5.2 17 360   M    M   0        21 340
================================================================================
SM 1578  960       222   0  0.05     0.0 115.6          M       16
================================================================================
AV 68.6 41.7                               5.0 FASTST   M    M   1    MAX(MPH)
                                 MISC ---->  # 30 310               # 38  280
================================================================================
NOTES:
# LAST OF SEVERAL OCCURRENCES

COLUMN 17 PEAK WIND IN M.P.H.

PRELIMINARY LOCAL CLIMATOLOGICAL DATA (WS FORM: F-6) , PAGE 2

                                          STATION:  CONCORD AIRPORT
                                          MONTH:    FEBRUARY
                                          YEAR:     2018
                                          LATITUDE:   37 58 N
                                          LONGITUDE: 122  3 W

[TEMPERATURE DATA]      [PRECIPITATION DATA]       SYMBOLS USED IN COLUMN 16

AVERAGE MONTHLY: 55.2   TOTAL FOR MONTH:   0.05    1 = FOG OR MIST
DPTR FM NORMAL:   3.7   DPTR FM NORMAL:   -2.68    2 = FOG REDUCING VISIBILITY
HIGHEST:    81 ON  9    GRTST 24HR  0.05 ON 22-22      TO 1/4 MILE OR LESS
LOWEST:     32 ON 23,20                            3 = THUNDER
                        SNOW, ICE PELLETS, HAIL    4 = ICE PELLETS
                        TOTAL MONTH:   0.0 INCH    5 = HAIL
                        GRTST 24HR     0.0         6 = FREEZING RAIN OR DRIZZLE
                        GRTST DEPTH:   0           7 = DUSTSTORM OR SANDSTORM:
                                                       VSBY 1/2 MILE OR LESS
                                                   8 = SMOKE OR HAZE
[NO. OF DAYS WITH]      [WEATHER - DAYS WITH]      9 = BLOWING SNOW
                                                   X = TORNADO
MAX 32 OR BELOW:   0    0.01 INCH OR MORE:   1
MAX 90 OR ABOVE:   0    0.10 INCH OR MORE:   0
MIN 32 OR BELOW:   2    0.50 INCH OR MORE:   0
MIN  0 OR BELOW:   0    1.00 INCH OR MORE:   0

[HDD (BASE 65) ]
TOTAL THIS MO.   222    CLEAR  (SCALE 0-3)  22
DPTR FM NORMAL   -90    PTCLDY (SCALE 4-7)   1
TOTAL FM JUL 1  1285    CLOUDY (SCALE 8-10)  0
DPTR FM NORMAL  -524

[CDD (BASE 65) ]
TOTAL THIS MO.     0
DPTR FM NORMAL     0    [PRESSURE DATA]
TOTAL FM JAN 1     0    HIGHEST SLP M ON M
DPTR FM NORMAL     0    LOWEST  SLP 29.83 ON 11

[REMARKS]
