000
CXUS53 KLMK 011011
CLMSDF


CLIMATE REPORT
NATIONAL WEATHER SERVICE LOUISVILLE KY
611 AM EDT THU MAY 1 2014

...................................

...THE LOUISVILLE KY CLIMATE SUMMARY FOR THE MONTH OF APRIL 2014...

CLIMATE NORMAL PERIOD 1981 TO 2010
CLIMATE RECORD PERIOD 1871 TO 2014

WEATHER         OBSERVED          NORMAL  DEPART  LAST YEAR`S
                 VALUE   DATE(S)  VALUE   FROM    VALUE  DATE(S)
                                          NORMAL
................................................................
TEMPERATURE (F)
RECORD
 HIGH              91   04/24/1960
                        04/23/1960
                        04/24/1925
 LOW               21   04/18/1875
                        04/17/1875
HIGHEST            84   04/13        MM      MM       86  04/10
LOWEST             31   04/16        MM      MM       30  04/02
AVG. MAXIMUM     71.1              68.8     2.3     69.3
AVG. MINIMUM     48.7              47.3     1.4     47.5
MEAN             59.9              58.0     1.9     58.4
DAYS MAX >= 90      0               0.0     0.0        0
DAYS MAX <= 32      0               0.0     0.0        0
DAYS MIN <= 32      1               1.1    -0.1        2
DAYS MIN <= 0       0               0.0     0.0        0

PRECIPITATION (INCHES)
RECORD
 MAXIMUM        13.97   2011
 MINIMUM         0.25   1896
TOTALS           7.01              4.01    3.00     3.75
DAILY AVG.       0.23              0.13    0.10     0.12
DAYS >= .01        12              11.7     0.3        8
DAYS >= .10        10               7.5     2.5        5
DAYS >= .50         5               2.7     2.3        4
DAYS >= 1.00        3               0.8     2.2        2
GREATEST
 24 HR. TOTAL    2.43   04/03 TO 04/04           04/11 TO 04/12
                                                          04/30 TO 04/30
                                                          04/30 TO 04/30
 STORM TOTAL       MM                                 MM
 (MM/DD(HH))            MM                    04/12(00) TO 04/12(00)
                                                 04/30(00) TO 04/30(00)0
                                                 04/30(00) TO 04/30(00)0

SNOWFALL (INCHES)
RECORDS
 TOTAL            3.2   5
                        0
 24 HR TOTAL      3.2   MM
 SNOW DEPTH         2   04/01/1987
TOTALS            0.1               0.1     0.0      0.0
 LIQUID EQUIV    0.01              0.00    0.01     0.00
SINCE 7/1        26.0              12.5    13.5      9.8
 LIQUID 7/1      2.60              1.20    1.40     0.98
SNOWDEPTH AVG.      0                MM      MM        0
DAYS >= TRACE       1               0.1     0.9        0
DAYS >= 1.0         0               0.0     0.0        0
GREATEST
 SNOW DEPTH         0   MM                             0  MM
 24 HR TOTAL      0.1   MM                       04/30 TO 04/30
                                                          04/30 TO 04/30
                                                          04/30 TO 04/30
 STORM TOTAL       MM                                 MM
 (MM/DD(HH))            MM                    04/30(00) TO 04/30(00)
                                                 04/30(00) TO 04/30(00)0
                                                 04/30(00) TO 04/30(00)0

DEGREE_DAYS
HEATING TOTAL     176               246     -70      239
 SINCE 7/1       4478              4025     453     4056
COOLING TOTAL      31                37      -6       48
 SINCE 1/1         31                43     -12       48

FREEZE DATES
RECORD
 EARLIEST     10/03/1974
 LATEST       05/10/1966
EARLIEST                        10/25
LATEST                          04/15
.................................................

WIND (MPH)
AVERAGE WIND SPEED              9.3
RESULTANT WIND SPEED/DIRECTION   2/218
HIGHEST WIND SPEED/DIRECTION    33/280    DATE  04/04
HIGHEST GUST SPEED/DIRECTION    47/300    DATE  04/28

SKY COVER
POSSIBLE SUNSHINE (PERCENT)   MM
AVERAGE SKY COVER           0.70
NUMBER OF DAYS FAIR            2
NUMBER OF DAYS PC             13
NUMBER OF DAYS CLOUDY         15

AVERAGE RH (PERCENT)     58

WEATHER CONDITIONS. NUMBER OF DAYS WITH
THUNDERSTORM              0     MIXED PRECIP               0
HEAVY RAIN                4     RAIN                       6
LIGHT RAIN               16     FREEZING RAIN              0
LT FREEZING RAIN          0     HAIL                       0
HEAVY SNOW                0     SNOW                       1
LIGHT SNOW                1     SLEET                      0
FOG                      13     FOG W/VIS <= 1/4 MILE      0
HAZE                      5

-  INDICATES NEGATIVE NUMBERS.
R  INDICATES RECORD WAS SET OR TIED.
MM INDICATES DATA IS MISSING.
T  INDICATES TRACE AMOUNT.

$$
