000
CXUS53 KLMK 011110
CLMSDF

CLIMATE REPORT
NATIONAL WEATHER SERVICE LOUISVILLE KY
709 AM EDT MON JUL 1 2013

...................................

...THE LOUISVILLE KY CLIMATE SUMMARY FOR THE MONTH OF JUNE 2013...

CLIMATE NORMAL PERIOD 1981 TO 2010
CLIMATE RECORD PERIOD 1871 TO 2013

WEATHER         OBSERVED          NORMAL  DEPART  LAST YEAR`S
                 VALUE   DATE(S)  VALUE   FROM    VALUE  DATE(S)
                                          NORMAL
................................................................
TEMPERATURE (F)
RECORD
 HIGH             105   06/29/2012
 LOW               42   06/01/1966
HIGHEST            93   06/25        MM      MM      105  06/29
                        06/12
LOWEST             55   06/04        MM      MM       51  06/02
AVG. MAXIMUM     85.1              85.3    -0.2     86.9
AVG. MINIMUM     66.7              66.0     0.7     65.5
MEAN             75.9              75.6     0.3     76.2
DAYS MAX >= 90      6               7.2    -1.2       13
DAYS MAX <= 32      0               0.0     0.0        0
DAYS MIN <= 32      0               0.0     0.0        0
DAYS MIN <= 0       0               0.0     0.0        0

PRECIPITATION (INCHES)
RECORD
 MAXIMUM        10.11   1960
 MINIMUM         0.35   1936
TOTALS           4.30              3.79    0.51     0.79
DAILY AVG.       0.14              0.13    0.01     0.03
DAYS >= .01        11              10.3     0.7        5
DAYS >= .10         7               7.1    -0.1        3
DAYS >= .50         2               2.5    -0.5        0
DAYS >= 1.00        1               1.0     0.0        0
GREATEST
 24 HR. TOTAL    2.69   06/26 TO 06/26           05/31 TO 06/01
                        06/25 TO 06/26                    06/30 TO 06/30
                        06/26 TO 06/26                    06/30 TO 06/30
 STORM TOTAL       MM                                 MM
 (MM/DD(HH))            MM                    06/01(00) TO 06/01(00)
                                                 06/30(00) TO 06/30(00)0
                                                 06/30(00) TO 06/30(00)0

SNOWFALL (INCHES)
RECORDS
 TOTAL             MM   5
 24 HR TOTAL       MM
 SNOW DEPTH        MM   MM
TOTALS            0.0               0.0     0.0      0.0
 LIQUID EQUIV    0.00              0.00    0.00     0.00
SINCE 7/1         9.8              12.5    -2.7      7.0
 LIQUID 7/1      0.98              1.20   -0.22     0.70
SNOWDEPTH AVG.      0                MM      MM        0
DAYS >= TRACE       0               0.0     0.0        0
DAYS >= 1.0         0               0.0     0.0        0
GREATEST
 SNOW DEPTH         0   MM                             0  MM
 24 HR TOTAL      0.0   06/30 TO 06/30           06/30 TO 06/30
                                                          06/30 TO 06/30
                                                          06/30 TO 06/30
 STORM TOTAL       MM                                 MM
 (MM/DD(HH))            MM                    06/30(00) TO 06/30(00)
                                                 06/30(00) TO 06/30(00)0
                                                 06/30(00) TO 06/30(00)0

DEGREE_DAYS
HEATING TOTAL       0                 5      -5        7
 SINCE 7/1       4115              4097      18     3216
COOLING TOTAL     335               324      11      352
 SINCE 1/1        563               498      65      707

FREEZE DATES
RECORD
 EARLIEST     10/03/1974
 LATEST       05/10/1966
EARLIEST      11/05             10/25
LATEST        04/03             04/15
.................................................

WIND (MPH)
AVERAGE WIND SPEED              6.9
RESULTANT WIND SPEED/DIRECTION   2/228
HIGHEST WIND SPEED/DIRECTION    37/350    DATE  06/18
HIGHEST GUST SPEED/DIRECTION    49/340    DATE  06/26

SKY COVER
POSSIBLE SUNSHINE (PERCENT)   MM
AVERAGE SKY COVER           0.60
NUMBER OF DAYS FAIR            2
NUMBER OF DAYS PC             19
NUMBER OF DAYS CLOUDY          9

AVERAGE RH (PERCENT)     67

WEATHER CONDITIONS. NUMBER OF DAYS WITH
THUNDERSTORM              0     MIXED PRECIP               0
HEAVY RAIN                4     RAIN                       6
LIGHT RAIN               16     FREEZING RAIN              0
LT FREEZING RAIN          0     HAIL                       0
HEAVY SNOW                0     SNOW                       0
LIGHT SNOW                0     SLEET                      0
FOG                      14     FOG W/VIS <= 1/4 MILE      0
HAZE                      7

-  INDICATES NEGATIVE NUMBERS.
R  INDICATES RECORD WAS SET OR TIED.
MM INDICATES DATA IS MISSING.
T  INDICATES TRACE AMOUNT.

$$
