000
CXUS53 KAPX 010830
CF6APX
PRELIMINARY LOCAL CLIMATOLOGICAL DATA (WS FORM: F-6)
STATION: GAYLORD WFO
MONTH: NOVEMBER
YEAR: 2022
LATITUDE: 45 4 N
LONGITUDE: 84 43 W
TEMPERATURE IN F: :PCPN: SNOW: WIND :SUNSHINE: SKY :PK WND
================================================================================
1 2 3 4 5 6A 6B 7 8 9 10 11 12 13 14 15 16 17 18
12Z AVG MX 2MIN
DY MAX MIN AVG DEP HDD CDD WTR SNW DPTH SPD SPD DIR MIN PSBL S-S WX SPD DR
================================================================================
1 65 41 53 13 12 0 0.00 0.0 0 M M M M M M M M
2 68 46 57 18 8 0 0.00 0.0 0 M M M M M M M M
3 70 49 60 21 5 0 0.00 0.0 0 M M M M M M M M
4 64 55 60 21 5 0 0.83 0.0 0 M M M M M M M M
5 60 45 53 15 12 0 0.45 0.0 0 M M M M M M M M
6 53 39 46 8 19 0 T 0.0 0 M M M M M M M M
7 47 35 41 4 24 0 0.00 0.0 0 M M M M M M M M
8 45 29 37 0 28 0 0.00 0.0 0 M M M M M M M M
9 56 34 45 8 20 0 T 0.0 0 M M M M M M M M
10 74 54 64 28 1 0 0.00 0.0 0 M M M M M M M M
11 60 32 46 10 19 0 0.02 T 0 M M M M M M M M
12 33 27 30 -6 35 0 0.08 0.8 T M M M M M M M M
13 28 24 26 -9 39 0 0.05 1.5 1 M M M M M M M M
14 34 24 29 -6 36 0 T T T M M M M M M M M
15 32 21 27 -7 38 0 0.26 3.1 0 M M M M M M M M
16 30 23 27 -7 38 0 0.03 0.3 3 M M M M M M M M
17 32 22 27 -7 38 0 0.11 1.8 1 M M M M M M M M
18 29 20 25 -8 40 0 0.24 5.0 5 M M M M M M 12 M M
19 23 15 19 -14 46 0 0.43 7.3 9 M M M M M M 9 M M
20 21 15 18 -15 47 0 0.16 2.1 11 M M M M M M M M
21 33 21 27 -5 38 0 0.00 0.0 10 M M M M M M M M
22 34 28 31 -1 34 0 0.00 0.0 8 M M M M M M M M
23 44 24 34 2 31 0 0.00 0.0 6 M M M M M M M M
24 51 34 43 12 22 0 T 0.0 1 M M M M M M M M
25 38 32 35 4 30 0 T 0.0 T M M M M M M M M
26 54 33 44 13 21 0 0.00 0.0 T M M M M M M M M
27 41 32 37 7 28 0 0.19 0.4 0 M M M M M M M M
28 36 24 30 0 35 0 0.00 0.0 T M M M M M M M M
29 45 30 38 8 27 0 0.02 0.0 0 M M M M M M M M
30 47 21 34 5 31 0 0.43 4.6 T M M M M M M 129 M M
================================================================================
SM 1347 929 807 0 3.30 26.9 M M M
================================================================================
AV 44.9 31.0 M FASTST M M M MAX(MPH)
MISC ----> M M M M
================================================================================
NOTES:
# LAST OF SEVERAL OCCURRENCES
COLUMN 17 PEAK WIND IN M.P.H.
PRELIMINARY LOCAL CLIMATOLOGICAL DATA (WS FORM: F-6) , PAGE 2
STATION: GAYLORD WFO
MONTH: NOVEMBER
YEAR: 2022
LATITUDE: 45 4 N
LONGITUDE: 84 43 W
[TEMPERATURE DATA] [PRECIPITATION DATA] SYMBOLS USED IN COLUMN 16
AVERAGE MONTHLY: 37.9 TOTAL FOR MONTH: 3.30 1 = FOG OR MIST
DPTR FM NORMAL: 3.5 DPTR FM NORMAL: -0.07 2 = FOG REDUCING VISIBILITY
HIGHEST: 74 ON 10 GRTST 24HR 0.83 ON 4- 4 TO 1/4 MILE OR LESS
LOWEST: 15 ON 20,19 3 = THUNDER
SNOW, ICE PELLETS, HAIL 4 = ICE PELLETS
TOTAL MONTH: 26.9 INCHES 5 = HAIL
GRTST 24HR 7.3 ON 19-19 6 = FREEZING RAIN OR DRIZZLE
GRTST DEPTH: 11 ON 20 7 = DUSTSTORM OR SANDSTORM:
VSBY 1/2 MILE OR LESS
8 = SMOKE OR HAZE
[NO. OF DAYS WITH] [WEATHER - DAYS WITH] 9 = BLOWING SNOW
X = TORNADO
MAX 32 OR BELOW: 7 0.01 INCH OR MORE: 14
MAX 90 OR ABOVE: 0 0.10 INCH OR MORE: 9
MIN 32 OR BELOW: 19 0.50 INCH OR MORE: 1
MIN 0 OR BELOW: 0 1.00 INCH OR MORE: 0
[HDD (BASE 65) ]
TOTAL THIS MO. 807 CLEAR (SCALE 0-3) 0
DPTR FM NORMAL -113 PTCLDY (SCALE 4-7) 0
TOTAL FM JUL 1 1593 CLOUDY (SCALE 8-10) 30
DPTR FM NORMAL -242
[CDD (BASE 65) ]
TOTAL THIS MO. 0
DPTR FM NORMAL 0 [PRESSURE DATA]
TOTAL FM JAN 1 350 HIGHEST SLP M ON M
DPTR FM NORMAL 26 LOWEST SLP M ON M
[REMARKS]
#FINAL-11-22#