077
CXUS53 KAPX 010830
CF6APX
PRELIMINARY LOCAL CLIMATOLOGICAL DATA (WS FORM: F-6)
STATION: GAYLORD WFO
MONTH: JANUARY
YEAR: 2021
LATITUDE: 45 4 N
LONGITUDE: 84 43 W
TEMPERATURE IN F: :PCPN: SNOW: WIND :SUNSHINE: SKY :PK WND
================================================================================
1 2 3 4 5 6A 6B 7 8 9 10 11 12 13 14 15 16 17 18
12Z AVG MX 2MIN
DY MAX MIN AVG DEP HDD CDD WTR SNW DPTH SPD SPD DIR MIN PSBL S-S WX SPD DR
================================================================================
1 27 20 24 5 41 0 T T 4 M M M M M M M M
2 33 22 28 10 37 0 T T 4 M M M M M M 12 M M
3 28 22 25 7 40 0 0.00 0.0 4 M M M M M M M M
4 34 26 30 12 35 0 T 0.0 4 M M M M M M 16 M M
5 32 27 30 12 35 0 0.03 0.2 3 M M M M M M M M
6 34 30 32 14 33 0 0.00 0.0 3 M M M M M M M M
7 31 22 27 9 38 0 0.00 0.0 3 M M M M M M M M
8 26 15 21 4 44 0 0.01 0.1 3 M M M M M M M M
9 28 19 24 7 41 0 T T 3 M M M M M M 12 M M
10 29 26 28 11 37 0 0.00 0.0 3 M M M M M M M M
11 26 23 25 8 40 0 T T 3 M M M M M M M M
12 31 26 29 12 36 0 0.02 T 3 M M M M M M M M
13 40 27 34 17 31 0 0.00 0.0 3 M M M M M M M M
14 35 29 32 15 33 0 0.00 0.0 3 M M M M M M M M
15 35 31 33 17 32 0 0.14 0.8 3 M M M M M M M M
16 32 29 31 15 34 0 0.10 1.0 5 M M M M M M 1 M M
17 29 24 27 11 38 0 0.02 0.6 5 M M M M M M M M
18 27 22 25 9 40 0 0.06 1.5 5 M M M M M M M M
19 24 16 20 4 45 0 0.17 5.4 8 M M M M M M 19 M M
20 23 15 19 3 46 0 T T 9 M M M M M M M M
21 36 21 29 13 36 0 0.20 3.3 7 M M M M M M M M
22 21 13 17 1 48 0 0.10 2.4 9 M M M M M M M M
23 24 12 18 2 47 0 T T 9 M M M M M M M M
24 26 15 21 5 44 0 T 0.1 9 M M M M M M M M
25 25 15 20 4 45 0 T T 8 M M M M M M M M
26 22 16 19 3 46 0 0.02 0.2 8 M M M M M M M M
27 20 13 17 1 48 0 T 0.2 8 M M M M M M M M
28 18 14 16 0 49 0 T 0.2 8 M M M M M M M M
29 24 10 17 1 48 0 T T 8 M M M M M M M M
30 28 10 19 3 46 0 0.00 0.0 8 M M M M M M M M
31 30 19 25 9 40 0 0.00 0.0 7 M M M M M M M M
================================================================================
SM 878 629 1253 0 0.87 16.0 M M M
================================================================================
AV 28.3 20.3 M FASTST M M M MAX(MPH)
MISC ----> M M M M
================================================================================
NOTES:
# LAST OF SEVERAL OCCURRENCES
COLUMN 17 PEAK WIND IN M.P.H.
PRELIMINARY LOCAL CLIMATOLOGICAL DATA (WS FORM: F-6) , PAGE 2
STATION: GAYLORD WFO
MONTH: JANUARY
YEAR: 2021
LATITUDE: 45 4 N
LONGITUDE: 84 43 W
[TEMPERATURE DATA] [PRECIPITATION DATA] SYMBOLS USED IN COLUMN 16
AVERAGE MONTHLY: 24.3 TOTAL FOR MONTH: 0.87 1 = FOG OR MIST
DPTR FM NORMAL: 7.5 DPTR FM NORMAL: -1.80 2 = FOG REDUCING VISIBILITY
HIGHEST: 40 ON 13 GRTST 24HR 0.43 ON 15-16 TO 1/4 MILE OR LESS
LOWEST: 10 ON 30,29 3 = THUNDER
SNOW, ICE PELLETS, HAIL 4 = ICE PELLETS
TOTAL MONTH: 16.0 INCHES 5 = HAIL
GRTST 24HR 5.4 ON 19-19 6 = FREEZING RAIN OR DRIZZLE
GRTST DEPTH: 9 ON 24,23 7 = DUSTSTORM OR SANDSTORM:
VSBY 1/2 MILE OR LESS
8 = SMOKE OR HAZE
[NO. OF DAYS WITH] [WEATHER - DAYS WITH] 9 = BLOWING SNOW
X = TORNADO
MAX 32 OR BELOW: 24 0.01 INCH OR MORE: 11
MAX 90 OR ABOVE: 0 0.10 INCH OR MORE: 5
MIN 32 OR BELOW: 31 0.50 INCH OR MORE: 0
MIN 0 OR BELOW: 0 1.00 INCH OR MORE: 0
[HDD (BASE 65) ]
TOTAL THIS MO. 1253 CLEAR (SCALE 0-3) 0
DPTR FM NORMAL -241 PTCLDY (SCALE 4-7) 0
TOTAL FM JUL 1 4199 CLOUDY (SCALE 8-10) 31
DPTR FM NORMAL -560
[CDD (BASE 65) ]
TOTAL THIS MO. 0
DPTR FM NORMAL 0 [PRESSURE DATA]
TOTAL FM JAN 1 0 HIGHEST SLP M ON M
DPTR FM NORMAL 0 LOWEST SLP M ON M
[REMARKS]
#FINAL-01-21#