000
CXUS51 KALY 010642
CLMGFL


CLIMATE REPORT
NATIONAL WEATHER SERVICE ALBANY NY
138 AM EST MON FEB 1 2016

...................................

...THE GLENS FALLS NY CLIMATE SUMMARY FOR THE MONTH OF JANUARY 2016...

CLIMATE NORMAL PERIOD 1981 TO 2010
CLIMATE RECORD PERIOD 1949 TO 2016

WEATHER         OBSERVED          NORMAL  DEPART  LAST YEAR`S
                 VALUE   DATE(S)  VALUE   FROM    VALUE  DATE(S)
                                          NORMAL
................................................................
TEMPERATURE (F)
HIGHEST            49   01/10                         44  01/04
LOWEST              0   01/13                        -19  01/14
AVG. MAXIMUM     32.3              28.5     3.8     26.4
AVG. MINIMUM     15.2               7.4     7.8      3.9
MEAN             23.7              18.0     5.7     15.1
DAYS MAX >= 90      0               0.0     0.0        0
DAYS MAX <= 32     13              18.7    -5.7       24
DAYS MIN <= 32     25              30.3    -5.3       31
DAYS MIN <= 0       1               9.4    -8.4       12

PRECIPITATION (INCHES)
RECORD
 MAXIMUM         7.49   1999
 MINIMUM         0.35   1970
TOTALS           1.06              2.86   -1.80     1.49
DAILY AVG.       0.03              0.09   -0.06     0.05
DAYS >= .01         6              11.6    -5.6        8
DAYS >= .10         2               5.8    -3.8        3
DAYS >= .50         1               1.7    -0.7        2
DAYS >= 1.00        0               0.6    -0.6        0
GREATEST
 24 HR. TOTAL    0.77   01/09 TO 01/10
                        01/10 TO 01/10
                        01/10 TO 01/11

DEGREE_DAYS
HEATING TOTAL    1065              1458    -393     1539
 SINCE 7/1       3179              4396   -1217     4071
COOLING TOTAL       0                 0       0        0
 SINCE 1/1          0                 0       0        0

FREEZE DATES
RECORD
 EARLIEST     08/29/1982
 LATEST       06/01/2009
EARLIEST                        09/29
LATEST                          05/13
.................................................................

WIND (MPH)
AVERAGE WIND SPEED              5.9
HIGHEST WIND SPEED/DIRECTION    29/290    DATE  01/18
HIGHEST GUST SPEED/DIRECTION    41/300    DATE  01/18

SKY COVER
AVERAGE SKY COVER           0.50

AVERAGE RH (PERCENT)     64

WEATHER CONDITIONS. NUMBER OF DAYS WITH
THUNDERSTORM              1     MIXED PRECIP               0
HEAVY RAIN                1     RAIN                       1
LIGHT RAIN                5     FREEZING RAIN              0
LT FREEZING RAIN          2     HAIL                       0
HEAVY SNOW                0     SNOW                       2
LIGHT SNOW                6     SLEET                      0
FOG                       9     FOG W/VIS <= 1/4 MILE      2
HAZE                     11

-  INDICATES NEGATIVE NUMBERS.
R  INDICATES RECORD WAS SET OR TIED.
MM INDICATES DATA IS MISSING.
T  INDICATES TRACE AMOUNT.

NOTE: DATA BEYOND THE 27TH IS UNRELIABLE AT THIS TIME DUE TO
EQUIPMENT ISSUES. ONCE THE EQUIPMENT IS RESTORED AN ATTEMPT
WILL BE MADE TO RESTORE THE CLIMATE DATA.

$$
