000
CXUS51 KALY 290829
CLMGFL


CLIMATE REPORT...CORRECTED
NATIONAL WEATHER SERVICE ALBANY NY
425 AM EDT THU MAY 29 2014

...................................

...THE GLENS FALLS NY CLIMATE SUMMARY FOR THE MONTH OF APRIL 2014...

CLIMATE NORMAL PERIOD 1981 TO 2010
CLIMATE RECORD PERIOD 1949 TO 2014

WEATHER         OBSERVED          NORMAL  DEPART  LAST YEAR`S
                 VALUE   DATE(S)  VALUE   FROM    VALUE  DATE(S)
                                          NORMAL
................................................................
TEMPERATURE (F)
HIGHEST            78   04/14                         73  04/30
LOWEST             20R  04/17                         20  04/04
AVG. MAXIMUM     57.8              56.7     1.1     55.7
AVG. MINIMUM     32.1              32.5    -0.4     33.2
MEAN             44.9              44.6     0.3     44.5
DAYS MAX >= 90      0               0.1    -0.1        0
DAYS MAX <= 32      0               0.2    -0.2        0
DAYS MIN <= 32     16              14.8     1.2       16
DAYS MIN <= 0       0               0.0     0.0        0

PRECIPITATION (INCHES)
RECORD
 MAXIMUM         6.46   1983
 MINIMUM         0.58   1999
TOTALS           2.82              3.00   -0.18     2.65
DAILY AVG.       0.09              0.10   -0.01     0.09
DAYS >= .01        12              11.3     0.7       11
DAYS >= .10         6               6.9    -0.9        5
DAYS >= .50         1               2.0    -1.0        2
DAYS >= 1.00        0               0.6    -0.6        0
GREATEST
 24 HR. TOTAL    0.92   04/15 TO 04/15

DEGREE_DAYS
HEATING TOTAL     594               613     -19      606
 SINCE 7/1       7673              7276     397     6693
COOLING TOTAL       0                 1      -1        0
 SINCE 1/1          0                 1      -1        0

FREEZE DATES
RECORD
 EARLIEST     08/29/1982
 LATEST       06/01/2009
EARLIEST      04/01             09/29
LATEST                          05/13
.................................................................

WIND (MPH)
AVERAGE WIND SPEED              7.3
HIGHEST WIND SPEED/DIRECTION    30/180    DATE  04/14
HIGHEST GUST SPEED/DIRECTION    40/320    DATE  04/24

SKY COVER
AVERAGE SKY COVER           0.40

AVERAGE RH (PERCENT)     64

WEATHER CONDITIONS. NUMBER OF DAYS WITH
THUNDERSTORM              1     MIXED PRECIP               0
HEAVY RAIN                3     RAIN                       4
LIGHT RAIN               14     FREEZING RAIN              0
LT FREEZING RAIN          0     HAIL                       0
HEAVY SNOW                0     SNOW                       1
LIGHT SNOW                1     SLEET                      0
FOG                      11     FOG W/VIS <= 1/4 MILE      1
HAZE                      1

-  INDICATES NEGATIVE NUMBERS.
R  INDICATES RECORD WAS SET OR TIED.
MM INDICATES DATA IS MISSING.
T  INDICATES TRACE AMOUNT.

$$
