000
CXUS51 KALY 010950
CLMGFL


CLIMATE REPORT
NATIONAL WEATHER SERVICE ALBANY NY
537 AM EDT FRI NOV 1 2013

...................................

...THE GLENS FALLS NY CLIMATE SUMMARY FOR THE MONTH OF OCTOBER 2013...

CLIMATE NORMAL PERIOD 1981 TO 2010
CLIMATE RECORD PERIOD 1949 TO 2013

WEATHER         OBSERVED          NORMAL  DEPART  LAST YEAR`S
                 VALUE   DATE(S)  VALUE   FROM    VALUE  DATE(S)
                                          NORMAL
................................................................
TEMPERATURE (F)
RECORD
 HIGH              87   10/07/1963
                        10/07/1951
 LOW               15   10/24/1969
HIGHEST            80   10/02                         73  10/05
LOWEST             19R  10/29                         22  10/13
AVG. MAXIMUM     61.2              58.2     3.0     60.3
AVG. MINIMUM     37.1              35.1     2.0     42.0
MEAN             49.1              46.7     2.4     51.1
DAYS MAX >= 90      0               0.0     0.0        0
DAYS MAX <= 32      0               0.0     0.0        0
DAYS MIN <= 32     10              12.2    -2.2        6
DAYS MIN <= 0       0               0.0     0.0        0

PRECIPITATION (INCHES)
RECORD
 MAXIMUM         8.49   2005
 MINIMUM            T   1963
TOTALS           2.21              3.51   -1.30     4.88
DAILY AVG.       0.07              0.11   -0.04     0.16
DAYS >= .01         8              10.8    -2.8       19
DAYS >= .10         5               6.7    -1.7        8
DAYS >= .50         2               2.4    -0.4        1
DAYS >= 1.00        0               0.6    -0.6        1
GREATEST
 24 HR. TOTAL    0.76   10/17 TO 10/18

DEGREE_DAYS
HEATING TOTAL     484               570     -86      421
 SINCE 7/1        769               855     -86      650
COOLING TOTAL       0                 1      -1        0
 SINCE 1/1        537               352     185      533

FREEZE DATES
RECORD
 EARLIEST     08/29/1982
 LATEST       06/01/2009
EARLIEST                        09/29
LATEST                          05/13
.................................................................

WIND (MPH)
AVERAGE WIND SPEED              3.6
HIGHEST WIND SPEED/DIRECTION    36/190    DATE  10/07
HIGHEST GUST SPEED/DIRECTION    48/190    DATE  10/07

SKY COVER
AVERAGE SKY COVER           0.50

AVERAGE RH (PERCENT)     74

WEATHER CONDITIONS. NUMBER OF DAYS WITH
THUNDERSTORM              1     MIXED PRECIP               0
HEAVY RAIN                3     RAIN                       5
LIGHT RAIN               10     FREEZING RAIN              0
LT FREEZING RAIN          0     HAIL                       0
HEAVY SNOW                0     SNOW                       0
LIGHT SNOW                0     SLEET                      0
FOG                      22     FOG W/VIS <= 1/4 MILE      4
HAZE                      3

-  INDICATES NEGATIVE NUMBERS.
R  INDICATES RECORD WAS SET OR TIED.
MM INDICATES DATA IS MISSING.
T  INDICATES TRACE AMOUNT.

$$
