000
CXUS51 KALY 010642
CLMGFL


CLIMATE REPORT
NATIONAL WEATHER SERVICE ALBANY NY
239 AM EDT SAT OCT 1 2016

...................................

...THE GLENS FALLS NY CLIMATE SUMMARY FOR THE MONTH OF SEPTEMBER 2016...

CLIMATE NORMAL PERIOD 1981 TO 2010
CLIMATE RECORD PERIOD 1949 TO 2016

WEATHER         OBSERVED          NORMAL  DEPART  LAST YEAR`S
                 VALUE   DATE(S)  VALUE   FROM    VALUE  DATE(S)
                                          NORMAL
................................................................
TEMPERATURE (F)
HIGHEST            87   09/09                         92  09/07
LOWEST             32   09/26                         37  09/27
AVG. MAXIMUM     76.1              70.6     5.5     78.1
AVG. MINIMUM     49.8              46.4     3.4     52.6
MEAN             62.9              58.5     4.4     65.3
DAYS MAX >= 90      0               0.1    -0.1        2
DAYS MAX <= 32      0               0.0     0.0        0
DAYS MIN <= 32      1               1.3    -0.3        0
DAYS MIN <= 0       0               0.0     0.0        0

PRECIPITATION (INCHES)
RECORD
 MAXIMUM         7.75   1987
 MINIMUM         0.10   1964
TOTALS           1.21              3.38   -2.17     4.46
DAILY AVG.       0.05              0.11   -0.06     0.15
DAYS >= .01        10               9.3     0.7       10
DAYS >= .10         4               6.2    -2.2        8
DAYS >= .50         0               2.2    -2.2        4
DAYS >= 1.00        0               0.8    -0.8        2
GREATEST
 24 HR. TOTAL    0.47   09/10 TO 09/11

DEGREE_DAYS
HEATING TOTAL     103               219    -116       79
 SINCE 7/1        109               285    -176       92
COOLING TOTAL      55                24      31       97
 SINCE 1/1        640               351     289      596

FREEZE DATES
RECORD
 EARLIEST     08/29/1982
 LATEST       06/01/2009
EARLIEST      09/26             09/29
LATEST                          05/13
.................................................................

WIND (MPH)
AVERAGE WIND SPEED              4.5
HIGHEST WIND SPEED/DIRECTION    23/290    DATE  09/11
HIGHEST GUST SPEED/DIRECTION    30/350    DATE  09/14

SKY COVER
AVERAGE SKY COVER           0.30

AVERAGE RH (PERCENT)     70

WEATHER CONDITIONS. NUMBER OF DAYS WITH
THUNDERSTORM              1     MIXED PRECIP               0
HEAVY RAIN                1     RAIN                       3
LIGHT RAIN               11     FREEZING RAIN              0
LT FREEZING RAIN          0     HAIL                       0
HEAVY SNOW                0     SNOW                       0
LIGHT SNOW                0     SLEET                      0
FOG                      26     FOG W/VIS <= 1/4 MILE      6
HAZE                      2

-  INDICATES NEGATIVE NUMBERS.
R  INDICATES RECORD WAS SET OR TIED.
MM INDICATES DATA IS MISSING.
T  INDICATES TRACE AMOUNT.

$$
