000
CXUS54 KFWD 031148
CF6ACT
PRELIMINARY LOCAL CLIMATOLOGICAL DATA (WS FORM: F-6)
STATION: WACO
MONTH: MARCH
YEAR: 2020
LATITUDE: 31 37 N
LONGITUDE: 97 13 W
TEMPERATURE IN F: :PCPN: SNOW: WIND :SUNSHINE: SKY :PK WND
================================================================================
1 2 3 4 5 6A 6B 7 8 9 10 11 12 13 14 15 16 17 18
12Z AVG MX 2MIN
DY MAX MIN AVG DEP HDD CDD WTR SNW DPTH SPD SPD DIR MIN PSBL S-S WX SPD DR
================================================================================
1 73 55 64 10 1 0 0.00 0.0 0 14.6 24 200 M M 4 36 200
2 72 60 66 12 0 1 0.00 0.0 0 8.6 21 200 M M 7 1 27 190
3 74 61 68 13 0 3 0.01 0.0 0 6.4 14 180 M M 5 18 17 40
4 64 51 58 3 7 0 3.02 0.0 0 16.8 32 60 M M 10 13 46 10
5 73 45 59 4 6 0 0.00 0.0 0 8.9 17 340 M M 1 23 330
6 66 38 52 -4 13 0 0.00 0.0 0 7.6 17 50 M M 0 23 10
7 62 36 49 -7 16 0 0.00 0.0 0 7.8 20 130 M M 1 1 26 170
8 73 45 59 3 6 0 0.00 0.0 0 13.9 26 160 M M 6 36 160
9 69 58 64 8 1 0 0.07 0.0 0 11.5 23 160 M M 8 1 32 160
10 74 53 64 7 1 0 0.00 0.0 0 5.9 13 180 M M 7 128 17 180
11 82 65 74 17 0 9 0.00 0.0 0 11.2 17 180 M M 4 1 24 210
12 83 66 75 18 0 10 0.00 0.0 0 13.2 20 190 M M 3 27 170
13 80 67 74 17 0 9 0.00 0.0 0 10.6 23 160 M M 7 32 150
14 79 58 69 11 0 4 T 0.0 0 11.0 25 140 M M 10 32 140
15 62 54 58 0 7 0 0.07 0.0 0 10.7 16 20 M M 10 1 20 20
16 72 55 64 6 1 0 0.04 0.0 0 6.5 26 280 M M 7 1 35 280
17 80 61 71 13 0 6 0.02 0.0 0 8.0 17 160 M M 9 128 23 160
18 79 67 73 14 0 8 T 0.0 0 12.7 23 160 M M 8 33 160
19 80 67 74 15 0 9 0.19 0.0 0 10.4 22 180 M M 7 13 29 150
20 70 47 59 0 6 0 1.09 0.0 0 10.4 36 320 M M 10 13 48 330
21 55 42 49 -11 16 0 1.73 0.0 0 9.4 20 120 M M 8 13 25 120
22 63 54 59 -1 6 0 T 0.0 0 2.3 8 140 M M 10 1 10 140
23 74 61 68 8 0 3 0.01 0.0 0 5.4 20 180 M M 9 128 27 180
24 88 52 70 10 0 5 0.00 0.0 0 9.1 18 290 M M 3 1 27 260
25 85 46 66 6 0 1 0.00 0.0 0 7.4 18 170 M M 0 23 180
26 81 64 73 12 0 8 0.00 0.0 0 12.2 23 160 M M 3 18 31 160
27 84 67 76 15 0 11 0.00 0.0 0 13.7 25 180 M M 5 1 35 180
28 78 49 64 3 1 0 T 0.0 0 9.3 29 310 M M 2 18 42 300
29 71 42 57 -5 8 0 T 0.0 0 4.2 14 350 M M 2 20 360
30 65 57 61 -1 4 0 0.78 0.0 0 6.4 16 10 M M 10 13 22 10
31 69 49 59 -3 6 0 T 0.0 0 9.8 23 350 M M 7 1 34 360
================================================================================
SM 2280 1692 106 87 7.03 0.0 295.9 M 183
================================================================================
AV 73.6 54.6 9.5 FASTST M M 6 MAX(MPH)
MISC ----> # 36 320 # 48 330
================================================================================
NOTES:
# LAST OF SEVERAL OCCURRENCES
COLUMN 17 PEAK WIND IN M.P.H.
PRELIMINARY LOCAL CLIMATOLOGICAL DATA (WS FORM: F-6) , PAGE 2
STATION: WACO
MONTH: MARCH
YEAR: 2020
LATITUDE: 31 37 N
LONGITUDE: 97 13 W
[TEMPERATURE DATA] [PRECIPITATION DATA] SYMBOLS USED IN COLUMN 16
AVERAGE MONTHLY: 64.1 TOTAL FOR MONTH: 7.03 1 = FOG OR MIST
DPTR FM NORMAL: 5.9 DPTR FM NORMAL: 3.88 2 = FOG REDUCING VISIBILITY
HIGHEST: 88 ON 24 GRTST 24HR 3.02 ON 4- 4 TO 1/4 MILE OR LESS
LOWEST: 36 ON 7 3 = THUNDER
SNOW, ICE PELLETS, HAIL 4 = ICE PELLETS
TOTAL MONTH: 0.0 INCH 5 = HAIL
GRTST 24HR 0.0 6 = FREEZING RAIN OR DRIZZLE
GRTST DEPTH: 0 7 = DUSTSTORM OR SANDSTORM:
VSBY 1/2 MILE OR LESS
8 = SMOKE OR HAZE
[NO. OF DAYS WITH] [WEATHER - DAYS WITH] 9 = BLOWING SNOW
X = TORNADO
MAX 32 OR BELOW: 0 0.01 INCH OR MORE: 11
MAX 90 OR ABOVE: 0 0.10 INCH OR MORE: 5
MIN 32 OR BELOW: 0 0.50 INCH OR MORE: 4
MIN 0 OR BELOW: 0 1.00 INCH OR MORE: 3
[HDD (BASE 65) ]
TOTAL THIS MO. 106 CLEAR (SCALE 0-3) 9
DPTR FM NORMAL -140 PTCLDY (SCALE 4-7) 13
TOTAL FM JUL 1 1873 CLOUDY (SCALE 8-10) 9
DPTR FM NORMAL -185
[CDD (BASE 65) ]
TOTAL THIS MO. 87
DPTR FM NORMAL 53 [PRESSURE DATA]
TOTAL FM JAN 1 97 HIGHEST SLP 30.56 ON 6
DPTR FM NORMAL 54 LOWEST SLP 29.64 ON 27
[REMARKS]
NO EDITS
#FINAL-03-20#