000
CXUS54 KMAF 011110
CF6PEQ
PRELIMINARY LOCAL CLIMATOLOGICAL DATA (WS FORM: F-6)
STATION: PECOS MUNICIPAL AIRPORT
MONTH: OCTOBER
YEAR: 2022
LATITUDE: 31 22 N
LONGITUDE: 103 31 W
TEMPERATURE IN F: :PCPN: SNOW: WIND :SUNSHINE: SKY :PK WND
================================================================================
1 2 3 4 5 6A 6B 7 8 9 10 11 12 13 14 15 16 17 18
12Z AVG MX 2MIN
DY MAX MIN AVG DEP HDD CDD WTR SNW DPTH SPD SPD DIR MIN PSBL S-S WX SPD DR
================================================================================
1 89 57 73 M 0 8 M M M 9.0 22 130 M M 0 26 100
2 87 60 74 M 0 9 M M M 10.7 18 100 M M 0 29 110
3 85 56 71 M 0 6 M M M 9.9 15 120 M M 0 21 120
4 86 56 71 M 0 6 M M M 5.1 18 190 M M 1 M M
5 82 61 72 M 0 7 0.06 M M 6.9 21 260 M M 6 3 26 260
6 79 55 67 M 0 2 M M M 4.1 13 100 M M 3 16 90
7 82 61 72 M 0 7 M M M 7.6 20 40 M M 6 23 50
8 74 56 65 M 0 0 0.07 M M 10.1 15 90 M M 6 20 90
9 73 59 66 M 0 1 0.02 M M 3.1 8 130 M M 5 M M
10 74 58 66 M 0 1 0.20 M M 4.8 10 180 M M 5 3 18 160
11 84 55 70 M 0 5 M M M 4.9 12 240 M M 0 M M
12 88 54 71 M 0 6 M M M 4.9 12 360 M M 0 22 360
13 79 52 66 M 0 1 M M M 5.0 10 90 M M 0 M M
14 85 50 68 M 0 3 M M M 4.5 9 90 M M 0 M M
15 93 59 76 M 0 11 0.06 M M 4.0 14 110 M M 1 21 110
16 69 58 64 M 1 0 0.64 M M 8.8 22 320 M M 9 28 330
17 58 52 55 M 10 0 0.28 M M 8.6 16 100 M M 10 23 60
18 60 48 54 M 11 0 M M M 4.2 9 100 M M 8 M M
19 70 41 56 M 9 0 M M M 2.3 6 160 M M 0 M M
20 81 45 63 M 2 0 M M M 4.5 10 270 M M 0 10 280
21 87 45 66 M 0 1 M M M 7.9 18 260 M M 0 25 260
22 87 56 72 M 0 7 M M M 6.4 13 230 M M 0 20 230
23 91 56 74 M 0 9 M M M 7.9 21 220 M M 0 24 220
24 77 49 63 M 2 0 M M M 15.7 39 270 M M 3 47 280
25 74 36 55 M 10 0 M M M 4.4 10 230 M M 0 17 240
26 80 37 59 M 6 0 0.03 M M 3.1 9 220 M M 0 M M
27 82 43 63 M 2 0 M M M 10.0 33 330 M M 1 8 46 330
28 67 46 57 M 8 0 M M M 13.2 22 310 M M 4 26 310
29 68 40 54 M 11 0 M M M 2.6 6 200 M M 0 M M
30 74 40 57 M 8 0 M M M 3.1 8 120 M M 0 M M
31 73 47 60 M 5 0 M M M 5.5 10 120 M M 0 18 120
================================================================================
SM 2438 1588 85 90 1.36 M 202.8 M 68
================================================================================
AV 78.6 51.2 6.5 FASTST M M 2 MAX(MPH)
MISC ----> 39 270 47 280
================================================================================
NOTES:
# LAST OF SEVERAL OCCURRENCES
COLUMN 17 PEAK WIND IN M.P.H.
PRELIMINARY LOCAL CLIMATOLOGICAL DATA (WS FORM: F-6) , PAGE 2
STATION: PECOS MUNICIPAL AIRPORT
MONTH: OCTOBER
YEAR: 2022
LATITUDE: 31 22 N
LONGITUDE: 103 31 W
[TEMPERATURE DATA] [PRECIPITATION DATA] SYMBOLS USED IN COLUMN 16
AVERAGE MONTHLY: 64.9 TOTAL FOR MONTH: 1.36 1 = FOG OR MIST
DPTR FM NORMAL: 0.0 DPTR FM NORMAL: M 2 = FOG REDUCING VISIBILITY
HIGHEST: 93 ON 15 GRTST 24HR 0.64 ON 16-16 TO 1/4 MILE OR LESS
LOWEST: 36 ON 25 3 = THUNDER
SNOW, ICE PELLETS, HAIL 4 = ICE PELLETS
TOTAL MONTH: M 5 = HAIL
GRTST 24HR M ON M 6 = FREEZING RAIN OR DRIZZLE
GRTST DEPTH: M ON M 7 = DUSTSTORM OR SANDSTORM:
VSBY 1/2 MILE OR LESS
8 = SMOKE OR HAZE
[NO. OF DAYS WITH] [WEATHER - DAYS WITH] 9 = BLOWING SNOW
X = TORNADO
MAX 32 OR BELOW: 0 0.01 INCH OR MORE: 8
MAX 90 OR ABOVE: 2 0.10 INCH OR MORE: 3
MIN 32 OR BELOW: 0 0.50 INCH OR MORE: 1
MIN 0 OR BELOW: 0 1.00 INCH OR MORE: 0
[HDD (BASE 65) ]
TOTAL THIS MO. 85 CLEAR (SCALE 0-3) 22
DPTR FM NORMAL M PTCLDY (SCALE 4-7) 7
TOTAL FM JUL 1 85 CLOUDY (SCALE 8-10) 2
DPTR FM NORMAL M
[CDD (BASE 65) ]
TOTAL THIS MO. 90
DPTR FM NORMAL M [PRESSURE DATA]
TOTAL FM JAN 1 2973 HIGHEST SLP M ON M
DPTR FM NORMAL M LOWEST SLP M ON M
[REMARKS]
#FINAL-10-22#