000
CXUS54 KMAF 011210
CF6PEQ
PRELIMINARY LOCAL CLIMATOLOGICAL DATA (WS FORM: F-6)
STATION: PECOS MUNICIPAL AIRPORT
MONTH: FEBRUARY
YEAR: 2022
LATITUDE: 31 22 N
LONGITUDE: 103 31 W
TEMPERATURE IN F: :PCPN: SNOW: WIND :SUNSHINE: SKY :PK WND
================================================================================
1 2 3 4 5 6A 6B 7 8 9 10 11 12 13 14 15 16 17 18
12Z AVG MX 2MIN
DY MAX MIN AVG DEP HDD CDD WTR SNW DPTH SPD SPD DIR MIN PSBL S-S WX SPD DR
================================================================================
1 73 31 52 M 13 0 M M M 7.0 20 270 M M 0 31 270
2 53 27 40 M 25 0 0.08 M M 9.1 14 20 M M 6 21 40
3 27 18 23 M 42 0 M M M 9.7 16 350 M M 6 24 330
4 38 10 24 M 41 0 M M M 4.1 8 200 M M 0 M M
5 51 10 31 M 34 0 M M M 2.5 8 260 M M 0 M M
6 60 24 42 M 23 0 M M M 11.6 20 10 M M 1 28 10
7 53 28 41 M 24 0 M M M 5.4 15 360 M M 0 23 360
8 67 20 44 M 21 0 M M M 8.9 24 250 M M 0 28 250
9 64 27 46 M 19 0 M M M 5.0 9 310 M M 0 M M
10 64 26 45 M 20 0 M M M 6.0 13 320 M M 0 20 330
11 75 27 51 M 14 0 M M M 8.6 18 260 M M 0 26 260
12 51 28 40 M 25 0 M M M 7.0 18 40 M M 3 24 30
13 65 18 42 M 23 0 M M M 3.7 7 110 M M 0 M M
14 75 24 50 M 15 0 M M M 3.9 13 230 M M 0 17 230
15 83 30 57 M 8 0 M M M 4.6 18 130 M M 0 22 110
16 81 37 59 M 6 0 M M M 12.9 40 270 M M 0 8 54 270
17 55 35 45 M 20 0 M M M 13.0 24 260 M M 0 38 270
18 62 20 41 M 24 0 M M M 2.6 7 110 M M 0 M M
19 69 25 47 M 18 0 M M M 5.5 18 90 M M 0 20 110
20 79 34 57 M 8 0 M M M 3.9 14 250 M M 0 22 210
21 77 32 55 M 10 0 M M M 6.7 23 270 M M 0 8 33 260
22 80 42 61 M 4 0 M M M 11.5 22 50 M M 0 28 50
23 41 25 33 M 32 0 M M M 9.0 18 70 M M 0 28 70
24 48 22 35 M 30 0 M M M 4.2 10 350 M M 0 10 60
25 51 22 37 M 28 0 M M M 9.1 17 70 M M 0 21 80
26 54 30 42 M 23 0 M M M 6.0 10 60 M M 0 M M
27 58 21 40 M 25 0 M M M 2.4 6 200 M M 0 M M
28 67 22 45 M 20 0 M M M 3.9 8 50 M M 0 M M
================================================================================
SM 1721 715 595 0 0.08 M 187.8 M 16
================================================================================
AV 61.5 25.5 6.7 FASTST M M 1 MAX(MPH)
MISC ----> 40 270 54 270
================================================================================
NOTES:
# LAST OF SEVERAL OCCURRENCES
COLUMN 17 PEAK WIND IN M.P.H.
PRELIMINARY LOCAL CLIMATOLOGICAL DATA (WS FORM: F-6) , PAGE 2
STATION: PECOS MUNICIPAL AIRPORT
MONTH: FEBRUARY
YEAR: 2022
LATITUDE: 31 22 N
LONGITUDE: 103 31 W
[TEMPERATURE DATA] [PRECIPITATION DATA] SYMBOLS USED IN COLUMN 16
AVERAGE MONTHLY: 43.5 TOTAL FOR MONTH: 0.08 1 = FOG OR MIST
DPTR FM NORMAL: 0.0 DPTR FM NORMAL: 0.08 2 = FOG REDUCING VISIBILITY
HIGHEST: 83 ON 15 GRTST 24HR 0.08 ON 2- 2 TO 1/4 MILE OR LESS
LOWEST: 10 ON 5, 4 3 = THUNDER
SNOW, ICE PELLETS, HAIL 4 = ICE PELLETS
TOTAL MONTH: M 5 = HAIL
GRTST 24HR M ON M 6 = FREEZING RAIN OR DRIZZLE
GRTST DEPTH: M ON M 7 = DUSTSTORM OR SANDSTORM:
VSBY 1/2 MILE OR LESS
8 = SMOKE OR HAZE
[NO. OF DAYS WITH] [WEATHER - DAYS WITH] 9 = BLOWING SNOW
X = TORNADO
MAX 32 OR BELOW: 1 0.01 INCH OR MORE: 1
MAX 90 OR ABOVE: 0 0.10 INCH OR MORE: 0
MIN 32 OR BELOW: 24 0.50 INCH OR MORE: 0
MIN 0 OR BELOW: 0 1.00 INCH OR MORE: 0
[HDD (BASE 65) ]
TOTAL THIS MO. 595 CLEAR (SCALE 0-3) 26
DPTR FM NORMAL M PTCLDY (SCALE 4-7) 2
TOTAL FM JUL 1 1814 CLOUDY (SCALE 8-10) 0
DPTR FM NORMAL M
[CDD (BASE 65) ]
TOTAL THIS MO. 0
DPTR FM NORMAL M [PRESSURE DATA]
TOTAL FM JAN 1 0 HIGHEST SLP M ON M
DPTR FM NORMAL M LOWEST SLP M ON M
[REMARKS]
#FINAL-02-22#