000
CXUS54 KMAF 011110
CF6PEQ
PRELIMINARY LOCAL CLIMATOLOGICAL DATA (WS FORM: F-6)
STATION: PECOS MUNICIPAL AIRPORT
MONTH: MARCH
YEAR: 2021
LATITUDE: 31 22 N
LONGITUDE: 103 31 W
TEMPERATURE IN F: :PCPN: SNOW: WIND :SUNSHINE: SKY :PK WND
================================================================================
1 2 3 4 5 6A 6B 7 8 9 10 11 12 13 14 15 16 17 18
12Z AVG MX 2MIN
DY MAX MIN AVG DEP HDD CDD WTR SNW DPTH SPD SPD DIR MIN PSBL S-S WX SPD DR
================================================================================
1 50 32 41 M 24 0 M M M 10.7 17 360 M M 7 26 350
2 62 22 42 M 23 0 M M M 4.3 9 80 M M 0 M M
3 79 28 54 M 11 0 M M M 3.8 10 80 M M 0 M M
4 85 37 61 M 4 0 M M M 10.0 29 280 M M 0 36 280
5 69 41 55 M 10 0 M M M 13.0 23 330 M M 2 31 320
6 65 33 49 M 16 0 M M M 5.9 15 110 M M 0 18 80
7 74 35 55 M 10 0 M M M 6.1 17 110 M M 0 M M
8 84 38 61 M 4 0 M M M 9.1 22 130 M M 0 25 130
9 83 50 67 M 0 2 M M M 5.8 12 100 M M 0 M M
10 83 47 65 M 0 0 M M M 6.2 18 110 M M 0 22 110
11 78 50 64 M 1 0 0.03 M M 8.0 17 90 M M 0 22 90
12 89 56 73 M 0 8 M M M 8.4 15 150 M M 0 22 270
13 88 49 69 M 0 4 M M M 20.3 37 270 M M 3 8 47 270
14 68 42 55 M 10 0 M M M 19.8 39 250 M M 1 49 240
15 78 44 61 M 4 0 M M M 10.5 22 260 M M 0 26 260
16 87 49 68 M 0 3 M M M 13.4 43 270 M M 2 8 52 270
17 68 46 57 M 8 0 M M M 13.5 26 250 M M 0 31 270
18 65 37 51 M 14 0 M M M 3.9 9 90 M M 0 16 90
19 69 37 53 M 12 0 M M M 8.7 15 100 M M 0 22 100
20 79 35 57 M 8 0 M M M 9.9 21 100 M M 0 29 120
21 79 46 63 M 2 0 M M M 6.2 13 110 M M 0 M M
22 73 48 61 M 4 0 M M M 17.9 38 270 M M 3 8 51 270
23 77 32 55 M 10 0 M M M 7.8 18 230 M M 0 29 250
24 70 41 56 M 9 0 M M M 12.5 31 320 M M 2 38 320
25 72 33 53 M 12 0 M M M 8.9 20 310 M M 0 29 240
26 83 36 60 M 5 0 M M M 4.5 16 260 M M 0 25 180
27 77 42 60 M 5 0 M M M 10.4 25 10 M M 0 37 10
28 73 49 61 M 4 0 M M M 7.1 14 80 M M 2 21 70
29 85 38 62 M 3 0 M M M 4.7 9 170 M M 0 22 180
30 90 48 69 M 0 4 M M M 6.5 24 260 M M 0 30 260
31 M M M M M M M M M M M M M M M M M
================================================================================
SM 2282 1221 213 21 0.03 M 277.8 M 22
================================================================================
AV 76.1 40.7 9.3 FASTST M M 1 MAX(MPH)
MISC ----> 43 270 52 270
================================================================================
NOTES:
# LAST OF SEVERAL OCCURRENCES
COLUMN 17 PEAK WIND IN M.P.H.
PRELIMINARY LOCAL CLIMATOLOGICAL DATA (WS FORM: F-6) , PAGE 2
STATION: PECOS MUNICIPAL AIRPORT
MONTH: MARCH
YEAR: 2021
LATITUDE: 31 22 N
LONGITUDE: 103 31 W
[TEMPERATURE DATA] [PRECIPITATION DATA] SYMBOLS USED IN COLUMN 16
AVERAGE MONTHLY: 58.4 TOTAL FOR MONTH: 0.03 1 = FOG OR MIST
DPTR FM NORMAL: 0.0 DPTR FM NORMAL: M 2 = FOG REDUCING VISIBILITY
HIGHEST: 90 ON 30 GRTST 24HR 0.03 ON 11-11 TO 1/4 MILE OR LESS
LOWEST: 22 ON 2 3 = THUNDER
SNOW, ICE PELLETS, HAIL 4 = ICE PELLETS
TOTAL MONTH: M 5 = HAIL
GRTST 24HR M ON M 6 = FREEZING RAIN OR DRIZZLE
GRTST DEPTH: M ON M 7 = DUSTSTORM OR SANDSTORM:
VSBY 1/2 MILE OR LESS
8 = SMOKE OR HAZE
[NO. OF DAYS WITH] [WEATHER - DAYS WITH] 9 = BLOWING SNOW
X = TORNADO
MAX 32 OR BELOW: 0 0.01 INCH OR MORE: 1
MAX 90 OR ABOVE: 1 0.10 INCH OR MORE: 0
MIN 32 OR BELOW: 4 0.50 INCH OR MORE: 0
MIN 0 OR BELOW: 0 1.00 INCH OR MORE: 0
[HDD (BASE 65) ]
TOTAL THIS MO. 213 CLEAR (SCALE 0-3) 28
DPTR FM NORMAL M PTCLDY (SCALE 4-7) 2
TOTAL FM JUL 1 2367 CLOUDY (SCALE 8-10) 1
DPTR FM NORMAL M
[CDD (BASE 65) ]
TOTAL THIS MO. 21
DPTR FM NORMAL M [PRESSURE DATA]
TOTAL FM JAN 1 21 HIGHEST SLP M ON M
DPTR FM NORMAL M LOWEST SLP M ON M
[REMARKS]
#FINAL-03-21#