000
CXUS51 KPHI 071516
CF6TTN
PRELIMINARY LOCAL CLIMATOLOGICAL DATA (WS FORM: F-6)
STATION: TRENTON NJ
MONTH: AUGUST
YEAR: 2022
LATITUDE: 40 16 N
LONGITUDE: 74 49 W
TEMPERATURE IN F: :PCPN: SNOW: WIND :SUNSHINE: SKY :PK WND
================================================================================
1 2 3 4 5 6A 6B 7 8 9 10 11 12 13 14 15 16 17 18
12Z AVG MX 2MIN
DY MAX MIN AVG DEP HDD CDD WTR SNW DPTH SPD SPD DIR MIN PSBL S-S WX SPD DR
================================================================================
1 77 64 71 -5 0 6 0.31 0.0 0 4.5 10 360 M M 8 1 13 360
2 92 67 80 4 0 15 0.00 0.0 0 6.3 15 270 M M 1 1 22 300
3 91 68 80 4 0 15 0.00 0.0 0 4.2 13 260 M M 0 8 18 310
4 96 67 82 6 0 17 0.00 0.0 0 5.7 16 200 M M 2 20 230
5 91 70 81 5 0 16 1.30 0.0 0 6.8 20 170 M M 2 13 26 180
6 89 70 80 4 0 15 0.00 0.0 0 7.7 18 210 M M 2 12 23 250
7 91 75 83 7 0 18 0.26 0.0 0 9.3 20 210 M M 3 13 25 220
8 93 75 84 8 0 19 0.17 0.0 0 7.3 15 220 M M 4 29 310
9 95 77 86 11 0 21 0.18 0.0 0 6.3 22 330 M M 1 27 330
10 89 73 81 6 0 16 0.00 0.0 0 3.9 10 160 M M 5 13 310
11 88 72 80 5 0 15 0.31 0.0 0 4.0 13 360 M M 3 1 17 40
12 85 66 76 1 0 11 T 0.0 0 7.9 14 350 M M 2 21 340
13 81 59 70 -5 0 5 0.00 0.0 0 6.8 18 350 M M 0 23 340
14 83 60 72 -3 0 7 0.00 0.0 0 5.3 17 170 M M 1 22 170
15 82 62 72 -3 0 7 0.00 0.0 0 5.0 18 140 M M 1 24 130
16 82 59 71 -4 0 6 0.00 0.0 0 7.7 20 110 M M 0 26 60
17 80 62 71 -3 0 6 T 0.0 0 4.6 13 70 M M 5 21 350
18 85 58 72 -2 0 7 0.00 0.0 0 4.9 13 250 M M 0 21 250
19 90 60 75 1 0 10 0.00 0.0 0 3.8 14 200 M M 1 18 210
20 91 68 80 6 0 15 T 0.0 0 5.7 18 170 M M 1 23 180
21 86 66 76 2 0 11 T 0.0 0 5.5 15 130 M M 4 20 140
22 85 69 77 3 0 12 0.51 0.0 0 6.2 15 10 M M 9 13 22 260
23 85 65 75 1 0 10 0.00 0.0 0 5.0 15 290 M M 4 12 24 240
24 87 64 76 3 0 11 0.00 0.0 0 3.8 12 290 M M 1 15 360
25 90 64 77 4 0 12 0.00 0.0 0 2.9 16 170 M M 0 21 170
26 91 68 80 7 0 15 0.00 0.0 0 5.8 16 210 M M 2 26 210
27 90 69 80 7 0 15 0.00 0.0 0 5.3 13 360 M M 3 23 320
28 85 72 79 6 0 14 T 0.0 0 8.4 15 130 M M 8 1 24 270
29 90 71 81 9 0 16 0.00 0.0 0 6.6 17 170 M M 4 1 23 170
30 93 72 83 11 0 18 0.12 0.0 0 8.3 21 300 M M 6 13 28 300
31 85 68 77 5 0 12 0.00 0.0 0 7.0 18 260 M M 1 24 260
================================================================================
SM 2718 2080 0 393 3.16 0.0 182.5 M 84
================================================================================
AV 87.7 67.1 5.9 FASTST M M 3 MAX(MPH)
MISC ----> 22 330 29 310
================================================================================
NOTES:
# LAST OF SEVERAL OCCURRENCES
COLUMN 17 PEAK WIND IN M.P.H.
PRELIMINARY LOCAL CLIMATOLOGICAL DATA (WS FORM: F-6) , PAGE 2
STATION: TRENTON NJ
MONTH: AUGUST
YEAR: 2022
LATITUDE: 40 16 N
LONGITUDE: 74 49 W
[TEMPERATURE DATA] [PRECIPITATION DATA] SYMBOLS USED IN COLUMN 16
AVERAGE MONTHLY: 77.4 TOTAL FOR MONTH: 3.16 1 = FOG OR MIST
DPTR FM NORMAL: 3.0 DPTR FM NORMAL: -1.06 2 = FOG REDUCING VISIBILITY
HIGHEST: 96 ON 4 GRTST 24HR 1.30 ON 5- 5 TO 1/4 MILE OR LESS
LOWEST: 58 ON 18 3 = THUNDER
SNOW, ICE PELLETS, HAIL 4 = ICE PELLETS
TOTAL MONTH: 0.0 INCH 5 = HAIL
GRTST 24HR 0.0 6 = FREEZING RAIN OR DRIZZLE
GRTST DEPTH: 0 7 = DUSTSTORM OR SANDSTORM:
VSBY 1/2 MILE OR LESS
8 = SMOKE OR HAZE
[NO. OF DAYS WITH] [WEATHER - DAYS WITH] 9 = BLOWING SNOW
X = TORNADO
MAX 32 OR BELOW: 0 0.01 INCH OR MORE: 8
MAX 90 OR ABOVE: 14 0.10 INCH OR MORE: 8
MIN 32 OR BELOW: 0 0.50 INCH OR MORE: 2
MIN 0 OR BELOW: 0 1.00 INCH OR MORE: 1
[HDD (BASE 65) ]
TOTAL THIS MO. 0 CLEAR (SCALE 0-3) 21
DPTR FM NORMAL -2 PTCLDY (SCALE 4-7) 9
TOTAL FM JUL 1 0 CLOUDY (SCALE 8-10) 1
DPTR FM NORMAL 0
[CDD (BASE 65) ]
TOTAL THIS MO. 393
DPTR FM NORMAL 99 [PRESSURE DATA]
TOTAL FM JAN 1 1073 HIGHEST SLP M ON M
DPTR FM NORMAL 162 LOWEST SLP 29.71 ON 30
[REMARKS]
#FINAL-08-22#