000
CXUS51 KPHI 071315
CF6TTN
PRELIMINARY LOCAL CLIMATOLOGICAL DATA (WS FORM: F-6)
STATION: TRENTON NJ
MONTH: MAY
YEAR: 2021
LATITUDE: 40 16 N
LONGITUDE: 74 49 W
TEMPERATURE IN F: :PCPN: SNOW: WIND :SUNSHINE: SKY :PK WND
================================================================================
1 2 3 4 5 6A 6B 7 8 9 10 11 12 13 14 15 16 17 18
12Z AVG MX 2MIN
DY MAX MIN AVG DEP HDD CDD WTR SNW DPTH SPD SPD DIR MIN PSBL S-S WX SPD DR
================================================================================
1 65 41 53 -5 12 0 0.00 0.0 0 10.9 26 310 M M 1 37 320
2 83 52 68 10 0 3 T 0.0 0 9.4 20 220 M M 3 28 220
3 67 53 60 2 5 0 0.37 0.0 0 6.6 12 60 M M 6 1 14 70
4 79 53 66 7 0 1 0.13 0.0 0 7.0 21 130 M M 8 1 24 140
5 68 51 60 1 5 0 0.38 0.0 0 6.4 22 320 M M 9 1 29 320
6 64 46 55 -4 10 0 0.00 0.0 0 7.5 18 350 M M 1 27 350
7 65 41 53 -7 12 0 0.02 0.0 0 5.8 15 110 M M 4 18 120
8 58 44 51 -9 14 0 0.20 0.0 0 6.6 16 310 M M 7 1 25 340
9 58 41 50 -10 15 0 0.10 0.0 0 7.1 16 210 M M 6 1 22 200
10 60 44 52 -8 13 0 T 0.0 0 6.1 16 340 M M 8 1 19 350
11 64 42 53 -8 12 0 T 0.0 0 7.7 20 270 M M 3 29 290
12 68 41 55 -6 10 0 0.00 0.0 0 7.7 16 340 M M 1 23 350
13 70 42 56 -5 9 0 0.00 0.0 0 5.4 15 340 M M 2 25 350
14 74 42 58 -3 7 0 0.00 0.0 0 3.8 13 180 M M 1 17 170
15 76 42 59 -3 6 0 0.00 0.0 0 5.0 22 170 M M 1 28 170
16 71 49 60 -2 5 0 0.00 0.0 0 3.1 10 220 M M 0 14 200
17 76 46 61 -1 4 0 0.00 0.0 0 4.7 13 200 M M 0 16 170
18 79 49 64 2 1 0 0.00 0.0 0 5.7 15 240 M M 0 22 260
19 87 57 72 9 0 7 0.00 0.0 0 5.6 13 340 M M 0 19 10
20 80 55 68 5 0 3 0.00 0.0 0 6.2 16 120 M M 0 21 120
21 83 49 66 3 0 1 0.00 0.0 0 4.7 14 200 M M 0 16 180
22 89 61 75 11 0 10 0.00 0.0 0 5.2 15 350 M M 0 19 350
23 90 70 80 16 0 15 0.00 0.0 0 8.4 16 360 M M 3 24 300
24 73 57 65 1 0 0 0.00 0.0 0 9.5 18 40 M M 9 24 30
25 75 57 66 2 0 1 0.00 0.0 0 7.2 15 210 M M 7 20 180
26 89 61 75 10 0 10 0.40 0.0 0 7.6 28 300 M M 5 138 38 300
27 82 63 73 8 0 8 0.00 0.0 0 7.9 15 270 M M 1 24 250
28 66 49 58 -7 7 0 0.65 0.0 0 12.5 28 50 M M 7 1 34 60
29 50 46 48 -18 17 0 0.56 0.0 0 12.6 22 60 M M 10 1 29 70
30 51 45 48 -18 17 0 0.31 0.0 0 9.2 15 10 M M 10 1 21 50
31 72 47 60 -6 5 0 0.00 0.0 0 5.9 18 340 M M 5 24 340
================================================================================
SM 2232 1536 186 59 3.12 0.0 219.0 M 118
================================================================================
AV 72.0 49.5 7.1 FASTST M M 4 MAX(MPH)
MISC ----> # 28 300 38 300
================================================================================
NOTES:
# LAST OF SEVERAL OCCURRENCES
COLUMN 17 PEAK WIND IN M.P.H.
PRELIMINARY LOCAL CLIMATOLOGICAL DATA (WS FORM: F-6) , PAGE 2
STATION: TRENTON NJ
MONTH: MAY
YEAR: 2021
LATITUDE: 40 16 N
LONGITUDE: 74 49 W
[TEMPERATURE DATA] [PRECIPITATION DATA] SYMBOLS USED IN COLUMN 16
AVERAGE MONTHLY: 60.8 TOTAL FOR MONTH: 3.12 1 = FOG OR MIST
DPTR FM NORMAL: -1.2 DPTR FM NORMAL: -0.87 2 = FOG REDUCING VISIBILITY
HIGHEST: 90 ON 23 GRTST 24HR 0.65 ON 28-28 TO 1/4 MILE OR LESS
LOWEST: 41 ON 12, 9 3 = THUNDER
SNOW, ICE PELLETS, HAIL 4 = ICE PELLETS
TOTAL MONTH: 0.0 INCH 5 = HAIL
GRTST 24HR 0.0 6 = FREEZING RAIN OR DRIZZLE
GRTST DEPTH: 0 7 = DUSTSTORM OR SANDSTORM:
VSBY 1/2 MILE OR LESS
8 = SMOKE OR HAZE
[NO. OF DAYS WITH] [WEATHER - DAYS WITH] 9 = BLOWING SNOW
X = TORNADO
MAX 32 OR BELOW: 0 0.01 INCH OR MORE: 10
MAX 90 OR ABOVE: 1 0.10 INCH OR MORE: 9
MIN 32 OR BELOW: 0 0.50 INCH OR MORE: 2
MIN 0 OR BELOW: 0 1.00 INCH OR MORE: 0
[HDD (BASE 65) ]
TOTAL THIS MO. 186 CLEAR (SCALE 0-3) 16
DPTR FM NORMAL 38 PTCLDY (SCALE 4-7) 10
TOTAL FM JUL 1 4798 CLOUDY (SCALE 8-10) 5
DPTR FM NORMAL -157
[CDD (BASE 65) ]
TOTAL THIS MO. 59
DPTR FM NORMAL 4 [PRESSURE DATA]
TOTAL FM JAN 1 69 HIGHEST SLP M ON M
DPTR FM NORMAL 1 LOWEST SLP 29.62 ON 5
[REMARKS]
#FINAL-05-21#