000
CXUS53 KEAX 010836
CF6IXD
PRELIMINARY LOCAL CLIMATOLOGICAL DATA (WS FORM: F-6)
STATION: NEW CENTURY AIR CENTER KS
MONTH: JANUARY
YEAR: 2024
LATITUDE: 38 49 N
LONGITUDE: 94 54 W
TEMPERATURE IN F: :PCPN: SNOW: WIND :SUNSHINE: SKY :PK WND
================================================================================
1 2 3 4 5 6A 6B 7 8 9 10 11 12 13 14 15 16 17 18
12Z AVG MX 2MIN
DY MAX MIN AVG DEP HDD CDD WTR SNW DPTH SPD SPD DIR MIN PSBL S-S WX SPD DR
================================================================================
1 36 23 30 0 35 0 0.00 M M 6.4 12 350 M M 5 15 300
2 45 20 33 3 32 0 0.00 M M 6.3 15 210 M M 0 20 200
3 42 24 33 3 32 0 0.00 M M 4.2 12 340 M M 3 12 14 330
4 34 25 30 0 35 0 0.00 M M 7.0 13 130 M M 3 18 18 70
5 33 29 31 1 34 0 0.15 M M 6.3 12 110 M M 6 1 19 110
6 33 30 32 2 33 0 0.01 M M 7.6 15 320 M M 10 12 19 300
7 39 25 32 2 33 0 T M M 7.7 16 110 M M 3 22 110
8 37 32 35 5 30 0 0.56 M M 11.0 22 140 M M 8 1 30 150
9 32 18 25 -5 40 0 0.09 M M 16.8 32 320 M M 10 18 44 310
10 37 10 24 -6 41 0 0.00 M M 10.3 18 170 M M 0 26 160
11 37 14 26 -4 39 0 0.00 M M 9.7 23 50 M M 2 18 32 60
12 30 6 18 -12 47 0 T M M 18.9 28 310 M M 9 168 37 300
13 6 -7 0 -29 65 0 T M M 15.1 23 310 M M 4 89 32 310
14 1 -8 -3 -32 68 0 T M M 11.9 24 310 M M 3 32 310
15 4 -8 -2 -31 67 0 T M M 10.0 18 310 M M 5 8 23 310
16 13 -6 4 -25 61 0 0.00 M M 9.1 21 200 M M 0 26 210
17 38 13 26 -3 39 0 0.00 M M 11.7 21 200 M M 0 27 190
18 40 14 27 -2 38 0 T M M 9.2 32 340 M M 4 89 39 340
19 14 2 8 -21 57 0 T M M 13.2 26 320 M M 1 9 36 320
20 16 -4 6 -24 59 0 0.00 M M 5.6 10 140 M M 0 14 340
21 33 7 20 -10 45 0 T M M 14.7 22 170 M M 5 31 170
22 36 30 33 3 32 0 0.13 M M 8.9 18 170 M M 10 168 25 190
23 41 35 38 8 27 0 0.23 M M 3.0 12 330 M M 10 128 14 350
24 41 35 38 8 27 0 0.04 M M 4.4 9 330 M M 10 128 11 330
25 41 37 39 9 26 0 0.48 M M 4.5 10 330 M M 10 128 12 330
26 40 34 37 7 28 0 T M M 5.7 14 360 M M 10 128 19 340
27 39 34 37 7 28 0 0.00 M M 9.5 16 330 M M 10 128 22 340
28 54 29 42 12 23 0 0.00 M M 5.6 14 300 M M 4 18 18 290
29 63 32 48 18 17 0 0.00 M M 7.2 15 220 M M 0 19 220
30 60 33 47 17 18 0 0.00 M M 9.1 20 330 M M 1 26 330
31 65 29 47 17 18 0 0.00 M M 7.7 14 200 M M 0 18 19 190
================================================================================
SM 1080 587 1174 0 1.69 M 278.3 M 146
================================================================================
AV 34.8 18.9 9.0 FASTST M M 5 MAX(MPH)
MISC ----> # 32 320 44 310
================================================================================
NOTES:
# LAST OF SEVERAL OCCURRENCES
COLUMN 17 PEAK WIND IN M.P.H.
PRELIMINARY LOCAL CLIMATOLOGICAL DATA (WS FORM: F-6) , PAGE 2
STATION: NEW CENTURY AIR CENTER KS
MONTH: JANUARY
YEAR: 2024
LATITUDE: 38 49 N
LONGITUDE: 94 54 W
[TEMPERATURE DATA] [PRECIPITATION DATA] SYMBOLS USED IN COLUMN 16
AVERAGE MONTHLY: 26.9 TOTAL FOR MONTH: 1.69 1 = FOG OR MIST
DPTR FM NORMAL: -2.9 DPTR FM NORMAL: 0.64 2 = FOG REDUCING VISIBILITY
HIGHEST: 65 ON 31 GRTST 24HR 1.25 ON 8- 9 TO 1/4 MILE OR LESS
LOWEST: -8 ON 14,15 3 = THUNDER
SNOW, ICE PELLETS, HAIL 4 = ICE PELLETS
TOTAL MONTH: M 5 = HAIL
GRTST 24HR M ON M 6 = FREEZING RAIN OR DRIZZLE
GRTST DEPTH: M ON M 7 = DUSTSTORM OR SANDSTORM:
VSBY 1/2 MILE OR LESS
8 = SMOKE OR HAZE
[NO. OF DAYS WITH] [WEATHER - DAYS WITH] 9 = BLOWING SNOW
X = TORNADO
MAX 32 OR BELOW: 8 0.01 INCH OR MORE: 8
MAX 90 OR ABOVE: 0 0.10 INCH OR MORE: 5
MIN 32 OR BELOW: 25 0.50 INCH OR MORE: 1
MIN 0 OR BELOW: 5 1.00 INCH OR MORE: 0
[HDD (BASE 65) ]
TOTAL THIS MO. 1174 CLEAR (SCALE 0-3) 12
DPTR FM NORMAL 82 PTCLDY (SCALE 4-7) 10
TOTAL FM JUL 1 2717 CLOUDY (SCALE 8-10) 9
DPTR FM NORMAL -335
[CDD (BASE 65) ]
TOTAL THIS MO. 0
DPTR FM NORMAL 0 [PRESSURE DATA]
TOTAL FM JAN 1 0 HIGHEST SLP 30.76 ON 20
DPTR FM NORMAL 0 LOWEST SLP 29.36 ON 9
[REMARKS]
#FINAL-01-24#