000
CXUS53 KMPX 012133
CF6RWF
PRELIMINARY LOCAL CLIMATOLOGICAL DATA (WS FORM: F-6)
STATION: REDWOOD FALLS MN
MONTH: APRIL
YEAR: 2023
LATITUDE: 44 32 N
LONGITUDE: 95 5 W
TEMPERATURE IN F: :PCPN: SNOW: WIND :SUNSHINE: SKY :PK WND
================================================================================
1 2 3 4 5 6A 6B 7 8 9 10 11 12 13 14 15 16 17 18
12Z AVG MX 2MIN
DY MAX MIN AVG DEP HDD CDD WTR SNW DPTH SPD SPD DIR MIN PSBL S-S WX SPD DR
================================================================================
1 33 20 27 -12 38 0 0.97 M M 11.7 23 340 M M 2 1 38 340
2 44 25 35 -5 30 0 0.00 M M 14.5 25 240 M M 2 36 190
3 37 31 34 -6 31 0 0.00 M M 9.2 17 270 M M 5 23 270
4 35 31 33 -8 32 0 0.02 M M 9.4 18 60 M M 10 1 33 60
5 34 23 29 -12 36 0 T M M 22.2 35 270 M M 9 1 47 270
6 36 20 28 -14 37 0 0.00 M M 10.2 21 260 M M 0 26 260
7 42 20 31 -11 34 0 0.00 M M 7.4 15 50 M M 0 22 70
8 59 33 46 4 19 0 0.00 M M 10.4 18 140 M M 0 24 150
9 55 41 48 5 17 0 T M M 10.8 29 150 M M 5 40 150
10 66 33 50 7 15 0 0.00 M M 6.1 12 170 M M 0 1 16 170
11 79 47 63 19 2 0 0.00 M M 14.8 25 200 M M 0 31 200
12 87 44 66 22 0 1 0.00 M M 17.3 30 210 M M 0 42 200
13 89 42 66 21 0 1 0.00 M M 12.7 29 170 M M 0 18 39 170
14 67 41 54 9 11 0 0.42 M M 12.0 25 270 M M 2 13 31 270
15 41 32 37 -9 28 0 0.03 M M 16.0 23 310 M M 10 13 36 320
16 40 31 36 -10 29 0 0.01 M M 20.7 29 310 M M 7 18 45 320
17 50 33 42 -4 23 0 0.00 M M 13.5 23 300 M M 0 33 300
18 57 30 44 -3 21 0 0.00 M M 10.0 20 90 M M 0 12 35 90
19 51 39 45 -2 20 0 1.52 M M 13.0 28 70 M M 9 13 42 100
20 40 34 37 -11 28 0 0.28 M M 11.8 26 270 M M 10 1 36 270
21 41 32 37 -11 28 0 0.01 M M 15.5 26 290 M M 10 18 34 260
22 39 30 35 -14 30 0 0.00 M M 14.7 25 340 M M 9 38 340
23 47 26 37 -12 28 0 T M M 6.7 21 280 M M 7 28 260
24 51 30 41 -9 24 0 0.00 M M 5.2 13 360 M M 5 1 19 350
25 51 32 42 -8 23 0 0.00 M M 6.9 15 80 M M 0 20 30
26 62 33 48 -2 17 0 T M M 10.8 21 150 M M 4 30 160
27 68 46 57 6 8 0 T M M 8.3 26 200 M M 8 32 200
28 56 39 48 -3 17 0 0.16 M M 9.4 20 320 M M 8 1 31 350
29 55 33 44 -8 21 0 T M M 11.7 23 280 M M 5 35 280
30 57 37 47 -5 18 0 0.00 M M 19.8 31 320 M M 4 52 320
================================================================================
SM 1569 988 665 2 3.42 M 362.7 M 131
================================================================================
AV 52.3 32.9 12.1 FASTST M M 4 MAX(MPH)
MISC ----> 35 270 52 320
================================================================================
NOTES:
# LAST OF SEVERAL OCCURRENCES
COLUMN 17 PEAK WIND IN M.P.H.
PRELIMINARY LOCAL CLIMATOLOGICAL DATA (WS FORM: F-6) , PAGE 2
STATION: REDWOOD FALLS MN
MONTH: APRIL
YEAR: 2023
LATITUDE: 44 32 N
LONGITUDE: 95 5 W
[TEMPERATURE DATA] [PRECIPITATION DATA] SYMBOLS USED IN COLUMN 16
AVERAGE MONTHLY: 42.6 TOTAL FOR MONTH: 3.42 1 = FOG OR MIST
DPTR FM NORMAL: -3.1 DPTR FM NORMAL: 0.78 2 = FOG REDUCING VISIBILITY
HIGHEST: 89 ON 13 GRTST 24HR 1.54 ON 19-20 TO 1/4 MILE OR LESS
LOWEST: 20 ON 7, 6 3 = THUNDER
SNOW, ICE PELLETS, HAIL 4 = ICE PELLETS
TOTAL MONTH: M 5 = HAIL
GRTST 24HR M ON M 6 = FREEZING RAIN OR DRIZZLE
GRTST DEPTH: M ON M 7 = DUSTSTORM OR SANDSTORM:
VSBY 1/2 MILE OR LESS
8 = SMOKE OR HAZE
[NO. OF DAYS WITH] [WEATHER - DAYS WITH] 9 = BLOWING SNOW
X = TORNADO
MAX 32 OR BELOW: 0 0.01 INCH OR MORE: 9
MAX 90 OR ABOVE: 0 0.10 INCH OR MORE: 5
MIN 32 OR BELOW: 15 0.50 INCH OR MORE: 2
MIN 0 OR BELOW: 0 1.00 INCH OR MORE: 1
[HDD (BASE 65) ]
TOTAL THIS MO. 665 CLEAR (SCALE 0-3) 13
DPTR FM NORMAL 85 PTCLDY (SCALE 4-7) 9
TOTAL FM JUL 1 7773 CLOUDY (SCALE 8-10) 8
DPTR FM NORMAL 237
[CDD (BASE 65) ]
TOTAL THIS MO. 2
DPTR FM NORMAL -1 [PRESSURE DATA]
TOTAL FM JAN 1 2 HIGHEST SLP 30.48 ON 7
DPTR FM NORMAL -1 LOWEST SLP 29.43 ON 13
[REMARKS]
#FINAL-04-23#
THE PRECIPITATION VALUE ON APRIL 1ST IS FROM
COCORAHS STATION MN-RW-14 WITH AN OBSERVATION
TIME OF 7 AM.