000
CXUS53 KMPX 012116
CF6RWF
PRELIMINARY LOCAL CLIMATOLOGICAL DATA (WS FORM: F-6)
STATION: REDWOOD FALLS MN
MONTH: NOVEMBER
YEAR: 2021
LATITUDE: 44 32 N
LONGITUDE: 95 5 W
TEMPERATURE IN F: :PCPN: SNOW: WIND :SUNSHINE: SKY :PK WND
================================================================================
1 2 3 4 5 6A 6B 7 8 9 10 11 12 13 14 15 16 17 18
12Z AVG MX 2MIN
DY MAX MIN AVG DEP HDD CDD WTR SNW DPTH SPD SPD DIR MIN PSBL S-S WX SPD DR
================================================================================
1 45 26 36 -4 29 0 0.00 M M 9.9 21 290 M M 4 27 300
2 42 24 33 -7 32 0 0.00 M M 5.0 10 310 M M 3 14 300
3 48 23 36 -3 29 0 0.00 M M 7.1 14 150 M M 1 1 19 170
4 51 25 38 -1 27 0 0.00 M M 8.1 18 200 M M 3 12 25 200
5 63 35 49 11 16 0 0.00 M M 16.3 33 200 M M 0 1 46 180
6 72 41 57 19 8 0 0.00 M M 7.4 17 220 M M 0 21 220
7 64 41 53 16 12 0 0.00 M M 8.6 14 290 M M 0 1 18 280
8 54 39 47 10 18 0 0.00 M M 7.0 15 300 M M 2 1 22 330
9 56 32 44 8 21 0 0.00 M M 3.7 10 140 M M 1 12 150
10 51 35 43 7 22 0 0.00 M M 11.5 22 320 M M 6 1 32 330
11 44 33 39 4 26 0 0.55 M M 18.9 30 290 M M 7 1 44 290
12 33 29 31 -4 34 0 0.15 M M 20.0 30 330 M M 10 1 46 320
13 37 26 32 -2 33 0 T M M 13.0 38 310 M M 9 12 50 300
14 31 25 28 -6 37 0 0.04 M M 9.7 31 320 M M 8 47 330
15 40 27 34 1 31 0 0.00 M M 9.2 15 140 M M 6 20 120
16 50 31 41 8 24 0 0.00 M M 15.4 31 140 M M 0 44 140
17 43 27 35 3 30 0 0.00 M M 19.6 33 290 M M 5 47 280
18 34 18 26 -6 39 0 0.00 M M 13.8 26 320 M M 6 41 300
19 46 18 32 1 33 0 0.00 M M 15.5 33 180 M M 0 44 180
20 43 30 37 6 28 0 0.00 M M 7.0 14 310 M M 2 22 320
21 36 20 28 -2 37 0 T M M 14.4 30 320 M M 3 1 54 320
22 39 14 27 -3 38 0 0.00 M M 6.6 13 190 M M 0 19 200
23 61 22 42 13 23 0 0.00 M M 13.2 29 190 M M 0 38 180
24 50 12 31 2 34 0 0.00 M M 15.0 29 330 M M 1 48 340
25 23 7 15 -13 50 0 0.00 M M 9.3 23 330 M M 2 36 340
26 37 18 28 0 37 0 0.00 M M 11.5 20 170 M M 2 24 160
27 44 29 37 10 28 0 0.00 M M 11.2 22 310 M M 2 35 320
28 42 21 32 5 33 0 0.00 M M 7.7 15 320 M M 3 22 320
29 58 31 45 19 20 0 0.00 M M 11.4 23 310 M M 2 33 330
30 46 32 39 13 26 0 0.00 M M 8.1 16 150 M M 3 1 21 160
================================================================================
SM 1383 791 855 0 0.74 M 335.1 M 91
================================================================================
AV 46.1 26.4 11.2 FASTST M M 3 MAX(MPH)
MISC ----> 38 310 54 320
================================================================================
NOTES:
# LAST OF SEVERAL OCCURRENCES
COLUMN 17 PEAK WIND IN M.P.H.
PRELIMINARY LOCAL CLIMATOLOGICAL DATA (WS FORM: F-6) , PAGE 2
STATION: REDWOOD FALLS MN
MONTH: NOVEMBER
YEAR: 2021
LATITUDE: 44 32 N
LONGITUDE: 95 5 W
[TEMPERATURE DATA] [PRECIPITATION DATA] SYMBOLS USED IN COLUMN 16
AVERAGE MONTHLY: 36.2 TOTAL FOR MONTH: 0.74 1 = FOG OR MIST
DPTR FM NORMAL: 3.1 DPTR FM NORMAL: -0.45 2 = FOG REDUCING VISIBILITY
HIGHEST: 72 ON 6 GRTST 24HR 0.55 ON 11-11 TO 1/4 MILE OR LESS
LOWEST: 7 ON 25 3 = THUNDER
SNOW, ICE PELLETS, HAIL 4 = ICE PELLETS
TOTAL MONTH: M 5 = HAIL
GRTST 24HR M ON M 6 = FREEZING RAIN OR DRIZZLE
GRTST DEPTH: M ON M 7 = DUSTSTORM OR SANDSTORM:
VSBY 1/2 MILE OR LESS
8 = SMOKE OR HAZE
[NO. OF DAYS WITH] [WEATHER - DAYS WITH] 9 = BLOWING SNOW
X = TORNADO
MAX 32 OR BELOW: 2 0.01 INCH OR MORE: 3
MAX 90 OR ABOVE: 0 0.10 INCH OR MORE: 2
MIN 32 OR BELOW: 24 0.50 INCH OR MORE: 1
MIN 0 OR BELOW: 0 1.00 INCH OR MORE: 0
[HDD (BASE 65) ]
TOTAL THIS MO. 855 CLEAR (SCALE 0-3) 20
DPTR FM NORMAL -103 PTCLDY (SCALE 4-7) 8
TOTAL FM JUL 1 1263 CLOUDY (SCALE 8-10) 2
DPTR FM NORMAL -399
[CDD (BASE 65) ]
TOTAL THIS MO. 0
DPTR FM NORMAL 0 [PRESSURE DATA]
TOTAL FM JAN 1 985 HIGHEST SLP 30.54 ON 25
DPTR FM NORMAL 295 LOWEST SLP 29.42 ON 16
[REMARKS]
#FINAL-11-21#
RWF: THE PRECIPITATION DATA IS FROM THE REDWOOD FALLS COOP STATION WITH AN OBSERVATION TIME OF 7AM.