000
CXUS53 KMPX 041610
CF6RWF
PRELIMINARY LOCAL CLIMATOLOGICAL DATA (WS FORM: F-6)
STATION: REDWOOD FALLS MN
MONTH: APRIL
YEAR: 2020
LATITUDE: 44 32 N
LONGITUDE: 95 5 W
TEMPERATURE IN F: :PCPN: SNOW: WIND :SUNSHINE: SKY :PK WND
================================================================================
1 2 3 4 5 6A 6B 7 8 9 10 11 12 13 14 15 16 17 18
12Z AVG MX 2MIN
DY MAX MIN AVG DEP HDD CDD WTR SNW DPTH SPD SPD DIR MIN PSBL S-S WX SPD DR
================================================================================
1 56 37 47 8 18 0 0.07 M M 17.1 28 140 M M 6 1 36 140
2 61 23 42 2 23 0 0.30 M M 14.8 23 300 M M 10 16 32 300
3 26 19 23 -17 42 0 T M M 13.3 22 320 M M 8 6 32 320
4 43 14 29 -12 36 0 0.00 M M 6.0 12 140 M M 1 17 130
5 58 28 43 2 22 0 0.00 M M 11.5 22 140 M M 2 28 150
6 65 41 53 11 12 0 0.00 M M 12.0 18 140 M M 6 1 24 140
7 70 47 59 17 6 0 T M M 7.5 16 340 M M 2 1238 22 320
8 53 32 43 0 22 0 T M M 12.2 26 310 M M 4 40 300
9 40 28 34 -9 31 0 T M M 16.1 31 330 M M 5 8 48 340
10 50 25 38 -6 27 0 0.00 M M 8.7 16 230 M M 1 22 220
11 62 34 48 4 17 0 0.00 M M 7.6 18 360 M M 4 8 33 360
12 39 26 33 -12 32 0 0.14 M M 13.6 22 350 M M 9 12 34 20
13 32 18 25 -21 40 0 T M M 12.7 29 290 M M 3 12 37 290
14 29 18 24 -22 41 0 T M M 10.4 21 320 M M 4 8 29 300
15 36 15 26 -20 39 0 0.00 M M 5.3 14 180 M M 5 18 180
16 47 22 35 -12 30 0 0.00 M M 8.8 17 290 M M 3 26 230
17 51 27 39 -9 26 0 0.00 M M 8.8 20 270 M M 3 28 280
18 68 34 51 3 14 0 0.00 M M 14.5 24 300 M M 2 33 230
19 52 31 42 -6 23 0 0.00 M M 9.4 17 280 M M 0 24 290
20 65 35 50 1 15 0 T M M 14.9 30 320 M M 2 48 320
21 54 26 40 -9 25 0 0.00 M M 8.5 17 130 M M 4 24 120
22 78 38 58 8 7 0 0.00 M M 6.0 17 320 M M 1 25 350
23 71 39 55 5 10 0 0.00 M M 6.9 15 70 M M 2 26 60
24 67 42 55 4 10 0 0.08 M M 4.8 22 350 M M 5 1 33 350
25 68 34 51 0 14 0 T M M 4.1 22 180 M M 4 123 27 180
26 70 44 57 5 8 0 0.00 M M 6.8 16 180 M M 4 22 230
27 76 52 64 12 1 0 0.00 M M 9.8 20 330 M M 1 28 350
28 61 46 54 1 11 0 0.42 M M 9.3 20 20 M M 9 1 34 350
29 68 42 55 2 10 0 0.00 M M 12.9 23 20 M M 1 38 20
30 70 39 55 2 10 0 0.00 M M 6.1 12 140 M M 0 13 320
================================================================================
SM 1686 956 622 0 1.01 M 300.4 M 111
================================================================================
AV 56.2 31.9 10.0 FASTST M M 4 MAX(MPH)
MISC ----> 31 330 # 48 340
================================================================================
NOTES:
# LAST OF SEVERAL OCCURRENCES
COLUMN 17 PEAK WIND IN M.P.H.
PRELIMINARY LOCAL CLIMATOLOGICAL DATA (WS FORM: F-6) , PAGE 2
STATION: REDWOOD FALLS MN
MONTH: APRIL
YEAR: 2020
LATITUDE: 44 32 N
LONGITUDE: 95 5 W
[TEMPERATURE DATA] [PRECIPITATION DATA] SYMBOLS USED IN COLUMN 16
AVERAGE MONTHLY: 44.0 TOTAL FOR MONTH: 1.01 1 = FOG OR MIST
DPTR FM NORMAL: -2.6 DPTR FM NORMAL: -1.70 2 = FOG REDUCING VISIBILITY
HIGHEST: 78 ON 22 GRTST 24HR 0.42 ON 28-28 TO 1/4 MILE OR LESS
LOWEST: 14 ON 4 3 = THUNDER
SNOW, ICE PELLETS, HAIL 4 = ICE PELLETS
TOTAL MONTH: M 5 = HAIL
GRTST 24HR M ON M 6 = FREEZING RAIN OR DRIZZLE
GRTST DEPTH: M ON M 7 = DUSTSTORM OR SANDSTORM:
VSBY 1/2 MILE OR LESS
8 = SMOKE OR HAZE
[NO. OF DAYS WITH] [WEATHER - DAYS WITH] 9 = BLOWING SNOW
X = TORNADO
MAX 32 OR BELOW: 3 0.01 INCH OR MORE: 5
MAX 90 OR ABOVE: 0 0.10 INCH OR MORE: 3
MIN 32 OR BELOW: 15 0.50 INCH OR MORE: 0
MIN 0 OR BELOW: 0 1.00 INCH OR MORE: 0
[HDD (BASE 65) ]
TOTAL THIS MO. 622 CLEAR (SCALE 0-3) 14
DPTR FM NORMAL 66 PTCLDY (SCALE 4-7) 12
TOTAL FM JUL 1 7491 CLOUDY (SCALE 8-10) 4
DPTR FM NORMAL -124
[CDD (BASE 65) ]
TOTAL THIS MO. 0
DPTR FM NORMAL -4 [PRESSURE DATA]
TOTAL FM JAN 1 0 HIGHEST SLP 30.36 ON 4
DPTR FM NORMAL -4 LOWEST SLP 29.58 ON 20
[REMARKS]
#FINAL-04-20#
THE PRECIPITATION VALUE ON APRIL 12TH IS FROM THE REDWOOD FALLS COOP STATION.