000
CXUS56 KPQR 011155
CF6SLE
PRELIMINARY LOCAL CLIMATOLOGICAL DATA (WS FORM: F-6)
STATION: SALEM OR
MONTH: JULY
YEAR: 2021
LATITUDE: 44 55 N
LONGITUDE: 123 0 W
TEMPERATURE IN F: :PCPN: SNOW: WIND :SUNSHINE: SKY :PK WND
================================================================================
1 2 3 4 5 6A 6B 7 8 9 10 11 12 13 14 15 16 17 18
12Z AVG MX 2MIN
DY MAX MIN AVG DEP HDD CDD WTR SNW DPTH SPD SPD DIR MIN PSBL S-S WX SPD DR
================================================================================
1 80 64 72 6 0 7 0.00 M M 5.7 13 10 M M 10 17 40
2 88 65 77 11 0 12 0.00 M M 6.5 17 360 M M 5 25 340
3 91 58 75 8 0 10 0.00 M M 6.1 15 30 M M 0 22 350
4 90 58 74 7 0 9 0.00 M M 4.6 13 270 M M 0 16 10
5 90 57 74 7 0 9 0.00 M M 7.1 15 20 M M 0 20 10
6 95 58 77 9 0 12 0.00 M M 7.8 16 270 M M 0 20 280
7 80 58 69 1 0 4 0.00 M M 6.6 13 320 M M 4 15 330
8 81 57 69 1 0 4 0.00 M M 4.9 13 340 M M 5 14 320
9 92 54 73 5 0 8 0.00 M M 8.1 17 30 M M 0 23 30
10 92 58 75 6 0 10 0.00 M M 6.8 16 360 M M 0 25 350
11 91 57 74 5 0 9 0.00 M M 9.1 21 10 M M 0 26 10
12 90 57 74 5 0 9 0.00 M M 7.5 17 350 M M 0 22 340
13 89 56 73 4 0 8 0.00 M M 6.3 14 10 M M 0 20 360
14 87 56 72 3 0 7 0.00 M M 6.2 16 290 M M 0 20 290
15 81 55 68 -2 0 3 0.00 M M 7.0 16 280 M M 4 21 270
16 82 53 68 -2 0 3 0.00 M M 4.8 16 320 M M 0 20 340
17 84 56 70 0 0 5 0.00 M M 5.2 16 320 M M 1 22 310
18 88 53 71 1 0 6 0.00 M M 5.5 14 320 M M 0 17 10
19 90 56 73 3 0 8 0.00 M M 5.2 21 290 M M 0 24 280
20 83 57 70 0 0 5 0.00 M M 6.9 16 290 M M 3 22 10
21 78 56 67 -3 0 2 0.00 M M 7.3 15 30 M M 5 19 30
22 83 52 68 -2 0 3 0.00 M M 7.1 16 350 M M 0 21 360
23 88 53 71 0 0 6 0.00 M M 7.3 17 20 M M 0 23 20
24 94 62 78 7 0 13 0.00 M M 8.7 18 20 M M 0 26 360
25 94 60 77 6 0 12 0.00 M M 8.0 18 360 M M 0 23 350
26 93 60 77 6 0 12 0.00 M M 8.6 17 20 M M 0 23 20
27 91 61 76 5 0 11 0.00 M M 4.2 14 310 M M 0 16 310
28 96 60 78 7 0 13 0.00 M M 5.1 12 330 M M 0 16 360
29 100 64 82 11 0 17 0.00 M M 6.7 15 350 M M 0 22 40
30 93 65 79 8 0 14 0.00 M M 3.4 10 340 M M 0 15 10
31 86 69 78 7 0 13 0.02 M M 3.9 9 260 M M 1 12 300
================================================================================
SM 2740 1805 0 264 0.02 M 198.2 M 38
================================================================================
AV 88.4 58.2 6.4 FASTST M M 1 MAX(MPH)
MISC ----> # 21 10 # 26 10
================================================================================
NOTES:
# LAST OF SEVERAL OCCURRENCES
COLUMN 17 PEAK WIND IN M.P.H.
PRELIMINARY LOCAL CLIMATOLOGICAL DATA (WS FORM: F-6) , PAGE 2
STATION: SALEM OR
MONTH: JULY
YEAR: 2021
LATITUDE: 44 55 N
LONGITUDE: 123 0 W
[TEMPERATURE DATA] [PRECIPITATION DATA] SYMBOLS USED IN COLUMN 16
AVERAGE MONTHLY: 73.3 TOTAL FOR MONTH: 0.02 1 = FOG OR MIST
DPTR FM NORMAL: 4.0 DPTR FM NORMAL: -0.23 2 = FOG REDUCING VISIBILITY
HIGHEST: 100 ON 29 GRTST 24HR 0.02 ON 31-31 TO 1/4 MILE OR LESS
LOWEST: 52 ON 22 3 = THUNDER
SNOW, ICE PELLETS, HAIL 4 = ICE PELLETS
TOTAL MONTH: M 5 = HAIL
GRTST 24HR M ON M 6 = FREEZING RAIN OR DRIZZLE
GRTST DEPTH: M ON M 7 = DUSTSTORM OR SANDSTORM:
VSBY 1/2 MILE OR LESS
8 = SMOKE OR HAZE
[NO. OF DAYS WITH] [WEATHER - DAYS WITH] 9 = BLOWING SNOW
X = TORNADO
MAX 32 OR BELOW: 0 0.01 INCH OR MORE: 1
MAX 90 OR ABOVE: 16 0.10 INCH OR MORE: 0
MIN 32 OR BELOW: 0 0.50 INCH OR MORE: 0
MIN 0 OR BELOW: 0 1.00 INCH OR MORE: 0
[HDD (BASE 65) ]
TOTAL THIS MO. 0 CLEAR (SCALE 0-3) 24
DPTR FM NORMAL -15 PTCLDY (SCALE 4-7) 6
TOTAL FM JUL 1 0 CLOUDY (SCALE 8-10) 1
DPTR FM NORMAL -11
[CDD (BASE 65) ]
TOTAL THIS MO. 264
DPTR FM NORMAL 116 [PRESSURE DATA]
TOTAL FM JAN 1 480 HIGHEST SLP 30.25 ON 23
DPTR FM NORMAL 281 LOWEST SLP 29.84 ON 6
[REMARKS]
#FINAL-07-21#