000
CDUS43 KGLD 210736
CLIHLC

CLIMATE REPORT
NATIONAL WEATHER SERVICE
136 AM MDT MON JUN 21 2021

...................................

...THE HILL CITY KS CLIMATE SUMMARY FOR JUNE 20 2021...

CLIMATE NORMAL PERIOD: 1991 TO 2020
CLIMATE RECORD PERIOD: 1896 TO 2021


WEATHER ITEM   OBSERVED TIME   RECORD YEAR NORMAL DEPARTURE LAST
                VALUE   (LST)  VALUE       VALUE  FROM      YEAR
                                                  NORMAL
...................................................................
TEMPERATURE (F)
 YESTERDAY
  MAXIMUM         90   3:58 PM 108    1974  90      0       89
  MINIMUM         62   6:02 AM  41    1973  62      0       60
  AVERAGE         76                        76      0       75

PRECIPITATION (IN)
  YESTERDAY        T                         0.09  -0.09     0.00
  MONTH TO DATE    0.37                      1.89  -1.52     1.49
  SINCE JUN 1      0.37                      1.89  -1.52     1.49
  SINCE JAN 1     12.39                      9.06   3.33     6.56

...................................................................


THE HILL CITY KS CLIMATE NORMALS FOR TODAY
                         NORMAL    RECORD    YEAR
 MAXIMUM TEMPERATURE (F)   90       106      1936
                                             1988
 MINIMUM TEMPERATURE (F)   62        47      1972


-  INDICATES NEGATIVE NUMBERS.
R  INDICATES RECORD WAS SET OR TIED.
MM INDICATES DATA IS MISSING.
T  INDICATES TRACE AMOUNT.




$$
