000
CDUS43 KARX 212133
CLILSE

CLIMATE REPORT
NATIONAL WEATHER SERVICE LA CROSSE WI
433 PM CDT TUE SEP 21 2021

...................................

...THE LA CROSSE WI CLIMATE SUMMARY FOR SEPTEMBER 21 2021...
VALID TODAY AS OF 0400 PM LOCAL TIME.

CLIMATE NORMAL PERIOD 1991 TO 2020
CLIMATE RECORD PERIOD 1872 TO 2021


WEATHER ITEM   OBSERVED TIME   RECORD YEAR NORMAL DEPARTURE LAST
                VALUE   (LST)  VALUE       VALUE  FROM      YEAR
                                                  NORMAL
...................................................................
TEMPERATURE (F)
 TODAY
  MAXIMUM         73    235 PM  93    1891  74     -1       76
  MINIMUM         55    634 AM  32    1918  52      3       55
  AVERAGE         64                        63      1       66

PRECIPITATION (IN)
  TODAY            T             3.17 2016   0.13  -0.13     0.00
  MONTH TO DATE    1.24                      2.60  -1.36     2.16
  SINCE SEP 1      1.24                      2.60  -1.36     2.16
  SINCE JAN 1     32.72                     28.37   4.35    24.99

SNOWFALL (IN)
  TODAY            0.0           0.0  2019   0.0    0.0      0.0
  MONTH TO DATE    0.0                       0.0    0.0      0.0
  SINCE SEP 1      0.0                       0.0    0.0      0.0
  SINCE JUL 1      0.0                       0.0    0.0      0.0
  SNOW DEPTH       0

DEGREE DAYS
 HEATING
  TODAY            1                         5     -4        0
  MONTH TO DATE    6                        51    -45       88
  SINCE SEP 1      6                        51    -45       88
  SINCE JUL 1      6                        62    -56       90

 COOLING
  TODAY            0                         2     -2        1
  MONTH TO DATE   80                        84     -4       25
  SINCE SEP 1     80                        84     -4       25
  SINCE JAN 1   1162                       915    247     1002
...................................................................


WIND (MPH)
  HIGHEST WIND SPEED    24   HIGHEST WIND DIRECTION    NW (310)
  HIGHEST GUST SPEED    32   HIGHEST GUST DIRECTION    NW (310)
  AVERAGE WIND SPEED    12.3


WEATHER CONDITIONS
THE FOLLOWING WEATHER WAS RECORDED TODAY.
  LIGHT RAIN


RELATIVE HUMIDITY (PERCENT)
 HIGHEST    81           100 AM
 LOWEST     38           200 PM
 AVERAGE    60

..........................................................


THE LA CROSSE WI CLIMATE NORMALS FOR TOMORROW
                         NORMAL    RECORD    YEAR
 MAXIMUM TEMPERATURE (F)   73        95      2017
 MINIMUM TEMPERATURE (F)   52        32      1974


SUNRISE AND SUNSET
SEPTEMBER 21 2021.....SUNRISE   651 AM CDT   SUNSET   704 PM CDT
SEPTEMBER 22 2021.....SUNRISE   653 AM CDT   SUNSET   702 PM CDT


-  INDICATES NEGATIVE NUMBERS.
R  INDICATES RECORD WAS SET OR TIED.
MM INDICATES DATA IS MISSING.
T  INDICATES TRACE AMOUNT.




$$
