000
CDUS41 KBGM 140637
CLIBGM

CLIMATE REPORT
NATIONAL WEATHER SERVICE BINGHAMTON, NY
237 AM EDT WED APR 14 2021

...................................

...THE BINGHAMTON NY CLIMATE SUMMARY FOR APRIL 13 2021...

CLIMATE NORMAL PERIOD 1981 TO 2010
CLIMATE RECORD PERIOD 1951 TO 2021


WEATHER ITEM   OBSERVED TIME   RECORD YEAR NORMAL DEPARTURE LAST
                VALUE   (LST)  VALUE       VALUE  FROM      YEAR
                                                  NORMAL
...................................................................
TEMPERATURE (F)
 YESTERDAY
  MAXIMUM         60    532 PM  80    1977  53      7       64
  MINIMUM         37    548 AM  21    1992  35      2       40
  AVERAGE         49                        44      5       52

PRECIPITATION (IN)
  YESTERDAY        0.01          1.10 1996   0.12  -0.11     0.45
  MONTH TO DATE    1.30                      1.53  -0.23     1.10
  SINCE MAR 1      3.28                      4.52  -1.24     3.45
  SINCE JAN 1      7.76                      9.28  -1.52     9.62

SNOWFALL (IN)
  YESTERDAY        0.0           2.5  1961   0.1   -0.1      0.0
  MONTH TO DATE    3.0                       2.6    0.4      0.6
  SINCE MAR 1      5.5                      17.7  -12.2      3.8
  SINCE JUL 1    103.2                      81.6   21.6     68.4
  SNOW DEPTH       0

DEGREE DAYS
 HEATING
  YESTERDAY       16                        21     -5       13
  MONTH TO DATE  240                       305    -65      285
  SINCE MAR 1   1136                      1302   -166     1106
  SINCE JUL 1   5976                      6501   -525     6018

 COOLING
  YESTERDAY        0                         0      0        0
  MONTH TO DATE    0                         0      0        0
  SINCE MAR 1      0                         0      0        0
  SINCE JAN 1      0                         0      0        0
...................................................................


WIND (MPH)
  HIGHEST WIND SPEED    17   HIGHEST WIND DIRECTION    SE (120)
  HIGHEST GUST SPEED    19   HIGHEST GUST DIRECTION    SE (120)
  AVERAGE WIND SPEED     3.6


SKY COVER
  AVERAGE SKY COVER 0.2


WEATHER CONDITIONS
THE FOLLOWING WEATHER WAS RECORDED YESTERDAY.
  LIGHT RAIN
  FOG


RELATIVE HUMIDITY (PERCENT)
 HIGHEST   100           100 AM
 LOWEST     40           400 PM
 AVERAGE    70

..........................................................


THE BINGHAMTON NY CLIMATE NORMALS FOR TODAY
                         NORMAL    RECORD    YEAR
 MAXIMUM TEMPERATURE (F)   54        79      1968
 MINIMUM TEMPERATURE (F)   35        22      1957


SUNRISE AND SUNSET
APRIL 14 2021.........SUNRISE   624 AM EDT   SUNSET   745 PM EDT
APRIL 15 2021.........SUNRISE   623 AM EDT   SUNSET   746 PM EDT


-  INDICATES NEGATIVE NUMBERS.
R  INDICATES RECORD WAS SET OR TIED.
MM INDICATES DATA IS MISSING.
T  INDICATES TRACE AMOUNT.




$$
