000
CDUS41 KCLE 050529
CLICLE


CLIMATE REPORT
NATIONAL WEATHER SERVICE CLEVELAND OH
128 AM EDT SAT MAY 5 2018


...................................

...THE CLEVELAND OH CLIMATE SUMMARY FOR MAY 4 2018...

CLIMATE NORMAL PERIOD 1981 TO 2010
CLIMATE RECORD PERIOD 1871 TO 2018


WEATHER ITEM   OBSERVED TIME   RECORD YEAR NORMAL DEPARTURE LAST
                VALUE   (LST)  VALUE       VALUE  FROM      YEAR
                                                  NORMAL
..................................................................
TEMPERATURE (F)
 YESTERDAY
  MAXIMUM         83    131 PM  88    1949  66     17       56
  MINIMUM         56   1159 PM  28    1971  46     10       48
                                      1961
  AVERAGE         70                        56     14       52

PRECIPITATION (IN)
  YESTERDAY        0.06                      0.12  -0.06     0.52
  MONTH TO DATE    0.77                      0.45   0.32     1.19
  SINCE MAR 1      9.16                      6.87   2.29     9.70
  SINCE JAN 1     14.68                     11.93   2.75    17.16

SNOWFALL (IN)
  YESTERDAY        0.0                       0.0    0.0      0.0
  MONTH TO DATE    0.0                       0.1   -0.1      0.0
  SINCE MAR 1     15.7                      16.0   -0.3     12.1
  SINCE JUL 1     52.8                      68.2  -15.4     37.3
  SNOW DEPTH       0

DEGREE DAYS
 HEATING
  YESTERDAY        0                        10    -10       13
  MONTH TO DATE    0                        40    -40       42
  SINCE MAR 1   1575                      1334    241     1086
  SINCE JUL 1   5562                      5551     11     4397

 COOLING
  YESTERDAY        5                         1      4        0
  MONTH TO DATE   23                         4     19        0
  SINCE MAR 1     23                        15      8       31
  SINCE JAN 1     26                        15     11       31
..................................................................


WIND (MPH)
  HIGHEST WIND SPEED    39   HIGHEST WIND DIRECTION    SW (240)
  HIGHEST GUST SPEED    50   HIGHEST GUST DIRECTION    SW (240)
  AVERAGE WIND SPEED    15.4


SKY COVER
  POSSIBLE SUNSHINE  MM
  AVERAGE SKY COVER 0.7


WEATHER CONDITIONS
 THE FOLLOWING WEATHER WAS RECORDED YESTERDAY.
  THUNDERSTORM
  LIGHT RAIN
  FOG


RELATIVE HUMIDITY (PERCENT)
 HIGHEST    81           500 AM
 LOWEST     48           600 PM
 AVERAGE    65

..........................................................


THE CLEVELAND OH CLIMATE NORMALS FOR TODAY
                         NORMAL    RECORD    YEAR
 MAXIMUM TEMPERATURE (F)   66        89      1949
 MINIMUM TEMPERATURE (F)   47        30      1968


SUNRISE AND SUNSET
MAY  5 2018...........SUNRISE   620 AM EDT   SUNSET   829 PM EDT
MAY  6 2018...........SUNRISE   618 AM EDT   SUNSET   830 PM EDT


-  INDICATES NEGATIVE NUMBERS.
R  INDICATES RECORD WAS SET OR TIED.
MM INDICATES DATA IS MISSING.
T  INDICATES TRACE AMOUNT.




$$
