000
CDUS43 KFSD 152227
CLISUX


CLIMATE REPORT
NATIONAL WEATHER SERVICE SIOUX FALLS SD
527 PM CDT SUN APR 15 2018


...................................

...THE SIOUX CITY IA CLIMATE SUMMARY FOR APRIL 15 2018...
VALID TODAY AS OF 0500 PM LOCAL TIME.

CLIMATE NORMAL PERIOD 1981 TO 2010
CLIMATE RECORD PERIOD 1889 TO 2018


WEATHER ITEM   OBSERVED TIME   RECORD YEAR NORMAL DEPARTURE LAST
                VALUE   (LST)  VALUE       VALUE  FROM      YEAR
                                                  NORMAL
..................................................................
TEMPERATURE (F)
 TODAY
  MAXIMUM         30    357 PM  96    2002  62    -32       78
  MINIMUM         22    701 AM  16    2014  37    -15       54
  AVERAGE         26                        49    -23       66

PRECIPITATION (IN)
  TODAY            T             2.01 2011   0.09  -0.09     0.28
  MONTH TO DATE    0.69                      1.36  -0.67     0.92
  SINCE MAR 1      2.64                      3.36  -0.72     2.43
  SINCE JAN 1      5.07                      4.65   0.42     4.02

SNOWFALL (IN)
  TODAY            T             1.1  1953   0.1   -0.1      0.0
  MONTH TO DATE    7.0                       1.3    5.7       T
  SINCE MAR 1     10.9                       7.8    3.1      3.1
  SINCE JUL 1     42.7                      34.3    8.4     28.6
  SNOW DEPTH       6

DEGREE DAYS
 HEATING
  TODAY           39                        16     23        0
  MONTH TO DATE  466                       282    184      200
  SINCE MAR 1   1329                      1166    163      969
  SINCE JUL 1   6663                      6460    203     5206

 COOLING
  TODAY            0                         0      0        1
  MONTH TO DATE    0                         0      0        1
  SINCE MAR 1      0                         0      0        1
  SINCE JAN 1      0                         0      0        1
..................................................................


WIND (MPH)
  HIGHEST WIND SPEED    29   HIGHEST WIND DIRECTION    NW (330)
  HIGHEST GUST SPEED    35   HIGHEST GUST DIRECTION     N (340)
  AVERAGE WIND SPEED    20.6


SKY COVER
  POSSIBLE SUNSHINE  MM
  AVERAGE SKY COVER 1.0


WEATHER CONDITIONS
 THE FOLLOWING WEATHER WAS RECORDED TODAY.
  LIGHT SNOW
  FOG
  BLOWING SNOW


RELATIVE HUMIDITY (PERCENT)
 HIGHEST    84           400 AM
 LOWEST     63           100 PM
 AVERAGE    74

..........................................................


THE SIOUX CITY IA CLIMATE NORMALS FOR TOMORROW
                         NORMAL    RECORD    YEAR
 MAXIMUM TEMPERATURE (F)   63        90      2004
 MINIMUM TEMPERATURE (F)   37        20      1904


SUNRISE AND SUNSET
APRIL 15 2018.........SUNRISE   644 AM CDT   SUNSET   807 PM CDT
APRIL 16 2018.........SUNRISE   643 AM CDT   SUNSET   808 PM CDT


-  INDICATES NEGATIVE NUMBERS.
R  INDICATES RECORD WAS SET OR TIED.
MM INDICATES DATA IS MISSING.
T  INDICATES TRACE AMOUNT.




$$
