000
CDUS43 KMPX 122123
CLIEAU


CLIMATE REPORT
NATIONAL WEATHER SERVICE CHANHASSEN MN
423 PM CDT SAT MAY 12 2018


...................................

...THE EAU CLAIRE WI CLIMATE SUMMARY FOR MAY 12 2018...
VALID TODAY AS OF 0400 PM LOCAL TIME.

CLIMATE NORMAL PERIOD 1981 TO 2010
CLIMATE RECORD PERIOD 1893 TO 2018


WEATHER ITEM   OBSERVED TIME   RECORD YEAR NORMAL DEPARTURE LAST
                VALUE   (LST)  VALUE       VALUE  FROM      YEAR
                                                  NORMAL
..................................................................
TEMPERATURE (F)
 TODAY
  MAXIMUM         64    213 PM  92    1900  69     -5       72
  MINIMUM         37    404 AM  26    1967  44     -7       37
  AVERAGE         51                        56     -5       55

PRECIPITATION (IN)
  TODAY            0.00          1.86 1963   0.11  -0.11     0.00
  MONTH TO DATE    1.24                      1.29  -0.05     0.67
  SINCE MAR 1      3.76                      5.77  -2.01     6.73
  SINCE JAN 1      6.22                      7.47  -1.25    10.81

SNOWFALL (IN)
  TODAY            0.0           2.0  1946   0.0    0.0      0.0
  MONTH TO DATE    0.0                       0.2   -0.2       T
  SINCE MAR 1     25.4                      10.7   14.7      5.6
  SINCE JUL 1     64.4                      47.0   17.4     54.5
  SNOW DEPTH       0

DEGREE DAYS
 HEATING
  TODAY           14                         9      5       10
  MONTH TO DATE   66                       128    -62      158
  SINCE MAR 1   2061                      1748    313     1729
  SINCE JUL 1   8223                      7768    455     6839

 COOLING
  TODAY            0                         1     -1        0
  MONTH TO DATE    4                         6     -2        0
  SINCE MAR 1      5                        10     -5        0
  SINCE JAN 1      5                        10     -5        0
..................................................................


WIND (MPH)
  HIGHEST WIND SPEED    15   HIGHEST WIND DIRECTION     E (80)
  HIGHEST GUST SPEED    21   HIGHEST GUST DIRECTION     E (80)
  AVERAGE WIND SPEED     7.5


SKY COVER
  POSSIBLE SUNSHINE  MM
  AVERAGE SKY COVER 0.0


WEATHER CONDITIONS
 THE FOLLOWING WEATHER WAS RECORDED TODAY.
  NO SIGNIFICANT WEATHER WAS OBSERVED.


RELATIVE HUMIDITY (PERCENT)
 HIGHEST    85           500 AM
 LOWEST     27          1200 PM
 AVERAGE    56

..........................................................


THE EAU CLAIRE WI CLIMATE NORMALS FOR TOMORROW
                         NORMAL    RECORD    YEAR
 MAXIMUM TEMPERATURE (F)   69        90      1900
 MINIMUM TEMPERATURE (F)   45        26      1953


SUNRISE AND SUNSET
MAY 12 2018...........SUNRISE   541 AM CDT   SUNSET   825 PM CDT
MAY 13 2018...........SUNRISE   540 AM CDT   SUNSET   826 PM CDT


-  INDICATES NEGATIVE NUMBERS.
R  INDICATES RECORD WAS SET OR TIED.
MM INDICATES DATA IS MISSING.
T  INDICATES TRACE AMOUNT.




$$
