872
CDUS41 KOKX 080618
CLIBDR


CLIMATE REPORT
NATIONAL WEATHER SERVICE NEW YORK NY
217 AM EDT SUN APR 8 2018


...................................

...THE BRIDGEPORT CT CLIMATE SUMMARY FOR APRIL 7 2018...

CLIMATE NORMAL PERIOD 1981 TO 2010
CLIMATE RECORD PERIOD 1948 TO 2018


WEATHER ITEM   OBSERVED TIME   RECORD YEAR NORMAL DEPARTURE LAST
                VALUE   (LST)  VALUE       VALUE  FROM      YEAR
                                                  NORMAL
..................................................................
TEMPERATURE (F)
 YESTERDAY
  MAXIMUM         48    135 PM  81    2010  55     -7       51
  MINIMUM         35   1159 PM  18    1982  38     -3       41
  AVERAGE         42                        46     -4       46

PRECIPITATION (IN)
  YESTERDAY        0.00          1.78 1953   0.14  -0.14      T
  MONTH TO DATE    1.10                      0.98   0.12     3.03
  SINCE MAR 1      5.08                      5.03   0.05     7.37
  SINCE JAN 1     14.01                     10.92   3.09    12.56

SNOWFALL (IN)
  YESTERDAY        0.0           2.0  2003   0.1   -0.1      0.0
  MONTH TO DATE    6.0                       0.4    5.6      0.0
  SINCE OCT 1     45.9                      27.1   18.8     40.9
  SINCE JUL 1     45.9                      27.1   18.8     40.9
  SNOW DEPTH       0

DEGREE DAYS
 HEATING
  YESTERDAY       23                        19      4       19
  MONTH TO DATE  164                       138     26      121
  SINCE MAR 1    951                       935     16      969
  SINCE JUL 1   4550                      4822   -272     4136

 COOLING
  YESTERDAY        0                         0      0        0
  MONTH TO DATE    0                         0      0        0
  SINCE MAR 1      0                         0      0        0
  SINCE JAN 1      0                         0      0        0
..................................................................


WIND (MPH)
  HIGHEST WIND SPEED    17   HIGHEST WIND DIRECTION    SW (210)
  HIGHEST GUST SPEED    21   HIGHEST GUST DIRECTION    NW (330)
  AVERAGE WIND SPEED    10.4


SKY COVER
  AVERAGE SKY COVER 0.6


WEATHER CONDITIONS
 THE FOLLOWING WEATHER WAS RECORDED YESTERDAY.
  NO SIGNIFICANT WEATHER WAS OBSERVED.


RELATIVE HUMIDITY (PERCENT)
 HIGHEST    82          1200 AM
 LOWEST     26           100 PM
 AVERAGE    54

..........................................................


THE BRIDGEPORT CT CLIMATE NORMALS FOR TODAY
                         NORMAL    RECORD    YEAR
 MAXIMUM TEMPERATURE (F)   55        84      1991
 MINIMUM TEMPERATURE (F)   39        23      1982


SUNRISE AND SUNSET
APRIL  8 2018.........SUNRISE   624 AM EDT   SUNSET   725 PM EDT
APRIL  9 2018.........SUNRISE   623 AM EDT   SUNSET   726 PM EDT


-  INDICATES NEGATIVE NUMBERS.
R  INDICATES RECORD WAS SET OR TIED.
MM INDICATES DATA IS MISSING.
T  INDICATES TRACE AMOUNT.




$$
