631
CDUS41 KOKX 140617
CLIBDR


CLIMATE REPORT
NATIONAL WEATHER SERVICE NEW YORK NY
217 AM EDT SAT APR 14 2018


...................................

...THE BRIDGEPORT CT CLIMATE SUMMARY FOR APRIL 13 2018...

CLIMATE NORMAL PERIOD 1981 TO 2010
CLIMATE RECORD PERIOD 1948 TO 2018


WEATHER ITEM   OBSERVED TIME   RECORD YEAR NORMAL DEPARTURE LAST
                VALUE   (LST)  VALUE       VALUE  FROM      YEAR
                                                  NORMAL
..................................................................
TEMPERATURE (F)
 YESTERDAY
  MAXIMUM         72    410 PM  74    1968  57     15       64
  MINIMUM         45    449 AM  28    1967  40      5       44
  AVERAGE         59                        49     10       54

PRECIPITATION (IN)
  YESTERDAY        T             3.08 2004   0.15  -0.15     0.00
  MONTH TO DATE    1.15                      1.87  -0.72     3.11
  SINCE MAR 1      5.13                      5.92  -0.79     7.45
  SINCE JAN 1     14.06                     11.81   2.25    12.64

SNOWFALL (IN)
  YESTERDAY        0.0           0.0  2002   0.0    0.0      0.0
                                      2001
                                      1961
  MONTH TO DATE    6.0                       0.6    5.4      0.0
  SINCE OCT 1     45.9                      27.3   18.6     40.9
  SINCE JUL 1     45.9                      27.3   18.6     40.9
  SNOW DEPTH       0

DEGREE DAYS
 HEATING
  YESTERDAY        6                        16    -10       11
  MONTH TO DATE  297                       242     55      186
  SINCE MAR 1   1084                      1039     45     1034
  SINCE JUL 1   4683                      4926   -243     4201

 COOLING
  YESTERDAY        0                         0      0        0
  MONTH TO DATE    0                         0      0        0
  SINCE MAR 1      0                         0      0        0
  SINCE JAN 1      0                         0      0        0
..................................................................


WIND (MPH)
  HIGHEST WIND SPEED    14   HIGHEST WIND DIRECTION     S (160)
  HIGHEST GUST SPEED    19   HIGHEST GUST DIRECTION     S (160)
  AVERAGE WIND SPEED     5.8


SKY COVER
  AVERAGE SKY COVER 0.1


WEATHER CONDITIONS
 THE FOLLOWING WEATHER WAS RECORDED YESTERDAY.
  NO SIGNIFICANT WEATHER WAS OBSERVED.


RELATIVE HUMIDITY (PERCENT)
 HIGHEST    82           400 AM
 LOWEST     38           400 PM
 AVERAGE    60

..........................................................


THE BRIDGEPORT CT CLIMATE NORMALS FOR TODAY
                         NORMAL    RECORD    YEAR
 MAXIMUM TEMPERATURE (F)   57        73      1949
 MINIMUM TEMPERATURE (F)   41        26      1950


SUNRISE AND SUNSET
APRIL 14 2018.........SUNRISE   615 AM EDT   SUNSET   731 PM EDT
APRIL 15 2018.........SUNRISE   613 AM EDT   SUNSET   733 PM EDT


-  INDICATES NEGATIVE NUMBERS.
R  INDICATES RECORD WAS SET OR TIED.
MM INDICATES DATA IS MISSING.
T  INDICATES TRACE AMOUNT.




$$
