000
CXUS53 KDLH 251303
CF6HIB
PRELIMINARY LOCAL CLIMATOLOGICAL DATA (WS FORM: F-6)

                                          STATION:   HIBBING
                                          MONTH:     FEBRUARY
                                          YEAR:      2020
                                          LATITUDE:   47 22 N
                                          LONGITUDE:  92 50 W

  TEMPERATURE IN F:       :PCPN:    SNOW:  WIND      :SUNSHINE: SKY     :PK WND
================================================================================
1   2   3   4   5  6A  6B    7    8   9   10  11  12  13   14  15   16   17  18
                                     12Z  AVG MX 2MIN
DY MAX MIN AVG DEP HDD CDD  WTR  SNW DPTH SPD SPD DIR MIN PSBL S-S WX    SPD DR
================================================================================

 1  33  19  26  18  39   0    M    M    M  5.4 14 250   M    M   6 128    22 220
 2  36  12  24  16  41   0    M    M    M  7.8 28 300   M    M   8 18     37 300
 3  28   0  14   6  51   0    M    M    M 12.1 22 310   M    M   0        28 310
 4  12 -17  -2 -10  67   0    M    M    M  4.7 17 330   M    M   1 8      21 330
 5  31 -20   6  -3  59   0    M    M    M  4.0 16 260   M    M   1 18     30 250
 6  28 -12   8  -1  57   0    M    M    M  2.5 10 200   M    M   3 18     15 200
 7  18 -14   2  -7  63   0    M    M    M  5.7 14 360   M    M   9 18     18  10
 8  17 -23  -3 -13  68   0    M    M    M  2.1 10 200   M    M   7 128    17 220
 9  15 -12   2  -8  63   0    M    M    M  4.6 15 320   M    M   5 189    19 320
10  26 -14   6  -4  59   0    M    M    M  6.0 18 300   M    M   9 128    26 300
11  27  13  20  10  45   0    M    M    M  8.2 18 310   M    M   7 128    26 250
12   M   M   M   M   M   M    M    M    M   M   M   M   M    M   M 189     M  M
13   M   M   M   M   M   M    M    M    M   M   M   M   M    M   M         M  M
14  16 -32  -8 -20  73   0    M    M    M  7.5 22 180   M    M   2 18     40 210
15  27   3  15   3  50   0    M    M    M  9.7 23 300   M    M   6 128    36 290
16  13 -16  -1 -13  66   0    M    M    M  2.1 13 320   M    M   0        16 310
17  23 -11   6  -7  59   0    M    M    M  4.3 13 330   M    M   9 128    17 330
18  15  -7   4  -9  61   0    M    M    M 13.3 28 310   M    M   6 189    38 310
19   7 -27 -10 -23  75   0    M    M    M  7.8 18 310   M    M   0 18     21 310
20  19 -33  -7 -21  72   0    M    M    M  4.8 14 250   M    M   0 18     27 220
21  40  -1  20   6  45   0    M    M    M  5.3 14 220   M    M   0 1      23 220
22  49  -6  22   7  43   0    M    M    M  3.1 13 210   M    M   0 128    20 200
23  40   7  24   9  41   0    M    M    M  7.9 26 300   M    M   2 128    43 310
24  38   7  23   8  42   0    M    M    M  4.2 13 330   M    M   0 1      19 320
================================================================================
SM  558 -184      1239   0    M     M    133.1          M       81
================================================================================
AV 25.4 -8.4                               6.1 FASTST   M    M   4    MAX(MPH)
                                 MISC ---->  # 28 300               # 43  310
================================================================================
NOTES:
# LAST OF SEVERAL OCCURRENCES

COLUMN 17 PEAK WIND IN M.P.H.

PRELIMINARY LOCAL CLIMATOLOGICAL DATA (WS FORM: F-6) , PAGE 2

                                          STATION:  HIBBING
                                          MONTH:    FEBRUARY
                                          YEAR:     2020
                                          LATITUDE:   47 22 N
                                          LONGITUDE:  92 50 W

[TEMPERATURE DATA]      [PRECIPITATION DATA]       SYMBOLS USED IN COLUMN 16

AVERAGE MONTHLY:  8.5   TOTAL FOR MONTH:      M    1 = FOG OR MIST
DPTR FM NORMAL:  -2.7   DPTR FM NORMAL:       M    2 = FOG REDUCING VISIBILITY
HIGHEST:    49 ON 22    GRTST 24HR  0.00 ON 31- 1      TO 1/4 MILE OR LESS
LOWEST:    -33 ON 20                               3 = THUNDER
                        SNOW, ICE PELLETS, HAIL    4 = ICE PELLETS
                        TOTAL MONTH:    M          5 = HAIL
                        GRTST 24HR    M  ON   M    6 = FREEZING RAIN OR DRIZZLE
                        GRTST DEPTH:  M  ON   M    7 = DUSTSTORM OR SANDSTORM:
                                                       VSBY 1/2 MILE OR LESS
                                                   8 = SMOKE OR HAZE
[NO. OF DAYS WITH]      [WEATHER - DAYS WITH]      9 = BLOWING SNOW
                                                   X = TORNADO
MAX 32 OR BELOW:  16    0.01 INCH OR MORE:   0
MAX 90 OR ABOVE:   0    0.10 INCH OR MORE:   0
MIN 32 OR BELOW:  22    0.50 INCH OR MORE:   0
MIN  0 OR BELOW:  16    1.00 INCH OR MORE:   0

[HDD (BASE 65) ]
TOTAL THIS MO.  1239    CLEAR  (SCALE 0-3)  12
DPTR FM NORMAL   -53    PTCLDY (SCALE 4-7)   6
TOTAL FM JUL 1  7047    CLOUDY (SCALE 8-10)  4
DPTR FM NORMAL  -221

[CDD (BASE 65) ]
TOTAL THIS MO.     0
DPTR FM NORMAL     0    [PRESSURE DATA]
TOTAL FM JAN 1     0    HIGHEST SLP M ON M
DPTR FM NORMAL     0    LOWEST  SLP 29.29 ON  2

[REMARKS]
