000
CXUS53 KDLH 200657
CF6HIB
PRELIMINARY LOCAL CLIMATOLOGICAL DATA (WS FORM: F-6)

                                          STATION:   HIBBING
                                          MONTH:     NOVEMBER
                                          YEAR:      2018
                                          LATITUDE:   47 22 N
                                          LONGITUDE:  92 50 W

  TEMPERATURE IN F:       :PCPN:    SNOW:  WIND      :SUNSHINE: SKY     :PK WND
================================================================================
1   2   3   4   5  6A  6B    7    8   9   10  11  12  13   14  15   16   17  18
                                     12Z  AVG MX 2MIN
DY MAX MIN AVG DEP HDD CDD  WTR  SNW DPTH SPD SPD DIR MIN PSBL S-S WX    SPD DR
================================================================================

 1  38  26  32  -2  33   0    M    M    M  2.0  9 340   M    M   9        11 340
 2  40  20  30  -4  35   0    M    M    M  1.7  8  70   M    M   4        11  20
 3  42  21  32  -1  33   0    M    M    M  1.2  7 120   M    M   6         8 140
 4  40  24  32  -1  33   0    M    M    M  7.0 17  90   M    M   5 1      23  90
 5  38  32  35   3  30   0    M    M    M  2.5  9 160   M    M  10 1      12 180
 6  37  30  34   3  31   0    M    M    M  4.8 12 280   M    M  10 1      17 290
 7  31  20  26  -5  39   0    M    M    M 13.2 28 330   M    M  10 1      33 300
 8  20  15  18 -12  47   0    M    M    M  3.5 10 300   M    M  10 18     13 280
 9  21  13  17 -13  48   0    M    M    M 12.7 26 340   M    M  10 19     33 330
10  18   4  11 -18  54   0    M    M    M  5.8 16 330   M    M   7 18     20 330
11  21  13  17 -12  48   0    M    M    M  5.7 15 310   M    M  10 18     20 300
12  17   0   9 -19  56   0    M    M    M 10.4 21 320   M    M   9 189    27 320
13  15 -10   3 -24  62   0    M    M    M  3.1 12 240   M    M   5 8      18 240
14  34   9  22  -5  43   0    M    M    M  7.7 16 170   M    M   4        24 190
15  35  26  31   5  34   0    M    M    M  7.6 26 330   M    M   7 18     31 310
16  26  17  22  -4  43   0    M    M    M 12.9 24 310   M    M  10 18     30 320
17  17  -6   6 -19  59   0    M    M    M  7.4 20 330   M    M   5 189    24 320
18  20  -2   9 -16  56   0    M    M    M  3.6 13 270   M    M   8 18     19 270
19  17 -10   4 -20  61   0    M    M    M  6.7 17 330   M    M   6 189    19 340
================================================================================
SM  527  242       845   0    M     M    119.5          M      145
================================================================================
AV 27.7 12.7                               6.3 FASTST   M    M   8    MAX(MPH)
                                 MISC ---->  # 28 330               # 33  300
================================================================================
NOTES:
# LAST OF SEVERAL OCCURRENCES

COLUMN 17 PEAK WIND IN M.P.H.

PRELIMINARY LOCAL CLIMATOLOGICAL DATA (WS FORM: F-6) , PAGE 2

                                          STATION:  HIBBING
                                          MONTH:    NOVEMBER
                                          YEAR:     2018
                                          LATITUDE:   47 22 N
                                          LONGITUDE:  92 50 W

[TEMPERATURE DATA]      [PRECIPITATION DATA]       SYMBOLS USED IN COLUMN 16

AVERAGE MONTHLY: 20.2   TOTAL FOR MONTH:      M    1 = FOG OR MIST
DPTR FM NORMAL:  -8.9   DPTR FM NORMAL:       M    2 = FOG REDUCING VISIBILITY
HIGHEST:    42 ON  3    GRTST 24HR  0.00 ON 31- 1      TO 1/4 MILE OR LESS
LOWEST:    -10 ON 19,13                            3 = THUNDER
                        SNOW, ICE PELLETS, HAIL    4 = ICE PELLETS
                        TOTAL MONTH:    M          5 = HAIL
                        GRTST 24HR    M  ON   M    6 = FREEZING RAIN OR DRIZZLE
                        GRTST DEPTH:  M  ON   M    7 = DUSTSTORM OR SANDSTORM:
                                                       VSBY 1/2 MILE OR LESS
                                                   8 = SMOKE OR HAZE
[NO. OF DAYS WITH]      [WEATHER - DAYS WITH]      9 = BLOWING SNOW
                                                   X = TORNADO
MAX 32 OR BELOW:  11    0.01 INCH OR MORE:   0
MAX 90 OR ABOVE:   0    0.10 INCH OR MORE:   0
MIN 32 OR BELOW:  19    0.50 INCH OR MORE:   0
MIN  0 OR BELOW:   5    1.00 INCH OR MORE:   0

[HDD (BASE 65) ]
TOTAL THIS MO.   845    CLEAR  (SCALE 0-3)   0
DPTR FM NORMAL   162    PTCLDY (SCALE 4-7)   9
TOTAL FM JUL 1  2236    CLOUDY (SCALE 8-10) 10
DPTR FM NORMAL   222

[CDD (BASE 65) ]
TOTAL THIS MO.     0
DPTR FM NORMAL     0    [PRESSURE DATA]
TOTAL FM JAN 1   162    HIGHEST SLP M ON M
DPTR FM NORMAL    15    LOWEST  SLP 29.59 ON  6

[REMARKS]
