000
CXUS53 KDLH 210657
CF6HIB
PRELIMINARY LOCAL CLIMATOLOGICAL DATA (WS FORM: F-6)

                                          STATION:   HIBBING
                                          MONTH:     AUGUST
                                          YEAR:      2018
                                          LATITUDE:   47 22 N
                                          LONGITUDE:  92 50 W

  TEMPERATURE IN F:       :PCPN:    SNOW:  WIND      :SUNSHINE: SKY     :PK WND
================================================================================
1   2   3   4   5  6A  6B    7    8   9   10  11  12  13   14  15   16   17  18
                                     12Z  AVG MX 2MIN
DY MAX MIN AVG DEP HDD CDD  WTR  SNW DPTH SPD SPD DIR MIN PSBL S-S WX    SPD DR
================================================================================

 1  65  52  59  -5   6   0 0.16    M    M  7.0 14  10   M    M   9 138    19 360
 2  66  47  57  -7   8   0 0.00    M    M  3.2  9 150   M    M   6        15 160
 3  71  41  56  -8   9   0    T    M    M  6.9 18 140   M    M   3 13     24 170
 4  71  54  63  -1   2   0 0.19    M    M  5.6 15 150   M    M   7 12     25 170
 5  84  60  72   8   0   7 0.00    M    M  5.5 15 240   M    M   3 12     25 260
 6  73  47  60  -4   5   0 0.00    M    M  4.9 14 330   M    M   4 1      18 300
 7  78  42  60  -4   5   0 0.00    M    M  1.9 10 300   M    M   2 12     12 260
 8  82  49  66   2   0   1 0.00    M    M  3.6 15 300   M    M   2 12     19 300
 9  83  52  68   4   0   3 0.00    M    M  5.4 16 320   M    M   1 12     20 320
10  83  47  65   1   0   0 0.00    M    M  2.7 10 300   M    M   0 128    14 320
11  86  52  69   5   0   4 0.00    M    M  0.6  7 160   M    M   2 128    12 150
12  86  53  70   7   0   5 0.00    M    M  4.4 14 160   M    M   3 128    19 160
13  87  64  76  13   0  11 0.00    M    M  5.8 15 250   M    M   0 1      24 200
14  73  52  63   0   2   0 0.00    M    M  6.9 16 330   M    M   2        20 340
15  78  47  63   0   2   0 0.00    M    M  2.5  8  40   M    M   0 12     11  40
16  83  47  65   2   0   0 0.00    M    M  1.2  8 320   M    M   3 12     11 130
17  82  54  68   5   0   3 0.00    M    M  5.4 12 140   M    M   1 18     14 140
18  76  57  67   5   0   2 0.00    M    M  4.6  9 200   M    M   6 128    12 200
19  76  54  65   3   0   0 0.00    M    M  3.5 13 350   M    M   6 128    17 340
20  73  51  62   0   3   0 0.03    M    M  6.0 13  20   M    M   7 18     20  10
================================================================================
SM 1556 1022        42  36  0.38    M     87.6          M       67
================================================================================
AV 77.8 51.1                               4.4 FASTST   M    M   3    MAX(MPH)
                                 MISC ---->  # 18 140               # 25  170
================================================================================
NOTES:
# LAST OF SEVERAL OCCURRENCES

COLUMN 17 PEAK WIND IN M.P.H.

PRELIMINARY LOCAL CLIMATOLOGICAL DATA (WS FORM: F-6) , PAGE 2

                                          STATION:  HIBBING
                                          MONTH:    AUGUST
                                          YEAR:     2018
                                          LATITUDE:   47 22 N
                                          LONGITUDE:  92 50 W

[TEMPERATURE DATA]      [PRECIPITATION DATA]       SYMBOLS USED IN COLUMN 16

AVERAGE MONTHLY: 64.5   TOTAL FOR MONTH:   0.38    1 = FOG OR MIST
DPTR FM NORMAL:   1.1   DPTR FM NORMAL:   -1.65    2 = FOG REDUCING VISIBILITY
HIGHEST:    87 ON 13    GRTST 24HR  0.19 ON  4- 4      TO 1/4 MILE OR LESS
LOWEST:     41 ON  3                               3 = THUNDER
                        SNOW, ICE PELLETS, HAIL    4 = ICE PELLETS
                        TOTAL MONTH:    M          5 = HAIL
                        GRTST 24HR    M  ON   M    6 = FREEZING RAIN OR DRIZZLE
                        GRTST DEPTH:  M  ON   M    7 = DUSTSTORM OR SANDSTORM:
                                                       VSBY 1/2 MILE OR LESS
                                                   8 = SMOKE OR HAZE
[NO. OF DAYS WITH]      [WEATHER - DAYS WITH]      9 = BLOWING SNOW
                                                   X = TORNADO
MAX 32 OR BELOW:   0    0.01 INCH OR MORE:   3
MAX 90 OR ABOVE:   0    0.10 INCH OR MORE:   2
MIN 32 OR BELOW:   0    0.50 INCH OR MORE:   0
MIN  0 OR BELOW:   0    1.00 INCH OR MORE:   0

[HDD (BASE 65) ]
TOTAL THIS MO.    42    CLEAR  (SCALE 0-3)  11
DPTR FM NORMAL   -24    PTCLDY (SCALE 4-7)   8
TOTAL FM JUL 1   107    CLOUDY (SCALE 8-10)  1
DPTR FM NORMAL   -45

[CDD (BASE 65) ]
TOTAL THIS MO.    36
DPTR FM NORMAL     2    [PRESSURE DATA]
TOTAL FM JAN 1   143    HIGHEST SLP M ON M
DPTR FM NORMAL    17    LOWEST  SLP 29.71 ON  4

[REMARKS]
