000
CXUS53 KDLH 240638
CF6HIB
PRELIMINARY LOCAL CLIMATOLOGICAL DATA (WS FORM: F-6)

                                          STATION:   HIBBING
                                          MONTH:     FEBRUARY
                                          YEAR:      2018
                                          LATITUDE:   47 22 N
                                          LONGITUDE:  92 50 W

  TEMPERATURE IN F:       :PCPN:    SNOW:  WIND      :SUNSHINE: SKY     :PK WND
================================================================================
1   2   3   4   5  6A  6B    7    8   9   10  11  12  13   14  15   16   17  18
                                     12Z  AVG MX 2MIN
DY MAX MIN AVG DEP HDD CDD  WTR  SNW DPTH SPD SPD DIR MIN PSBL S-S WX    SPD DR
================================================================================

 1   0 -11  -5 -13  70   0    M    M    M 14.4 25 320   M    M   5 8      32 320
 2   5 -27 -11 -19  76   0    M    M    M  2.2 10 260   M    M   7 18     14 290
 3   4 -13  -4 -12  69   0    M    M    M  6.3 14 360   M    M   7 18     17 360
 4   0 -22 -11 -19  76   0    M    M    M  7.4 15 280   M    M   2 18     23 280
 5   4 -20  -8 -17  73   0    M    M    M  6.8 18 330   M    M   5 89     20 320
 6   7 -30 -11 -20  76   0    M    M    M  3.5 13 230   M    M   3 18     20 220
 7  10 -18  -4 -13  69   0    M    M    M  3.2 12 310   M    M   3 18     16 230
 8   4 -20  -8 -18  73   0    M    M    M  7.8 16 320   M    M   4 18     21 310
 9   6 -23  -8 -18  73   0    M    M    M  5.0 13 330   M    M   1        17 290
10  13 -20  -3 -13  68   0    M    M    M  4.0 10 200   M    M   0 18     15 220
11  13 -19  -3 -13  68   0    M    M    M  9.2 25 310   M    M   3 18     31 300
12   4 -15  -5 -16  70   0    M    M    M  6.3 17 310   M    M   1 8      21 300
13  26 -11   8  -3  57   0    M    M    M  8.1 20 220   M    M   4 1      28 210
14  45   9  27  15  38   0    M    M    M  5.7 12 200   M    M   1 1      17 220
15  33  -3  15   3  50   0    M    M    M 14.9 24 320   M    M   6        30 320
16  17 -13   2 -10  63   0    M    M    M  7.5 22 310   M    M   1        29 310
17  24   4  14   1  51   0    M    M    M  7.5 20 300   M    M   4        24 310
18  18  -2   8  -5  57   0    M    M    M  6.7 18  10   M    M   9 12     23  20
19  10   3   7  -6  58   0    M    M    M 10.2 21  20   M    M   9 18     25  20
20  12   1   7  -7  58   0    M    M    M  8.9 17 310   M    M  10 18     22 310
21  22 -21   1 -13  64   0    M    M    M  3.6 13 270   M    M   0 1      19 270
22  26 -20   3 -12  62   0    M    M    M  3.8 12 140   M    M   4 18     17 140
23  27   2  15   0  50   0    M    M    M  5.2 15 310   M    M   8 128    19 310
================================================================================
SM  330 -289      1469   0    M     M    158.2          M       97
================================================================================
AV 14.4-12.6                               6.9 FASTST   M    M   4    MAX(MPH)
                                 MISC ---->  # 25 320               # 32  320
================================================================================
NOTES:
# LAST OF SEVERAL OCCURRENCES

COLUMN 17 PEAK WIND IN M.P.H.

PRELIMINARY LOCAL CLIMATOLOGICAL DATA (WS FORM: F-6) , PAGE 2

                                          STATION:  HIBBING
                                          MONTH:    FEBRUARY
                                          YEAR:     2018
                                          LATITUDE:   47 22 N
                                          LONGITUDE:  92 50 W

[TEMPERATURE DATA]      [PRECIPITATION DATA]       SYMBOLS USED IN COLUMN 16

AVERAGE MONTHLY:  0.9   TOTAL FOR MONTH:      M    1 = FOG OR MIST
DPTR FM NORMAL: -10.1   DPTR FM NORMAL:       M    2 = FOG REDUCING VISIBILITY
HIGHEST:    45 ON 14    GRTST 24HR  0.00 ON 31- 1      TO 1/4 MILE OR LESS
LOWEST:    -30 ON  6                               3 = THUNDER
                        SNOW, ICE PELLETS, HAIL    4 = ICE PELLETS
                        TOTAL MONTH:    M          5 = HAIL
                        GRTST 24HR    M  ON   M    6 = FREEZING RAIN OR DRIZZLE
                        GRTST DEPTH:  M  ON   M    7 = DUSTSTORM OR SANDSTORM:
                                                       VSBY 1/2 MILE OR LESS
                                                   8 = SMOKE OR HAZE
[NO. OF DAYS WITH]      [WEATHER - DAYS WITH]      9 = BLOWING SNOW
                                                   X = TORNADO
MAX 32 OR BELOW:  21    0.01 INCH OR MORE:   0
MAX 90 OR ABOVE:   0    0.10 INCH OR MORE:   0
MIN 32 OR BELOW:  23    0.50 INCH OR MORE:   0
MIN  0 OR BELOW:  18    1.00 INCH OR MORE:   0

[HDD (BASE 65) ]
TOTAL THIS MO.  1469    CLEAR  (SCALE 0-3)   8
DPTR FM NORMAL   227    PTCLDY (SCALE 4-7)  11
TOTAL FM JUL 1  7575    CLOUDY (SCALE 8-10)  4
DPTR FM NORMAL   348

[CDD (BASE 65) ]
TOTAL THIS MO.     0
DPTR FM NORMAL     0    [PRESSURE DATA]
TOTAL FM JAN 1     0    HIGHEST SLP M ON M
DPTR FM NORMAL     0    LOWEST  SLP 29.52 ON M

[REMARKS]
