000
CXUS54 KMAF 201100
CF6PRS
PRELIMINARY LOCAL CLIMATOLOGICAL DATA (WS FORM: F-6)

                                          STATION:   Presidio Lely
                                          MONTH:     JUNE
                                          YEAR:      2018
                                          LATITUDE:   29 38 N
                                          LONGITUDE: 104 22 W

  TEMPERATURE IN F:       :PCPN:    SNOW:  WIND      :SUNSHINE: SKY     :PK WND
================================================================================
1   2   3   4   5  6A  6B    7    8   9   10  11  12  13   14  15   16   17  18
                                     12Z  AVG MX 2MIN
DY MAX MIN AVG DEP HDD CDD  WTR  SNW DPTH SPD SPD DIR MIN PSBL S-S WX    SPD DR
================================================================================

 1 109  82  96   M   0  31 0.00  0.0    0  9.1 20  70   M    M   0        30  70
 2 112  79  96   M   0  31 0.01  0.0    0  8.1 22  50   M    M   0 3      32 100
 3 104  67  86   M   0  21 0.36  0.0    0 13.1 36 300   M    M   1 3      46 300
 4 102  70  86   M   0  21 0.00  0.0    0  4.3  9  30   M    M   0        24 260
 5 106  80  93   M   0  28 0.00  0.0    0  5.8 12 350   M    M   0        16 200
 6 106  82  94   M   0  29 0.00  0.0    0  9.0 23  70   M    M   0        29  70
 7 102  78  90   M   0  25 0.00  0.0    0  7.2 22 270   M    M   1        28 270
 8 104  68  86   M   0  21 0.50  0.0    0  8.8 36 330   M    M   2 3      46 330
 9  98  73  86   M   0  21 0.02  0.0    0  7.7 21  10   M    M   2 3      28  10
10  97  71  84   M   0  19 0.04  0.0    0  6.7 23 310   M    M   3 3      32 290
11 105  73  89   M   0  24 0.00  0.0    0  6.7 13 260   M    M   0        21 270
12 105  78  92   M   0  27 0.00  0.0    0  8.5 20  60   M    M   0        27 120
13  99  80  90   M   0  25 0.00  0.0    0 10.6 15  50   M    M   2        28  50
14  99  77  88   M   0  23 0.00  0.0    0  8.5 16  50   M    M   2        21  50
15 100  78  89   M   0  24 0.00  0.0    0  8.0 16 190   M    M   2        25 190
16  99  67  83   M   0  18 1.45  0.0    0 10.0 18  10   M    M   4 3      37 270
17  90  69  80   M   0  15 0.01  0.0    0  6.1 15  50   M    M   4        21  40
18  98  72  85   M   0  20 0.00  0.0    0  5.7 10  50   M    M   0         M  M
19 100  76  88   M   0  23 0.00  0.0    0  8.3 17  60   M    M   0 3      24  30
================================================================================
SM 1935 1420         0 446  2.39     0.0 152.2          M       23
================================================================================
AV101.8 74.7                               8.0 FASTST   M    M   1    MAX(MPH)
                                 MISC ---->  # 36 300               # 46  300
================================================================================
NOTES:
# LAST OF SEVERAL OCCURRENCES

COLUMN 17 PEAK WIND IN M.P.H.

PRELIMINARY LOCAL CLIMATOLOGICAL DATA (WS FORM: F-6) , PAGE 2

                                          STATION:  Presidio Lely
                                          MONTH:    JUNE
                                          YEAR:     2018
                                          LATITUDE:   29 38 N
                                          LONGITUDE: 104 22 W

[TEMPERATURE DATA]      [PRECIPITATION DATA]       SYMBOLS USED IN COLUMN 16

AVERAGE MONTHLY: 88.3   TOTAL FOR MONTH:   2.39    1 = FOG OR MIST
DPTR FM NORMAL:     M   DPTR FM NORMAL:       M    2 = FOG REDUCING VISIBILITY
HIGHEST:   112 ON  2    GRTST 24HR  1.45 ON 16-16      TO 1/4 MILE OR LESS
LOWEST:     67 ON 16, 3                            3 = THUNDER
                        SNOW, ICE PELLETS, HAIL    4 = ICE PELLETS
                        TOTAL MONTH:   0.0 INCH    5 = HAIL
                        GRTST 24HR     0.0         6 = FREEZING RAIN OR DRIZZLE
                        GRTST DEPTH:   0           7 = DUSTSTORM OR SANDSTORM:
                                                       VSBY 1/2 MILE OR LESS
                                                   8 = SMOKE OR HAZE
[NO. OF DAYS WITH]      [WEATHER - DAYS WITH]      9 = BLOWING SNOW
                                                   X = TORNADO
MAX 32 OR BELOW:   0    0.01 INCH OR MORE:   7
MAX 90 OR ABOVE:  19    0.10 INCH OR MORE:   3
MIN 32 OR BELOW:   0    0.50 INCH OR MORE:   2
MIN  0 OR BELOW:   0    1.00 INCH OR MORE:   1

[HDD (BASE 65) ]
TOTAL THIS MO.     0    CLEAR  (SCALE 0-3)  17
DPTR FM NORMAL     M    PTCLDY (SCALE 4-7)   2
TOTAL FM JUL 1  1024    CLOUDY (SCALE 8-10)  0
DPTR FM NORMAL     M

[CDD (BASE 65) ]
TOTAL THIS MO.   446
DPTR FM NORMAL     M    [PRESSURE DATA]
TOTAL FM JAN 1  1571    HIGHEST SLP M ON M
DPTR FM NORMAL     M    LOWEST  SLP M ON M

[REMARKS]
