000
CXUS54 KMAF 011110
CF6PRS
PRELIMINARY LOCAL CLIMATOLOGICAL DATA (WS FORM: F-6)

                                          STATION:   PRESIDIO LELY
                                          MONTH:     MAY
                                          YEAR:      2020
                                          LATITUDE:   29 38 N
                                          LONGITUDE: 104 22 W

  TEMPERATURE IN F:       :PCPN:    SNOW:  WIND      :SUNSHINE: SKY     :PK WND
================================================================================
1   2   3   4   5  6A  6B    7    8   9   10  11  12  13   14  15   16   17  18
                                     12Z  AVG MX 2MIN
DY MAX MIN AVG DEP HDD CDD  WTR  SNW DPTH SPD SPD DIR MIN PSBL S-S WX    SPD DR
================================================================================

 1 103  74  89   M   0  24    M    M    M  7.0 20  60   M    M   0        29  70
 2 102  72  87   M   0  22    M    M    M  7.3 25  50   M    M   0        32  50
 3 102  73  88   M   0  23    M    M    M  6.0 15  60   M    M   0        21  30
 4 103  73  88   M   0  23    M    M    M  7.5 13 280   M    M   0        21 230
 5  92  71  82   M   0  17    M    M    M 12.9 30 350   M    M   0        38 350
 6  97  69  83   M   0  18    M    M    M  9.1 18  60   M    M   0        24  50
 7 103  72  88   M   0  23    M    M    M  6.3 18  30   M    M   0        26  30
 8  86  70  78   M   0  13    M    M    M 14.7 36 360   M    M   1 8      51 360
 9  91  61  76   M   0  11    M    M    M  7.6 14  40   M    M   0        21  40
10  96  67  82   M   0  17 0.12    M    M 10.6 22 360   M    M   1        33 150
11  91  64  78   M   0  13    M    M    M  7.6 22 180   M    M   1        35 180
12  94  60  77   M   0  12    M    M    M  4.7  9  40   M    M   0        21  50
13  96  72  84   M   0  19    M    M    M  5.8 13 180   M    M   0        25 360
14  96  69  83   M   0  18    M    M    M  7.0 15  30   M    M   0        21 210
15  97  74  86   M   0  21    M    M    M  8.6 20 290   M    M   0        32 290
16  99  63  81   M   0  16    M    M    M  9.3 18 270   M    M   0        30 270
17 100  72  86   M   0  21    M    M    M  6.3 12  50   M    M   0        18  30
18 104  74  89   M   0  24    M    M    M  5.9 21 140   M    M   0        26 260
19 105  77  91   M   0  26    M    M    M  8.9 17  30   M    M   0        41 200
20 100  74  87   M   0  22    M    M    M  8.4 14 280   M    M   0        28 300
21  98  68  83   M   0  18    M    M    M  6.7 18 270   M    M   0        25  50
22  99  70  85   M   0  20    M    M    M  5.8 15 170   M    M   0        24 170
23  98  74  86   M   0  21    M    M    M  6.1 18  50   M    M   0        29  50
24  97  73  85   M   0  20    M    M    M  9.7 20 230   M    M   0        31 230
25  95  62  79   M   0  14    M    M    M 10.0 25  20   M    M   0        38  20
26  92  67  80   M   0  15    M    M    M  6.5 14  60   M    M   0        22  60
27 102  69  86   M   0  21    M    M    M  7.6 14  40   M    M   0        20 210
28 103  76  90   M   0  25    M    M    M 10.7 23  70   M    M   1        30 100
29  94  72  83   M   0  18    M    M    M 12.1 20  70   M    M   0        26  40
30  93  70  82   M   0  17    M    M    M 10.6 21  60   M    M   0        26  60
31  93  69  81   M   0  16    M    M    M 11.0 20  60   M    M   0        30  60
================================================================================
SM 3021 2171         0 588  0.12    M    258.5          M        4
================================================================================
AV 97.5 70.0                               8.3 FASTST   M    M   0    MAX(MPH)
                                 MISC ---->    36 360                 51 360
================================================================================
NOTES:
# LAST OF SEVERAL OCCURRENCES

COLUMN 17 PEAK WIND IN M.P.H.

PRELIMINARY LOCAL CLIMATOLOGICAL DATA (WS FORM: F-6) , PAGE 2

                                          STATION:   PRESIDIO LELY
                                          MONTH:     MAY
                                          YEAR:      2020
                                          LATITUDE:   29 38 N
                                          LONGITUDE: 104 22 W

[TEMPERATURE DATA]      [PRECIPITATION DATA]       SYMBOLS USED IN COLUMN 16

AVERAGE MONTHLY: 83.7   TOTAL FOR MONTH:   0.12    1 = FOG OR MIST
DPTR FM NORMAL:   0.0   DPTR FM NORMAL:       M    2 = FOG REDUCING VISIBILITY
HIGHEST:   105 ON 19    GRTST 24HR  0.12 ON 10-10      TO 1/4 MILE OR LESS
LOWEST:     60 ON 12                               3 = THUNDER
                        SNOW, ICE PELLETS, HAIL    4 = ICE PELLETS
                        TOTAL MONTH:  M            5 = HAIL
                        GRTST 24HR    M  ON   M    6 = FREEZING RAIN OR DRIZZLE
                        GRTST DEPTH:  M  ON   M    7 = DUSTSTORM OR SANDSTORM:
                                                       VSBY 1/2 MILE OR LESS
                                                   8 = SMOKE OR HAZE
[NO. OF DAYS WITH]      [WEATHER - DAYS WITH]      9 = BLOWING SNOW
                                                   X = TORNADO
MAX 32 OR BELOW:   0    0.01 INCH OR MORE:   1
MAX 90 OR ABOVE:  30    0.10 INCH OR MORE:   1
MIN 32 OR BELOW:   0    0.50 INCH OR MORE:   0
MIN  0 OR BELOW:   0    1.00 INCH OR MORE:   0

[HDD (BASE 65) ]
TOTAL THIS MO.     0    CLEAR  (SCALE 0-3)  31
DPTR FM NORMAL     M    PTCLDY (SCALE 4-7)   0
TOTAL FM JUL 1  1216    CLOUDY (SCALE 8-10)  0
DPTR FM NORMAL     M

[CDD (BASE 65) ]
TOTAL THIS MO.   588
DPTR FM NORMAL     M    [PRESSURE DATA]
TOTAL FM JAN 1  1072    HIGHEST SLP M ON M
DPTR FM NORMAL     M    LOWEST  SLP M ON M

[REMARKS]
#FINAL-05-20#
