000
CXUS54 KMAF 251100
CF6PRS
PRELIMINARY LOCAL CLIMATOLOGICAL DATA (WS FORM: F-6)

                                          STATION:   Presidio Lely
                                          MONTH:     SEPTEMBER
                                          YEAR:      2018
                                          LATITUDE:   29 38 N
                                          LONGITUDE: 104 22 W

  TEMPERATURE IN F:       :PCPN:    SNOW:  WIND      :SUNSHINE: SKY     :PK WND
================================================================================
1   2   3   4   5  6A  6B    7    8   9   10  11  12  13   14  15   16   17  18
                                     12Z  AVG MX 2MIN
DY MAX MIN AVG DEP HDD CDD  WTR  SNW DPTH SPD SPD DIR MIN PSBL S-S WX    SPD DR
================================================================================

 1 100  68  84   M   0  19 0.63  0.0    0  7.5 20 280   M    M   2 3      28 210
 2  88  68  78   M   0  13 0.16  0.0    0  5.6 20 310   M    M   3 3      28 310
 3  91  68  80   M   0  15 0.02  0.0    0  7.1 22 270   M    M   2        32 270
 4  91  67  79   M   0  14 0.00  0.0    0  4.6 13  30   M    M   0        17  70
 5  95  73  84   M   0  19 0.00  0.0    0  7.0 15  70   M    M   1 3      22 300
 6  83  69  76   M   0  11 0.16  0.0    0  6.6 15  40   M    M   8 3      20  40
 7  82  70  76   M   0  11 0.07  0.0    0  5.1 17 360   M    M   8        25 360
 8  77  69  73   M   0   8 0.01  0.0    0  5.1 10 270   M    M   8        17 300
 9  87  64  76   M   0  11 0.00  0.0    0  4.4  9 270   M    M   3         M  M
10  90  67  79   M   0  14 0.00  0.0    0  7.1 13  70   M    M   0        17  70
11  91  67  79   M   0  14 0.00  0.0    0  5.9 10 110   M    M   0 3      18  60
12  92  67  80   M   0  15 0.00  0.0    0  6.3 13  40   M    M   0         M  M
13  92  69  81   M   0  16 0.00  0.0    0  6.7 16  60   M    M   0        23  50
14  93  71  82   M   0  17 0.00  0.0    0  8.6 16  50   M    M   1        25  50
15  92  71  82   M   0  17 0.00  0.0    0  8.3 21  60   M    M   3        29  70
16  80  69  75   M   0  10 0.06  0.0    0  4.8 12 270   M    M   6        16 270
17  81  68  75   M   0  10 0.58  0.0    0  5.7 10  60   M    M   6 3      16  60
18  89  73  81   M   0  16 0.00  0.0    0  5.9 15  90   M    M   4 3      23  90
19  90  70  80   M   0  15 0.00  0.0    0  6.6 18 150   M    M   4        25 100
20  84  68  76   M   0  11 0.39  0.0    0  5.2 10 150   M    M   9         M  M
21  88  67  78   M   0  13 0.01  0.0    0  4.2 14  10   M    M   6        24  10
22  80  66  73   M   0   8 0.00  0.0    0  6.0  9 270   M    M   8        18  10
23  86  59  73   M   0   8 0.00  0.0    0  4.0  7  20   M    M   0         M  M
24  91  64  78   M   0  13 0.00  0.0    0  5.0 10 360   M    M   0         M  M
================================================================================
SM 2113 1632         0 318  2.09     0.0 143.3          M       82
================================================================================
AV 88.0 68.0                               6.0 FASTST   M    M   3    MAX(MPH)
                                 MISC ---->  # 22 270               # 32  270
================================================================================
NOTES:
# LAST OF SEVERAL OCCURRENCES

COLUMN 17 PEAK WIND IN M.P.H.

PRELIMINARY LOCAL CLIMATOLOGICAL DATA (WS FORM: F-6) , PAGE 2

                                          STATION:  Presidio Lely
                                          MONTH:    SEPTEMBER
                                          YEAR:     2018
                                          LATITUDE:   29 38 N
                                          LONGITUDE: 104 22 W

[TEMPERATURE DATA]      [PRECIPITATION DATA]       SYMBOLS USED IN COLUMN 16

AVERAGE MONTHLY: 78.0   TOTAL FOR MONTH:   2.09    1 = FOG OR MIST
DPTR FM NORMAL:     M   DPTR FM NORMAL:       M    2 = FOG REDUCING VISIBILITY
HIGHEST:   100 ON  1    GRTST 24HR  0.63 ON  1- 1      TO 1/4 MILE OR LESS
LOWEST:     59 ON 23                               3 = THUNDER
                        SNOW, ICE PELLETS, HAIL    4 = ICE PELLETS
                        TOTAL MONTH:   0.0 INCH    5 = HAIL
                        GRTST 24HR     0.0         6 = FREEZING RAIN OR DRIZZLE
                        GRTST DEPTH:   0           7 = DUSTSTORM OR SANDSTORM:
                                                       VSBY 1/2 MILE OR LESS
                                                   8 = SMOKE OR HAZE
[NO. OF DAYS WITH]      [WEATHER - DAYS WITH]      9 = BLOWING SNOW
                                                   X = TORNADO
MAX 32 OR BELOW:   0    0.01 INCH OR MORE:  10
MAX 90 OR ABOVE:  12    0.10 INCH OR MORE:   5
MIN 32 OR BELOW:   0    0.50 INCH OR MORE:   2
MIN  0 OR BELOW:   0    1.00 INCH OR MORE:   0

[HDD (BASE 65) ]
TOTAL THIS MO.     0    CLEAR  (SCALE 0-3)  13
DPTR FM NORMAL     M    PTCLDY (SCALE 4-7)   9
TOTAL FM JUL 1     0    CLOUDY (SCALE 8-10)  2
DPTR FM NORMAL     M

[CDD (BASE 65) ]
TOTAL THIS MO.   318
DPTR FM NORMAL     M    [PRESSURE DATA]
TOTAL FM JAN 1  3543    HIGHEST SLP M ON M
DPTR FM NORMAL     M    LOWEST  SLP M ON M

[REMARKS]
