000
CDUS41 KBOX 250534
CLIBDL


CLIMATE REPORT
NATIONAL WEATHER SERVICE BOSTON/NORTON MA
134 AM EDT MON JUN 25 2018


...................................

...THE HARTFORD CT CLIMATE SUMMARY FOR JUNE 24 2018...

CLIMATE NORMAL PERIOD 1981 TO 2010
CLIMATE RECORD PERIOD 1904 TO 2018


WEATHER ITEM   OBSERVED TIME   RECORD YEAR NORMAL DEPARTURE LAST
                VALUE   (LST)  VALUE       VALUE  FROM      YEAR
                                                  NORMAL
..................................................................
TEMPERATURE (F)
 YESTERDAY
  MAXIMUM         81    115 PM  94    2013  82     -1       86
                                      1975
                                      1971
  MINIMUM         58    217 AM  46    1988  60     -2       69
  AVERAGE         70                        71     -1       78

PRECIPITATION (IN)
  YESTERDAY        1.37          1.50 1944   0.12   1.25     0.01
  MONTH TO DATE    2.51                      3.64  -1.13     2.89
  SINCE JUN 1      2.51                      3.64  -1.13     2.89
  SINCE JAN 1     22.18                     21.45   0.73    21.16

SNOWFALL (IN)
  YESTERDAY        0.0           0.0  2002   0.0    0.0      0.0
                                      2001
                                      2000
  MONTH TO DATE    0.0                       0.0    0.0      0.0
  SINCE JUN 1      0.0                       0.0    0.0      0.0
  SINCE JUL 1     56.0                      40.5   15.5     62.3
  SNOW DEPTH       0

DEGREE DAYS
 HEATING
  YESTERDAY        0                         0      0        0
  MONTH TO DATE   31                        39     -8       43
  SINCE JUN 1     31                        39     -8       43
  SINCE JUL 1   5798                      5997   -199     5514

 COOLING
  YESTERDAY        5                         6     -1       13
  MONTH TO DATE   90                       102    -12      141
  SINCE JUN 1     90                       102    -12      141
  SINCE JAN 1    175                       141     34      201
..................................................................


WIND (MPH)
  RESULTANT WIND SPEED   5   RESULTANT WIND DIRECTION   S (180)
  HIGHEST WIND SPEED    17   HIGHEST WIND DIRECTION     S (160)
  HIGHEST GUST SPEED    21   HIGHEST GUST DIRECTION    SE (140)
  AVERAGE WIND SPEED     5.8


SKY COVER
  POSSIBLE SUNSHINE  MM
  AVERAGE SKY COVER 0.9


WEATHER CONDITIONS
 THE FOLLOWING WEATHER WAS RECORDED YESTERDAY.
  THUNDERSTORM
  HEAVY RAIN
  LIGHT RAIN
  FOG


RELATIVE HUMIDITY (PERCENT)
 HIGHEST   100           100 AM
 LOWEST     67          1200 PM
 AVERAGE    84

..........................................................


THE HARTFORD CT CLIMATE NORMALS FOR TODAY
                         NORMAL    RECORD    YEAR
 MAXIMUM TEMPERATURE (F)   82        95      1943
 MINIMUM TEMPERATURE (F)   60        50      1986
                                             1979


SUNRISE AND SUNSET
JUNE 25 2018..........SUNRISE   517 AM EDT   SUNSET   830 PM EDT
JUNE 26 2018..........SUNRISE   517 AM EDT   SUNSET   830 PM EDT


-  INDICATES NEGATIVE NUMBERS.
R  INDICATES RECORD WAS SET OR TIED.
MM INDICATES DATA IS MISSING.
T  INDICATES TRACE AMOUNT.




$$
