000
CDUS41 KBOX 220552
CLIBDL


CLIMATE REPORT
NATIONAL WEATHER SERVICE BOSTON/NORTON MA
142 AM EDT THU OCT 22 2020


...................................

...THE HARTFORD CT CLIMATE SUMMARY FOR OCTOBER 21 2020...

CLIMATE NORMAL PERIOD 1981 TO 2010
CLIMATE RECORD PERIOD 1904 TO 2020


WEATHER ITEM   OBSERVED TIME   RECORD YEAR NORMAL DEPARTURE LAST
                VALUE   (LST)  VALUE       VALUE  FROM      YEAR
                                                  NORMAL
..................................................................
TEMPERATURE (F)
 YESTERDAY
  MAXIMUM         74    147 PM  82    1920  61     13       69
  MINIMUM         59    631 AM  19    1972  39     20       45
  AVERAGE         67                        50     17       57

PRECIPITATION (IN)
  YESTERDAY        0.00          1.56 1995   0.14  -0.14     0.00
  MONTH TO DATE    3.95                      3.08   0.87     4.14
  SINCE SEP 1      6.06                      6.96  -0.90     6.08
  SINCE JAN 1     26.85                     37.23 -10.38    39.55

SNOWFALL (IN)
  YESTERDAY        0.0           T    1964   0.0    0.0      0.0
  MONTH TO DATE    0.0                       0.0    0.0      0.0
  SINCE SEP 1      0.0                       0.0    0.0      0.0
  SINCE JUL 1      0.0                       0.0    0.0      0.0
  SNOW DEPTH       0

DEGREE DAYS
 HEATING
  YESTERDAY        0                        15    -15        8
  MONTH TO DATE  181                       243    -62      212
  SINCE SEP 1    272                       353    -81      271
  SINCE JUL 1    275                       365    -90      277

 COOLING
  YESTERDAY        2                         0      2        0
  MONTH TO DATE    4                         5     -1        9
  SINCE SEP 1     97                        79     18       68
  SINCE JAN 1   1071                       754    317      932
..................................................................


WIND (MPH)
  RESULTANT WIND SPEED   6   RESULTANT WIND DIRECTION   S (180)
  HIGHEST WIND SPEED    16   HIGHEST WIND DIRECTION     S (190)
  HIGHEST GUST SPEED    20   HIGHEST GUST DIRECTION     S (190)
  AVERAGE WIND SPEED     6.6


SKY COVER
  POSSIBLE SUNSHINE  MM
  AVERAGE SKY COVER 0.8


WEATHER CONDITIONS
 THE FOLLOWING WEATHER WAS RECORDED YESTERDAY.
  FOG
  FOG W/VISIBILITY <= 1/4 MILE


RELATIVE HUMIDITY (PERCENT)
 HIGHEST   100           800 AM
 LOWEST     64           100 PM
 AVERAGE    82

..........................................................


THE HARTFORD CT CLIMATE NORMALS FOR TODAY
                         NORMAL    RECORD    YEAR
 MAXIMUM TEMPERATURE (F)   61        85      1979
 MINIMUM TEMPERATURE (F)   39        22      1940


SUNRISE AND SUNSET
OCTOBER 22 2020.......SUNRISE   712 AM EDT   SUNSET   558 PM EDT
OCTOBER 23 2020.......SUNRISE   713 AM EDT   SUNSET   556 PM EDT


-  INDICATES NEGATIVE NUMBERS.
R  INDICATES RECORD WAS SET OR TIED.
MM INDICATES DATA IS MISSING.
T  INDICATES TRACE AMOUNT.




$$
