000
CXUS55 KRIW 220945
CF6WRL
PRELIMINARY LOCAL CLIMATOLOGICAL DATA (WS FORM: F-6)

                                          STATION:   WORLAND WY
                                          MONTH:     FEBRUARY
                                          YEAR:      2020
                                          LATITUDE:   43 58 N
                                          LONGITUDE: 107 57 W

  TEMPERATURE IN F:       :PCPN:    SNOW:  WIND      :SUNSHINE: SKY     :PK WND
================================================================================
1   2   3   4   5  6A  6B    7    8   9   10  11  12  13   14  15   16   17  18
                                     12Z  AVG MX 2MIN
DY MAX MIN AVG DEP HDD CDD  WTR  SNW DPTH SPD SPD DIR MIN PSBL S-S WX    SPD DR
================================================================================

 1  52  21  37  18  28   0 0.00  0.0    M  5.0 15 190   M    M   0        18 190
 2  48  21  35  16  30   0 0.09    M    M 10.3 21 330   M    M   3 1      27 210
 3  21  15  18  -2  47   0 0.12    M    M  7.5 20 320   M    M  10 12     26 320
 4  18 -15   2 -18  63   0 0.01    M    M  4.7 15 160   M    M   5 1      19 160
 5  21 -12   5 -15  60   0 0.00  0.0    M  1.6  9 220   M    M   6        12 220
 6  27  10  19  -1  46   0 0.09    M    M  3.2 10 230   M    M  10 1      13 230
 7  33  18  26   5  39   0 0.01    M    M  2.4  8 260   M    M   9 12     11 250
 8  32   7  20  -1  45   0    T    M    M  6.0 25 330   M    M   6 12     35 330
 9  26   8  17  -4  48   0    T    M    M  5.9 22 330   M    M   5        28 330
10  28   2  15  -7  50   0 0.01    M    M  3.5 13 200   M    M   6 1      14 190
11  26  -5  11 -11  54   0    T    M    M  3.5 16 120   M    M   2 12     21 120
12  28  15  22   0  43   0    T    M    M  6.6 20 330   M    M   9 1      25 320
13  27   2  15  -8  50   0 0.03    M    M  2.5 10 170   M    M   3 1      11 170
14  33  -5  14  -9  51   0    T    M    M  5.2 18 320   M    M   3        24 340
15  32   0  16  -8  49   0    T    M    M  3.5 14 170   M    M   1        18 170
16  36   7  22  -2  43   0 0.02    M    M  4.4 20 340   M    M   5 12     27 330
17  34   7  21  -3  44   0    T    M    M  6.2 15 280   M    M   6 1      20 260
18  29  -2  14 -11  51   0 0.00    M    M  4.5 12 180   M    M   2        12 180
19  25  -1  12 -13  53   0 0.00    M    M  3.8 14 160   M    M   3        17 150
20  28 -10   9 -17  56   0 0.00  0.0    M  4.6 21 170   M    M   0        27 170
21  36  -4  16 -10  49   0 0.00  0.0    M  4.4 14 170   M    M   0        19 170
================================================================================
SM  640   79       999   0  0.38     0.0  99.3          M       94
================================================================================
AV 30.5  3.8                               4.7 FASTST   M    M   4    MAX(MPH)
                                 MISC ---->  # 25 330               # 35  330
================================================================================
NOTES:
# LAST OF SEVERAL OCCURRENCES

COLUMN 17 PEAK WIND IN M.P.H.

PRELIMINARY LOCAL CLIMATOLOGICAL DATA (WS FORM: F-6) , PAGE 2

                                          STATION:  WORLAND WY
                                          MONTH:    FEBRUARY
                                          YEAR:     2020
                                          LATITUDE:   43 58 N
                                          LONGITUDE: 107 57 W

[TEMPERATURE DATA]      [PRECIPITATION DATA]       SYMBOLS USED IN COLUMN 16

AVERAGE MONTHLY: 17.1   TOTAL FOR MONTH:   0.38    1 = FOG OR MIST
DPTR FM NORMAL:  -5.1   DPTR FM NORMAL:    0.24    2 = FOG REDUCING VISIBILITY
HIGHEST:    52 ON  1    GRTST 24HR  0.12 ON  3- 3      TO 1/4 MILE OR LESS
LOWEST:    -15 ON  4                               3 = THUNDER
                        SNOW, ICE PELLETS, HAIL    4 = ICE PELLETS
                        TOTAL MONTH:   0.0 INCH    5 = HAIL
                        GRTST 24HR     0.0         6 = FREEZING RAIN OR DRIZZLE
                        GRTST DEPTH:  M  ON   M    7 = DUSTSTORM OR SANDSTORM:
                                                       VSBY 1/2 MILE OR LESS
                                                   8 = SMOKE OR HAZE
[NO. OF DAYS WITH]      [WEATHER - DAYS WITH]      9 = BLOWING SNOW
                                                   X = TORNADO
MAX 32 OR BELOW:  14    0.01 INCH OR MORE:   8
MAX 90 OR ABOVE:   0    0.10 INCH OR MORE:   1
MIN 32 OR BELOW:  21    0.50 INCH OR MORE:   0
MIN  0 OR BELOW:   9    1.00 INCH OR MORE:   0

[HDD (BASE 65) ]
TOTAL THIS MO.   999    CLEAR  (SCALE 0-3)  10
DPTR FM NORMAL   102    PTCLDY (SCALE 4-7)   7
TOTAL FM JUL 1  5784    CLOUDY (SCALE 8-10)  4
DPTR FM NORMAL    39

[CDD (BASE 65) ]
TOTAL THIS MO.     0
DPTR FM NORMAL     0    [PRESSURE DATA]
TOTAL FM JAN 1     0    HIGHEST SLP 99.90 ON 15
DPTR FM NORMAL     0    LOWEST  SLP 29.69 ON  8

[REMARKS]
