000
CXUS53 KLMK 010810
CF6SDF
PRELIMINARY LOCAL CLIMATOLOGICAL DATA (WS FORM: F-6)
STATION: LOUISVILLE KY
MONTH: FEBRUARY
YEAR: 2022
LATITUDE: 38 10 N
LONGITUDE: 85 44 W
TEMPERATURE IN F: :PCPN: SNOW: WIND :SUNSHINE: SKY :PK WND
================================================================================
1 2 3 4 5 6A 6B 7 8 9 10 11 12 13 14 15 16 17 18
12Z AVG MX 2MIN
DY MAX MIN AVG DEP HDD CDD WTR SNW DPTH SPD SPD DIR MIN PSBL S-S WX SPD DR
================================================================================
1 65 32 49 13 16 0 0.00 0.0 0 9.3 23 210 M M 7 33 220
2 56 35 46 9 19 0 0.76 0.0 0 11.3 22 360 M M 9 1 32 180
3 35 26 31 -6 34 0 1.51 0.5 0 11.9 20 10 M M 10 16 25 350
4 28 22 25 -12 40 0 0.06 1.1 1 9.2 16 350 M M 9 23 340
5 30 14 22 -15 43 0 0.00 0.0 1 4.8 13 300 M M 2 18 310
6 44 19 32 -5 33 0 0.00 0.0 0 4.2 14 220 M M 1 21 230
7 42 24 33 -5 32 0 0.00 0.0 0 7.2 17 280 M M 2 22 280
8 55 23 39 1 26 0 0.00 0.0 0 7.0 16 200 M M 1 22 200
9 59 41 50 12 15 0 T 0.0 0 9.7 24 270 M M 6 31 260
10 52 36 44 6 21 0 0.00 0.0 0 8.9 21 270 M M 2 28 280
11 64 34 49 11 16 0 T 0.0 0 13.2 30 270 M M 7 46 260
12 45 26 36 -3 29 0 T T T 11.2 21 290 M M 9 28 290
13 36 21 29 -10 36 0 T T 0 7.5 18 340 M M 8 25 330
14 40 21 31 -8 34 0 T T T 2.6 10 230 M M 5 13 250
15 62 24 43 3 22 0 0.00 0.0 0 4.8 17 180 M M 2 27 170
16 67 50 59 19 6 0 0.00 0.0 0 17.4 30 190 M M 8 40 200
17 65 34 50 10 15 0 2.31 T 0 14.1 29 190 M M 10 1 40 190
18 38 25 32 -8 33 0 T T 0 9.5 23 320 M M 5 32 320
19 40 28 34 -6 31 0 0.00 0.0 0 9.0 23 280 M M 1 31 300
20 63 24 44 3 21 0 0.00 0.0 0 9.1 21 210 M M 1 30 190
21 69 41 55 14 10 0 T 0.0 0 12.4 25 170 M M 5 3 33 190
22 64 46 55 14 10 0 1.03 0.0 0 14.5 31 200 M M 10 13 40 200
23 46 30 38 -4 27 0 T 0.0 0 10.6 17 300 M M 10 6 24 330
24 40 31 36 -6 29 0 0.99 0.0 0 6.7 15 30 M M 10 136 25 50
25 39 30 35 -7 30 0 0.08 T 0 11.5 24 270 M M 10 1 32 280
26 41 28 35 -8 30 0 0.00 0.0 0 4.2 10 290 M M 8 12 350
27 53 28 41 -2 24 0 0.00 0.0 0 4.6 14 280 M M 2 19 280
28 56 30 43 0 22 0 0.00 0.0 0 5.2 15 210 M M 4 19 200
================================================================================
SM 1394 823 704 0 6.74 1.6 251.6 M 164
================================================================================
AV 49.8 29.4 9.0 FASTST M M 6 MAX(MPH)
MISC ----> 31 200 46 260
================================================================================
NOTES:
# LAST OF SEVERAL OCCURRENCES
COLUMN 17 PEAK WIND IN M.P.H.
PRELIMINARY LOCAL CLIMATOLOGICAL DATA (WS FORM: F-6) , PAGE 2
STATION: LOUISVILLE KY
MONTH: FEBRUARY
YEAR: 2022
LATITUDE: 38 10 N
LONGITUDE: 85 44 W
[TEMPERATURE DATA] [PRECIPITATION DATA] SYMBOLS USED IN COLUMN 16
AVERAGE MONTHLY: 39.6 TOTAL FOR MONTH: 6.74 1 = FOG OR MIST
DPTR FM NORMAL: 0.1 DPTR FM NORMAL: 3.33 2 = FOG REDUCING VISIBILITY
HIGHEST: 69 ON 21 GRTST 24HR 2.31 ON 17-17 TO 1/4 MILE OR LESS
LOWEST: 14 ON 5 3 = THUNDER
SNOW, ICE PELLETS, HAIL 4 = ICE PELLETS
TOTAL MONTH: 1.6 INCHES 5 = HAIL
GRTST 24HR 1.1 ON 4- 4 6 = FREEZING RAIN OR DRIZZLE
GRTST DEPTH: 1 ON 5, 4 7 = DUSTSTORM OR SANDSTORM:
VSBY 1/2 MILE OR LESS
8 = SMOKE OR HAZE
[NO. OF DAYS WITH] [WEATHER - DAYS WITH] 9 = BLOWING SNOW
X = TORNADO
MAX 32 OR BELOW: 2 0.01 INCH OR MORE: 7
MAX 90 OR ABOVE: 0 0.10 INCH OR MORE: 5
MIN 32 OR BELOW: 20 0.50 INCH OR MORE: 5
MIN 0 OR BELOW: 0 1.00 INCH OR MORE: 3
[HDD (BASE 65) ]
TOTAL THIS MO. 704 CLEAR (SCALE 0-3) 9
DPTR FM NORMAL -11 PTCLDY (SCALE 4-7) 8
TOTAL FM JUL 1 2839 CLOUDY (SCALE 8-10) 11
DPTR FM NORMAL -287
[CDD (BASE 65) ]
TOTAL THIS MO. 0
DPTR FM NORMAL -1 [PRESSURE DATA]
TOTAL FM JAN 1 0 HIGHEST SLP 30.59 ON 26
DPTR FM NORMAL 0 LOWEST SLP 29.42 ON 17
[REMARKS]
#FINAL-02-22#