000
CXUS53 KARX 011430
CLMLSE

CLIMATE REPORT
NATIONAL WEATHER SERVICE LA CROSSE WI
830 AM CDT SUN NOV 1 2015

...WARM WITH NEAR NORMAL PRECIPITATION IN OCTOBER FOR LA CROSSE...

TEMPERATURES...

THE AVERAGE TEMPERATURE FOR THE MONTH WAS 52.9 DEGREES...WHICH WAS
2.7 DEGREES ABOVE THE 1981-2010 NORMAL OF 50.2 DEGREES. THE AVERAGE
HIGH TEMPERATURE WAS 63.6 DEGREES WHICH WAS 3.7 DEGREES WARMER THAN
THE 1981-2010 NORMAL OF 59.9 DEGREES. THE AVERAGE LOW TEMPERATURE
WAS 42.3 DEGREES WHICH WAS 1.9 DEGREES WARMER THAN THE 1981-2010
NORMAL OF 40.4 DEGREES.

THE HIGHEST TEMPERATURE FOR THE MONTH WAS 85 DEGREES...WHICH OCCURRED
ON THE 11TH. THE LOWEST TEMPERATURE IN OCTOBER WAS 29 DEGREES WHICH
OCCURRED ON THE 17TH.

THERE WERE ONLY A COUPLE OF DAYS OF FROST IN THE VALLEY...AND ONLY
TWO DAYS WHERE THE TEMPERATURE FELL BELOW FREEZING. RIDGETOP
LOCATIONS SAW TEMPERATURES A BIT COOLER...WHICH IS NORMAL FOR OUR
REGIONAL TOPOGRAPHY.

PRECIPITATION...

LA CROSSE RECEIVED 2.18 INCHES OF PRECIPITATION DURING THE MONTH
WHICH WAS 0.01 INCHES ABOVE THE 1981-2010 NORMAL OF 2.17 INCHES.
BUT THIS IS A BIT DECEIVING...AS THE MAJORITY OF THIS FELL IN THE
LAST WEEK OF THE MONTH...AFTER A VERY DRY FIRST 3 WEEKS. THE
GREATEST 24-HOUR AMOUNT WAS 1.53 INCHES OF PRECIPITATION THAT
FELL FROM THE 27TH TO 28TH.

OFFICIALLY THERE WAS NOT ANY SNOWFALL IN OCTOBER AT THE LA CROSSE
AIRPORT VALLEY LOCATION. BUT THERE WERE SOME REPORTS OF LIGHT SNOW
IN THE AREA ON THE 28TH...AND A LIGHT ACCUMULATION WAS SEEN ON THE
RIDGE TOPS.

...RECORDS...

NONE.


...DISCUSSION...

THE FIRST WEEK STARTED OUT ON THE COOL SIDE...BUT MOST OF THE
REMAINDER OF THE MONTH SAW ABOVE NORMAL TEMPERATURES. THERE WERE A
COUPLE OF STRETCHES WHERE TEMPERATURES WERE MUCH ABOVE NORMAL WITH
THE DAILY DEPARTURE 10-18 DEGREES ABOVE NORMAL. OCTOBER ALSO
STARTED OUT ON THE DRY SIDE...WITH ONLY DAY OF MEASURABLE RAIN IN
THE FIRST 22 DAYS OF THE MONTH...AND THAT WAS ONLY 0.05 INCHES. THE
BULK OF THE RAIN FELL IN THE LAST WEEK.


...................................

...THE LA CROSSE WI CLIMATE SUMMARY FOR THE MONTH OF OCTOBER 2015...

CLIMATE NORMAL PERIOD 1981 TO 2010
CLIMATE RECORD PERIOD 1873 TO 2015

WEATHER         OBSERVED          NORMAL  DEPART  LAST YEAR`S
                 VALUE   DATE(S)  VALUE   FROM    VALUE  DATE(S)
                                          NORMAL
................................................................
TEMPERATURE (F)
RECORD
HIGHEST            85   10/11        MM      MM       72  10/27

LOWEST             29   10/17        MM      MM       29  10/31

AVG. MAXIMUM     63.6              59.9     3.7     60.2

AVG. MINIMUM     42.3              40.4     1.9     40.9

MEAN             52.9              50.2     2.7     50.6

DAYS MAX >= 90      0               0.0     0.0        0

DAYS MAX <= 32      0               0.0     0.0        0

DAYS MIN <= 32      2               5.7    -3.7        3

DAYS MIN <= 0       0               0.0     0.0        0


PRECIPITATION (INCHES)
RECORD MAXIMUM        12.09   1900

 MINIMUM         0.02   1952

TOTALS           2.18              2.17    0.01     3.53

DAILY AVG.       0.07              0.07    0.00     0.11

DAYS >= .01         6               9.3    -3.3        5

DAYS >= .10         4               4.8    -0.8        4

DAYS >= .50         2               1.2     0.8        3

DAYS >= 1.00        0               0.4    -0.4        1

GREATEST 24 HR. TOTAL    1.53   10/27 TO 10/28


SNOWFALL (INCHES)
RECORDS TOTAL            7.0   1917

TOTALS            0.0               0.2    -0.2      0.0

SINCE 7/1         0.0               0.2    -0.2      0.0

SNOWDEPTH AVG.      0                MM      MM        0

DAYS >= TRACE       0               0.3    -0.3        0

DAYS >= 1.0         0               0.1    -0.1        0

GREATEST SNOW DEPTH         0   MM                             0  MM

 24 HR TOTAL      0.0


DEGREE_DAYS
HEATING TOTAL     375               468     -93      438

 SINCE 7/1        438               628    -190      560

COOLING TOTAL       9                 8       1        0

 SINCE 1/1        887               782     105      822

.................................................................

WIND (MPH)
AVERAGE WIND SPEED              8.5
HIGHEST WIND SPEED/DIRECTION    33/280    DATE  10/12
HIGHEST GUST SPEED/DIRECTION    43/280    DATE  10/12

SKY COVER
POSSIBLE SUNSHINE (PERCENT)   MM

AVERAGE SKY COVER           0.40
NUMBER OF DAYS FAIR           15
NUMBER OF DAYS PC              8
NUMBER OF DAYS CLOUDY          8

AVERAGE RH (PERCENT)     66

WEATHER CONDITIONS. NUMBER OF DAYS WITH
THUNDERSTORM              0     MIXED PRECIP               0
HEAVY RAIN                0     RAIN                       4
LIGHT RAIN                9     FREEZING RAIN              0
LT FREEZING RAIN          0     HAIL                       0
HEAVY SNOW                0     SNOW                       0
LIGHT SNOW                0     SLEET                      0
FOG                      12     FOG W/VIS <= 1/4 MILE      3
HAZE                      1

-  INDICATES NEGATIVE NUMBERS.
R  INDICATES RECORD WAS SET OR TIED.
MM INDICATES DATA IS MISSING.
T  INDICATES TRACE AMOUNT.

$$

MW
