000
CXUS51 KCLE 021848
CLMMFD


CLIMATE REPORT
NATIONAL WEATHER SERVICE CLEVELAND OH
245 PM EDT THU JUN 2 2016

...................................

...THE MANSFIELD OH CLIMATE SUMMARY FOR THE MONTH OF MAY 2016...

CLIMATE NORMAL PERIOD 1981 TO 2010
CLIMATE RECORD PERIOD 1916 TO 2016

WEATHER         OBSERVED          NORMAL  DEPART  LAST YEAR`S
                 VALUE   DATE(S)  VALUE   FROM    VALUE
                                          NORMAL
.............................................................
TEMPERATURE (F)
RECORD
 HIGH              92   05/18/1962
 LOW               25   05/10/1966
HIGHEST            88   05/28
LOWEST             32   05/16
AVG. MAXIMUM     69.3              69.4    -0.1     75.7
AVG. MINIMUM     48.8              48.1     0.7     53.7
MEAN             59.0              58.7     0.3     64.7
DAYS MAX >= 90      0               0.0     0.0        0
DAYS MAX <= 32      0               0.0     0.0        0
DAYS MIN <= 32      1               0.4     0.6        0
DAYS MIN <= 0       0               0.0     0.0        0

PRECIPITATION (INCHES)
RECORD
 MAXIMUM         8.83   1989
 MINIMUM         1.50   1961
TOTALS           3.83              4.54   -0.71     4.39
DAYS >= .01        17              13.8     3.2       11
DAYS >= .10        11               9.6     1.4       10
DAYS >= .50         3               3.4    -0.4        5
DAYS >= 1.00        0               0.7    -0.7        0
GREATEST
 24 HR. TOTAL    0.74   05/07 TO 05/07              0.86
                        05/06 TO 05/07
                        05/07 TO 05/07

SNOWFALL (INCHES)
RECORDS
 TOTAL            1.4   1966
                        0
TOTALS            0.0                 T     0.0      0.0
SINCE 7/1        27.6              48.3   -20.7     63.2
DAYS >= 1.0         0               0.0     0.0        0
GREATEST
 24 HR TOTAL      0.0   05/31 TO 05/31

DEGREE_DAYS
HEATING TOTAL     239               232       7      120
 SINCE 7/1       5162              6217   -1055     6569
COOLING TOTAL      62                38      24      118
 SINCE 1/1         62                46      16      118
..............................................................

WIND (MPH)
AVERAGE WIND SPEED              7.9
HIGHEST WIND SPEED/DIRECTION    31/260    DATE  05/02
HIGHEST GUST SPEED/DIRECTION    49/260    DATE  05/02

SKY COVER
AVERAGE SKY COVER           0.40

AVERAGE RH (PERCENT)     71

WEATHER CONDITIONS. NUMBER OF DAYS WITH
THUNDERSTORM              0     MIXED PRECIP               0
HEAVY RAIN                4     RAIN                       4
LIGHT RAIN               16     FREEZING RAIN              0
LT FREEZING RAIN          0     HAIL                       0
HEAVY SNOW                0     SNOW                       0
LIGHT SNOW                0     SLEET                      0
FOG                      18     FOG W/VIS <= 1/4 MILE      1
HAZE                      8

-  INDICATES NEGATIVE NUMBERS.
R  INDICATES RECORD WAS SET OR TIED.
MM INDICATES DATA IS MISSING.
T  INDICATES TRACE AMOUNT.

$$
