000
CXUS51 KCLE 042341
CLMYNG


CLIMATE REPORT
NATIONAL WEATHER SERVICE CLEVELAND OH
735 PM EDT MON JUL 4 2016

...................................

...THE YOUNGSTOWN OH CLIMATE SUMMARY FOR THE MONTH OF JUNE 2016...

CLIMATE NORMAL PERIOD 1981 TO 2010
CLIMATE RECORD PERIOD 1897 TO 2016

WEATHER         OBSERVED          NORMAL  DEPART  LAST YEAR`S
                 VALUE   DATE(S)  VALUE   FROM    VALUE
                                          NORMAL
.............................................................
TEMPERATURE (F)
RECORD
 HIGH              99   06/25/1988
                        06/26/1952
 LOW               30   06/11/1972
HIGHEST            89   06/27
LOWEST             43   06/09
AVG. MAXIMUM     79.9              77.4     2.5     76.3
AVG. MINIMUM     56.7              55.4     1.3     57.6
MEAN             68.3              66.4     1.9     67.0
DAYS MAX >= 90      0               0.9    -0.9        0
DAYS MAX <= 32      0               0.0     0.0        0
DAYS MIN <= 32      0               0.0     0.0        0
DAYS MIN <= 0       0               0.0     0.0        0

PRECIPITATION (INCHES)
RECORD
 MAXIMUM        10.66   1986
 MINIMUM         0.71
TOTALS           2.94              3.88   -0.94     9.02
DAYS >= .01        12              12.3    -0.3       20
DAYS >= .10         7               7.6    -0.6       14
DAYS >= .50         1               2.5    -1.5        6
DAYS >= 1.00        1               0.8     0.2        2
GREATEST
 24 HR. TOTAL    1.44   06/16 TO 06/16              2.07

SNOWFALL (INCHES)
RECORDS
 TOTAL             MM   MM
TOTALS            0.0               0.0     0.0      0.0
SINCE 7/1        44.9              62.7   -17.8     79.0
DAYS >= 1.0         0               0.0     0.0        0
GREATEST
 24 HR TOTAL      0.0   06/30 TO 06/30

DEGREE_DAYS
HEATING TOTAL      34                69     -35       42
 SINCE 7/1       5287              6349   -1062     6728
COOLING TOTAL     142               110      32      110
 SINCE 1/1        197               149      48      222
..............................................................

WIND (MPH)
AVERAGE WIND SPEED              7.0
HIGHEST WIND SPEED/DIRECTION    30/300    DATE  06/06
HIGHEST GUST SPEED/DIRECTION    42/280    DATE  06/05

SKY COVER
AVERAGE SKY COVER           0.60

AVERAGE RH (PERCENT)     66

WEATHER CONDITIONS. NUMBER OF DAYS WITH
THUNDERSTORM              0     MIXED PRECIP               0
HEAVY RAIN                3     RAIN                       4
LIGHT RAIN               12     FREEZING RAIN              0
LT FREEZING RAIN          0     HAIL                       0
HEAVY SNOW                0     SNOW                       0
LIGHT SNOW                0     SLEET                      0
FOG                      12     FOG W/VIS <= 1/4 MILE      0
HAZE                      4

-  INDICATES NEGATIVE NUMBERS.
R  INDICATES RECORD WAS SET OR TIED.
MM INDICATES DATA IS MISSING.
T  INDICATES TRACE AMOUNT.

$$
