000
CXUS51 KCLE 021729
CLMYNG
CLIMATE REPORT
NATIONAL WEATHER SERVICE CLEVELAND, OH
1229 PM EST TUE JAN 02 2024
...................................
...THE YOUNGSTOWN OH CLIMATE SUMMARY FOR THE MONTH OF DECEMBER 2023...
CLIMATE NORMAL PERIOD 1991 TO 2020
CLIMATE RECORD PERIOD 1897 TO 2024
WEATHER OBSERVED NORMAL DEPART LAST YEAR`S
VALUE DATE(S) VALUE FROM VALUE
NORMAL
..............................................................
TEMPERATURE (F)
RECORD
HIGH 76 12/03/1982
LOW -12 12/22/1989
12/25/1983
12/24/1983
HIGHEST 60 12/08
12/25
LOWEST 19 12/20
AVG. MAXIMUM 46.4 38.7 7.7 38.9
AVG. MINIMUM 34.9 25.5 9.4 25.8
MEAN 40.6 32.1 8.5 32.3
DAYS MAX >= 90 0 0.0 0.0 0
DAYS MAX <= 32 1 9.4 -8.4 8
DAYS MIN <= 32 13 24.7 -11.7 23
DAYS MIN <= 0 0 0.1 -0.1 2
PRECIPITATION (INCHES)
RECORD
MAXIMUM 6.53 1990
MINIMUM 0.88
TOTALS 2.65 3.17 -0.52 1.55
DAYS >= .01 17 17.5 -0.5 13
DAYS >= .10 7 8.1 -1.1 6
DAYS >= .50 1 1.7 -0.7 0
DAYS >= 1.00 0 0.3 -0.3 0
GREATEST
24 HR. TOTAL 0.85 12/26 TO 12/27 1.05
SNOWFALL (INCHES)
RECORDS
TOTAL 53.1 2010
TOTALS 4.2 14.8 -10.6 5.4
SINCE 7/1 6.0 20.0 -14.0 8.7
DAYS >= 1.0 2 4.9 -2.9 1
GREATEST
24 HR TOTAL 2.1 12/18 TO 12/18
DEGREE DAYS
HEATING TOTAL 747 1020 -273 1004
SINCE 7/1 1862 2278 -416 2155
COOLING TOTAL 0 0 0 0
SINCE 1/1 614 633 -19 773
..............................................................
WIND (MPH)
AVERAGE WIND SPEED 7.8
HIGHEST WIND SPEED/DIRECTION 30/260 DATE 12/03
HIGHEST GUST SPEED/DIRECTION 40/240 DATE 12/03
SKY COVER
AVERAGE SKY COVER 0.83
AVERAGE RH (PERCENT) 74
WEATHER CONDITIONS. NUMBER OF DAYS WITH
THUNDERSTORM 0 MIXED PRECIP 0
HEAVY RAIN 0 RAIN 2
LIGHT RAIN 18 FREEZING RAIN 0
LT FREEZING RAIN 0 HAIL 0
HEAVY SNOW 0 SNOW 3
LIGHT SNOW 11 SLEET 2
FOG 19 FOG W/VIS <= 1/4 MILE 4
HAZE 0
- INDICATES NEGATIVE NUMBERS.
R INDICATES RECORD WAS SET OR TIED.
MM INDICATES DATA IS MISSING.
T INDICATES TRACE AMOUNT.
$$