000
CXUS51 KCLE 041443
CLMYNG


CLIMATE REPORT
NATIONAL WEATHER SERVICE CLEVELAND OH
1042 AM EDT SAT APR 4 2015

...................................

...THE YOUNGSTOWN OH CLIMATE SUMMARY FOR THE MONTH OF MARCH 2015...

CLIMATE NORMAL PERIOD 1981 TO 2010
CLIMATE RECORD PERIOD 1897 TO 2015

WEATHER         OBSERVED          NORMAL  DEPART  LAST YEAR`S
                 VALUE   DATE(S)  VALUE   FROM    VALUE
                                          NORMAL
.............................................................
TEMPERATURE (F)
RECORD
 HIGH              82   03/30/1986
 LOW              -10   03/02/1980
HIGHEST            62   03/16
LOWEST             -4   03/06
AVG. MAXIMUM     42.9              45.8    -2.9     40.8
AVG. MINIMUM     22.8              27.7    -4.9     19.0
MEAN             32.9              36.7    -3.8     29.9
DAYS MAX >= 90      0               0.0     0.0        0
DAYS MAX <= 32      5               4.5     0.5        8
DAYS MIN <= 32     27              21.4     5.6       27
DAYS MIN <= 0       2               0.1     1.9        2

PRECIPITATION (INCHES)
RECORD
 MAXIMUM         6.38   2008
 MINIMUM         1.07
TOTALS           2.33              2.94   -0.61     1.94
DAYS >= .01        15              14.1     0.9       11
DAYS >= .10         7               7.5    -0.5        5
DAYS >= .50         0               1.7    -1.7        2
DAYS >= 1.00        0               0.3    -0.3        0
GREATEST
 24 HR. TOTAL    0.46   03/26 TO 03/26              0.62

SNOWFALL (INCHES)
RECORDS
 TOTAL           30.9   5
                        0
                        -26215
TOTALS            8.6              10.9    -2.3      7.9
SINCE 7/1        78.1              59.7    18.4     88.9
DAYS >= 1.0         1               2.7    -1.7        4
GREATEST
 24 HR TOTAL      6.8   MM

DEGREE_DAYS
HEATING TOTAL     988               876     112     1078
 SINCE 7/1       6106              5524     582     6146
COOLING TOTAL       0                 1      -1        0
 SINCE 1/1          0                 1      -1        0
..............................................................

WIND (MPH)
AVERAGE WIND SPEED              9.1
HIGHEST WIND SPEED/DIRECTION    31/330    DATE  03/17
HIGHEST GUST SPEED/DIRECTION    39/330    DATE  03/17

SKY COVER
AVERAGE SKY COVER           0.70

AVERAGE RH (PERCENT)     67

WEATHER CONDITIONS. NUMBER OF DAYS WITH
THUNDERSTORM              0     MIXED PRECIP               0
HEAVY RAIN                0     RAIN                       2
LIGHT RAIN               16     FREEZING RAIN              0
LT FREEZING RAIN          1     HAIL                       0
HEAVY SNOW                1     SNOW                       5
LIGHT SNOW               13     SLEET                      2
FOG                      19     FOG W/VIS <= 1/4 MILE      4
HAZE                      3

-  INDICATES NEGATIVE NUMBERS.
R  INDICATES RECORD WAS SET OR TIED.
MM INDICATES DATA IS MISSING.
T  INDICATES TRACE AMOUNT.

$$
