000
CXUS51 KCLE 011935 CCA
CLMYNG

CLIMATE REPORT
NATIONAL WEATHER SERVICE CLEVELAND OH
305 PM EDT SAT OCT 1 2016

...................................

...THE YOUNGSTOWN OH CLIMATE SUMMARY FOR THE MONTH OF SEPTEMBER 2016...

CLIMATE NORMAL PERIOD 1981 TO 2010
CLIMATE RECORD PERIOD 1897 TO 2016

WEATHER         OBSERVED          NORMAL  DEPART  LAST YEAR`S
                 VALUE   DATE(S)  VALUE   FROM    VALUE
                                          NORMAL
.............................................................
TEMPERATURE (F)
RECORD
 HIGH              99   09/05/1954
 LOW               29   09/28/1991
                        09/27/1957
HIGHEST            89   09/07
LOWEST             46   09/25
AVG. MAXIMUM     78.1              72.4     5.7     78.1
AVG. MINIMUM     56.5              51.4     5.1     56.1
MEAN             67.3              61.9     5.4     67.1
DAYS MAX >= 90      0               0.2    -0.2        2
DAYS MAX <= 32      0               0.0     0.0        0
DAYS MIN <= 32      0               0.1    -0.1        0
DAYS MIN <= 0       0               0.0     0.0        0

PRECIPITATION (INCHES)
RECORD
 MAXIMUM         7.08   2011
 MINIMUM         0.27
TOTALS           4.20              3.75    0.45     3.18
DAYS >= .01        10              10.6    -0.6        9
DAYS >= .10         7               6.9     0.1        6
DAYS >= .50         4               2.6     1.4        2
DAYS >= 1.00        2               1.0     1.0        1
GREATEST
 24 HR. TOTAL    1.52   08/31 TO 09/01              1.54

SNOWFALL (INCHES)
RECORDS
 TOTAL              T   1949/1953/1956/1970/1983/1990/1998


TOTALS            0.0               0.0     0.0      0.0
SINCE 7/1         0.0               0.0     0.0      0.0
DAYS >= 1.0         0               0.0     0.0        0
GREATEST
 24 HR TOTAL      0.0   09/01 TO 09/30

DEGREE_DAYS
HEATING TOTAL      40               145    -105       50
 SINCE 7/1         46               183    -137       79
COOLING TOTAL     116                52      64      119
 SINCE 1/1        859               538     321      679
..............................................................

WIND (MPH)
AVERAGE WIND SPEED              6.6
HIGHEST WIND SPEED/DIRECTION    26/290    DATE  09/08
HIGHEST GUST SPEED/DIRECTION    38/290    DATE  09/08

SKY COVER
AVERAGE SKY COVER           0.50

AVERAGE RH (PERCENT)     72

WEATHER CONDITIONS. NUMBER OF DAYS WITH
THUNDERSTORM              0     MIXED PRECIP               0
HEAVY RAIN                2     RAIN                       5
LIGHT RAIN               10     FREEZING RAIN              0
LT FREEZING RAIN          0     HAIL                       0
HEAVY SNOW                0     SNOW                       0
LIGHT SNOW                0     SLEET                      0
FOG                      13     FOG W/VIS <= 1/4 MILE      2
HAZE                      1

-  INDICATES NEGATIVE NUMBERS.
R  INDICATES RECORD WAS SET OR TIED.
MM INDICATES DATA IS MISSING.
T  INDICATES TRACE AMOUNT.
CORRECTED SNOW RECORDS.
$$
