000
CXUS51 KCLE 021816
CLMYNG


CLIMATE REPORT
NATIONAL WEATHER SERVICE CLEVELAND OH
150 PM EDT SAT SEP 2 2017

...................................

...THE YOUNGSTOWN OH CLIMATE SUMMARY FOR THE SEASON, FROM
6/1/2017 TO 8/31/2017...

CLIMATE NORMAL PERIOD 1981 TO 2010
CLIMATE RECORD PERIOD 1897 TO 2017

WEATHER         OBSERVED          NORMAL  DEPART
                 VALUE   DATE(S)  VALUE   FROM
                                          NORMAL
................................................
TEMPERATURE (F)
RECORD
 HIGH             100   07/16/1988
                        07/07/1988
                        07/14/1954
 LOW               30   06/11/1972
HIGHEST            92   06/13
LOWEST             44   08/26
AVG. MAXIMUM     80.1              79.6     0.5
AVG. MINIMUM     58.7              57.8     0.9
MEAN             69.4              68.7     0.7
DAYS MAX >= 90      2               4.8
DAYS MAX <= 32      0               0.0
DAYS MIN <= 32      0               0.0
DAYS MIN <= 0       0               0.0

PRECIPITATION (INCHES)
RECORD
 MAXIMUM        20.69   1986
 MINIMUM         5.72   1933
TOTALS          11.42             11.43   -0.01
DAYS >= .01        33              33.0
DAYS >= .10        16              20.7
DAYS >= .50         8               7.4
DAYS >= 1.00        4               2.7

SNOWFALL (INCHES)
RECORDS
 TOTAL             MM   MM
TOTALS            0.0               0.0
DAYS >= TRACE       0
DAYS >= 1.0         0               0.0

DEGREE_DAYS
HEATING TOTAL      60               107     -47
COOLING TOTAL     484               447      37
.................................................

WIND (MPH)
HIGHEST GUST SPEED/DIRECTION    50/240    DATE  08/04

SKY COVER
POSSIBLE SUNSHINE (PERCENT)   MM
NUMBER OF DAYS FAIR            8
NUMBER OF DAYS PC             53
NUMBER OF DAYS CLOUDY         31


WEATHER CONDITIONS. NUMBER OF DAYS WITH
THUNDERSTORM              0     MIXED PRECIP               0
HEAVY RAIN               11     RAIN                      16
LIGHT RAIN               40     FREEZING RAIN              0
LT FREEZING RAIN          0     HAIL                       0
HEAVY SNOW                0     SNOW                       0
LIGHT SNOW                0     SLEET                      0
FOG                      50     FOG W/VIS <= 1/4 MILE      2
HAZE                      6

-  INDICATES NEGATIVE NUMBERS.
R  INDICATES RECORD WAS SET OR TIED.
MM INDICATES DATA IS MISSING.
T  INDICATES TRACE AMOUNT.

$$
