800
CXUS51 KCLE 021325
CLMYNG


CLIMATE REPORT
NATIONAL WEATHER SERVICE CLEVELAND OH
821 AM EST WED DEC 2 2015

...................................

...THE YOUNGSTOWN OH CLIMATE SUMMARY FOR THE SEASON, FROM
9/1/2015 TO 11/30/2015...

CLIMATE NORMAL PERIOD 1981 TO 2010
CLIMATE RECORD PERIOD 1897 TO 2015

WEATHER         OBSERVED          NORMAL  DEPART
                 VALUE   DATE(S)  VALUE   FROM
                                          NORMAL
................................................
TEMPERATURE (F)
RECORD
 HIGH              99   09/05/1954
 LOW                1   11/30/1976
                        11/30/1958
HIGHEST            90   09/08
                        09/07
LOWEST             22   11/23
AVG. MAXIMUM     65.5              60.6     4.9
AVG. MINIMUM     45.5              42.2     3.3
MEAN             55.5              51.4     4.1
DAYS MAX >= 90      2               0.2
DAYS MAX <= 32      0               1.7
DAYS MIN <= 32     13              16.9
DAYS MIN <= 0       0               0.0

PRECIPITATION (INCHES)
RECORD
 MAXIMUM        15.65   1911
 MINIMUM         3.08   1960
TOTALS           9.29              9.70   -0.41
DAYS >= .01        38              36.2
DAYS >= .10        20              20.9
DAYS >= .50         6               5.9
DAYS >= 1.00        2               1.7

SNOWFALL (INCHES)
RECORDS
 TOTAL           30.6   1950
TOTALS            0.4               4.4
DAYS >= TRACE       7
DAYS >= 1.0         0               1.4

DEGREE_DAYS
HEATING TOTAL     973              1291    -318
COOLING TOTAL     121                58      63
.................................................

WIND (MPH)
HIGHEST GUST SPEED/DIRECTION    45/250    DATE  11/12

SKY COVER
POSSIBLE SUNSHINE (PERCENT)   MM
NUMBER OF DAYS FAIR           19
NUMBER OF DAYS PC             34
NUMBER OF DAYS CLOUDY         38


WEATHER CONDITIONS. NUMBER OF DAYS WITH
THUNDERSTORM              0     MIXED PRECIP               0
HEAVY RAIN                6     RAIN                      11
LIGHT RAIN               42     FREEZING RAIN              0
LT FREEZING RAIN          0     HAIL                       0
HEAVY SNOW                0     SNOW                       4
LIGHT SNOW                6     SLEET                      1
FOG                      47     FOG W/VIS <= 1/4 MILE      2
HAZE                      6

-  INDICATES NEGATIVE NUMBERS.
R  INDICATES RECORD WAS SET OR TIED.
MM INDICATES DATA IS MISSING.
T  INDICATES TRACE AMOUNT.

$$
