000
CXUS53 KFGF 010915
CF6FGF
PRELIMINARY LOCAL CLIMATOLOGICAL DATA (WS FORM: F-6)
STATION: GRAND FORKS UNIV. (NWS) ND
MONTH: FEBRUARY
YEAR: 2022
LATITUDE: 47 55 N
LONGITUDE: 97 6 W
TEMPERATURE IN F: :PCPN: SNOW: WIND :SUNSHINE: SKY :PK WND
================================================================================
1 2 3 4 5 6A 6B 7 8 9 10 11 12 13 14 15 16 17 18
12Z AVG MX 2MIN
DY MAX MIN AVG DEP HDD CDD WTR SNW DPTH SPD SPD DIR MIN PSBL S-S WX SPD DR
================================================================================
1 28 -7 11 2 54 0 0.06 0.5 9 M M M M M M 69 M M
2 -2 -18 -10 -20 75 0 0.00 0.0 9 M M M M M M M M
3 -3 -25 -14 -24 79 0 0.02 0.4 9 M M M M M M M M
4 -2 -12 -7 -17 72 0 T 0.1 9 M M M M M M M M
5 14 -5 5 -5 60 0 0.20 2.9 10 M M M M M M M M
6 6 -7 0 -11 65 0 0.01 0.4 12 M M M M M M M M
7 19 1 10 -1 55 0 T T 12 M M M M M M M M
8 38 15 27 16 38 0 T T 11 M M M M M M M M
9 33 4 19 7 46 0 T 0.2 8 M M M M M M M M
10 39 7 23 11 42 0 0.24 3.0 9 M M M M M M 9 M M
11 22 -16 3 -9 62 0 0.05 0.8 9 M M M M M M M M
12 7 -19 -6 -18 71 0 0.01 0.2 9 M M M M M M 9 M M
13 6 -18 -6 -19 71 0 0.08 2.1 9 M M M M M M M M
14 2 -14 -6 -19 71 0 T T 10 M M M M M M 9 M M
15 19 -4 8 -6 57 0 T T 10 M M M M M M M M
16 16 -8 4 -10 61 0 T T 10 M M M M M M M M
17 1 -17 -8 -22 73 0 T T 10 M M M M M M 9 M M
18 21 -3 9 -6 56 0 0.06 1.1 11 M M M M M M 9 M M
19 28 -11 9 -6 56 0 0.00 0.0 11 M M M M M M M M
20 30 -10 10 -5 55 0 0.15 2.3 12 M M M M M M M M
21 -9 -12 -10 -26 75 0 0.09 1.5 12 M M M M M M M M
22 -5 -18 -11 -27 76 0 0.00 0.0 11 M M M M M M M M
23 4 -18 -7 -23 72 0 0.00 0.0 9 M M M M M M M M
24 7 -17 -5 -22 70 0 0.00 0.0 8 M M M M M M M M
25 12 -13 0 -17 65 0 0.00 0.0 8 M M M M M M 1 M M
26 27 1 14 -4 51 0 0.00 0.0 8 M M M M M M M M
27 25 11 18 0 47 0 0.00 0.0 8 M M M M M M M M
28 27 13 20 2 45 0 0.00 0.0 8 M M M M M M M M
================================================================================
SM 410 -220 1720 0 0.97 15.5 M M M
================================================================================
AV 14.6 -7.9 M FASTST M M M MAX(MPH)
MISC ----> M M M M
================================================================================
NOTES:
# LAST OF SEVERAL OCCURRENCES
COLUMN 17 PEAK WIND IN M.P.H.
PRELIMINARY LOCAL CLIMATOLOGICAL DATA (WS FORM: F-6) , PAGE 2
STATION: GRAND FORKS UNIV. (NWS) ND
MONTH: FEBRUARY
YEAR: 2022
LATITUDE: 47 55 N
LONGITUDE: 97 6 W
[TEMPERATURE DATA] [PRECIPITATION DATA] SYMBOLS USED IN COLUMN 16
AVERAGE MONTHLY: 3.4 TOTAL FOR MONTH: 0.97 1 = FOG OR MIST
DPTR FM NORMAL: -10.1 DPTR FM NORMAL: 0.38 2 = FOG REDUCING VISIBILITY
HIGHEST: 39 ON 10 GRTST 24HR 0.24 ON 10-10 TO 1/4 MILE OR LESS
LOWEST: -25 ON 3 3 = THUNDER
SNOW, ICE PELLETS, HAIL 4 = ICE PELLETS
TOTAL MONTH: 17.1 INCHES 5 = HAIL
GRTST 24HR 3.0 ON 10-10 6 = FREEZING RAIN OR DRIZZLE
GRTST DEPTH: 12 ON 21,20 7 = DUSTSTORM OR SANDSTORM:
VSBY 1/2 MILE OR LESS
8 = SMOKE OR HAZE
[NO. OF DAYS WITH] [WEATHER - DAYS WITH] 9 = BLOWING SNOW
X = TORNADO
MAX 32 OR BELOW: 25 0.01 INCH OR MORE: 11
MAX 90 OR ABOVE: 0 0.10 INCH OR MORE: 3
MIN 32 OR BELOW: 28 0.50 INCH OR MORE: 0
MIN 0 OR BELOW: 21 1.00 INCH OR MORE: 0
[HDD (BASE 65) ]
TOTAL THIS MO. 1720 CLEAR (SCALE 0-3) 0
DPTR FM NORMAL 278 PTCLDY (SCALE 4-7) 0
TOTAL FM JUL 1 6841 CLOUDY (SCALE 8-10) 28
DPTR FM NORMAL -119
[CDD (BASE 65) ]
TOTAL THIS MO. 0
DPTR FM NORMAL 0 [PRESSURE DATA]
TOTAL FM JAN 1 0 HIGHEST SLP M ON M
DPTR FM NORMAL 0 LOWEST SLP M ON M
[REMARKS]
#FINAL-02-22#