000
CXUS53 KFGF 010915
CF6FGF
PRELIMINARY LOCAL CLIMATOLOGICAL DATA (WS FORM: F-6)
STATION: GRAND FORKS UNIV. (NWS) ND
MONTH: DECEMBER
YEAR: 2021
LATITUDE: 47 55 N
LONGITUDE: 97 6 W
TEMPERATURE IN F: :PCPN: SNOW: WIND :SUNSHINE: SKY :PK WND
================================================================================
1 2 3 4 5 6A 6B 7 8 9 10 11 12 13 14 15 16 17 18
12Z AVG MX 2MIN
DY MAX MIN AVG DEP HDD CDD WTR SNW DPTH SPD SPD DIR MIN PSBL S-S WX SPD DR
================================================================================
1 48 24 36 18 29 0 T 0.0 1 M M M M M M M M
2 38 27 33 15 32 0 0.05 1.5 0 M M M M M M M M
3 35 24 30 13 35 0 T T 1 M M M M M M 1 M M
4 27 16 22 5 43 0 0.03 0.3 1 M M M M M M 1 M M
5 27 2 15 -1 50 0 0.21 7.9 8 M M M M M M M M
6 2 -9 -3 -19 68 0 0.00 0.0 8 M M M M M M M M
7 17 -5 6 -9 59 0 T 0.1 6 M M M M M M M M
8 22 -4 9 -6 56 0 T T 4 M M M M M M M M
9 34 17 26 12 39 0 T T 3 M M M M M M M M
10 25 9 17 3 48 0 0.00 0.0 3 M M M M M M M M
11 30 5 18 4 47 0 0.00 0.0 3 M M M M M M M M
12 37 28 33 20 32 0 0.00 0.0 2 M M M M M M M M
13 31 19 25 12 40 0 0.00 0.0 1 M M M M M M M M
14 37 30 34 22 31 0 0.00 0.0 1 M M M M M M M M
15 34 21 28 16 37 0 T T 1 M M M M M M M M
16 21 0 11 -1 54 0 0.03 0.8 2 M M M M M M 9 M M
17 12 -2 5 -6 60 0 T T 2 M M M M M M M M
18 10 1 6 -5 59 0 T 0.2 2 M M M M M M M M
19 29 4 17 6 48 0 T T 2 M M M M M M M M
20 14 3 9 -1 56 0 0.00 0.0 2 M M M M M M M M
21 9 -1 4 -6 61 0 0.11 2.7 5 M M M M M M M M
22 25 -4 11 1 54 0 0.01 0.2 5 M M M M M M M M
23 29 13 21 11 44 0 T T 5 M M M M M M M M
24 32 4 18 9 47 0 0.00 0.0 5 M M M M M M M M
25 6 -3 2 -7 63 0 0.06 1.0 3 M M M M M M M M
26 21 -4 9 0 56 0 0.16 1.8 5 M M M M M M M M
27 24 -12 6 -3 59 0 0.39 6.4 8 M M M M M M M M
28 -5 -18 -11 -19 76 0 0.26 4.1 11 M M M M M M M M
29 -6 -22 -14 -22 79 0 T T 11 M M M M M M M M
30 -2 -9 -5 -13 70 0 0.03 0.6 10 M M M M M M M M
31 -5 -27 -16 -24 81 0 0.00 0.0 10 M M M M M M M M
================================================================================
SM 658 127 1613 0 1.34 27.6 M M M
================================================================================
AV 21.2 4.1 M FASTST M M M MAX(MPH)
MISC ----> M M M M
================================================================================
NOTES:
# LAST OF SEVERAL OCCURRENCES
COLUMN 17 PEAK WIND IN M.P.H.
PRELIMINARY LOCAL CLIMATOLOGICAL DATA (WS FORM: F-6) , PAGE 2
STATION: GRAND FORKS UNIV. (NWS) ND
MONTH: DECEMBER
YEAR: 2021
LATITUDE: 47 55 N
LONGITUDE: 97 6 W
[TEMPERATURE DATA] [PRECIPITATION DATA] SYMBOLS USED IN COLUMN 16
AVERAGE MONTHLY: 12.7 TOTAL FOR MONTH: 1.34 1 = FOG OR MIST
DPTR FM NORMAL: 0.5 DPTR FM NORMAL: 0.69 2 = FOG REDUCING VISIBILITY
HIGHEST: 48 ON 1 GRTST 24HR 0.39 ON 27-27 TO 1/4 MILE OR LESS
LOWEST: -27 ON 31 3 = THUNDER
SNOW, ICE PELLETS, HAIL 4 = ICE PELLETS
TOTAL MONTH: 28.3 INCHES 5 = HAIL
GRTST 24HR 7.9 ON 5- 5 6 = FREEZING RAIN OR DRIZZLE
GRTST DEPTH: 11 ON 29,28 7 = DUSTSTORM OR SANDSTORM:
VSBY 1/2 MILE OR LESS
8 = SMOKE OR HAZE
[NO. OF DAYS WITH] [WEATHER - DAYS WITH] 9 = BLOWING SNOW
X = TORNADO
MAX 32 OR BELOW: 24 0.01 INCH OR MORE: 11
MAX 90 OR ABOVE: 0 0.10 INCH OR MORE: 5
MIN 32 OR BELOW: 31 0.50 INCH OR MORE: 0
MIN 0 OR BELOW: 14 1.00 INCH OR MORE: 0
[HDD (BASE 65) ]
TOTAL THIS MO. 1613 CLEAR (SCALE 0-3) 0
DPTR FM NORMAL -24 PTCLDY (SCALE 4-7) 0
TOTAL FM JUL 1 3188 CLOUDY (SCALE 8-10) 31
DPTR FM NORMAL -544
[CDD (BASE 65) ]
TOTAL THIS MO. 0
DPTR FM NORMAL 0 [PRESSURE DATA]
TOTAL FM JAN 1 799 HIGHEST SLP M ON M
DPTR FM NORMAL 336 LOWEST SLP M ON M
[REMARKS]
#FINAL-12-21#