485
CXUS54 KMAF 011210
CF6BPG
PRELIMINARY LOCAL CLIMATOLOGICAL DATA (WS FORM: F-6)
STATION: BIG SPRING MCMAHON-WRINKLE FI
MONTH: FEBRUARY
YEAR: 2021
LATITUDE: 32 12 N
LONGITUDE: 101 31 W
TEMPERATURE IN F: :PCPN: SNOW: WIND :SUNSHINE: SKY :PK WND
================================================================================
1 2 3 4 5 6A 6B 7 8 9 10 11 12 13 14 15 16 17 18
12Z AVG MX 2MIN
DY MAX MIN AVG DEP HDD CDD WTR SNW DPTH SPD SPD DIR MIN PSBL S-S WX SPD DR
================================================================================
1 64 27 46 M 19 0 M M M 5.1 12 130 M M 0 M M
2 77 43 60 M 5 0 M M M 11.9 20 200 M M 0 25 190
3 83 40 62 M 3 0 M M M 9.8 22 200 M M 0 25 260
4 62 44 53 M 12 0 M M M 12.8 22 20 M M 0 28 20
5 65 31 48 M 17 0 M M M 7.2 14 90 M M 1 M M
6 64 38 51 M 14 0 M M M 12.8 24 330 M M 0 31 330
7 76 33 55 M 10 0 M M M 16.3 26 200 M M 0 31 190
8 73 36 55 M 10 0 M M M 8.4 17 80 M M 0 M M
9 40 28 34 M 31 0 M M M 11.8 15 90 M M 8 12 20 70
10 32 24 28 M 37 0 M M M 13.7 18 50 M M 10 1 23 70
11 27 22 25 M 40 0 M M M 10.5 16 40 M M 10 1 M M
12 26 18 22 M 43 0 M M M 13.3 21 60 M M 10 1 24 60
13 21 15 18 M 47 0 M M M 12.6 17 80 M M 10 1 20 80
14 18 6 12 M 53 0 M M M 17.0 24 40 M M 9 1 33 40
15 15 -1 7 M 58 0 M M M 5.1 14 360 M M 6 M M
16 27 6 17 M 48 0 M M M 10.6 22 160 M M 8 23 160
17 22 12 17 M 48 0 M M M 12.1 18 40 M M 10 1 17 50
18 22 12 17 M 48 0 M M M 11.2 17 20 M M 8 1 20 40
19 51 8 30 M 35 0 M M M 9.4 20 200 M M 0 23 200
20 63 26 45 M 20 0 M M M 15.4 24 180 M M 0 31 180
21 64 39 52 M 13 0 M M M 15.4 29 170 M M 0 35 170
22 71 29 50 M 15 0 M M M 11.3 25 220 M M 0 31 220
23 79 33 56 M 9 0 M M M 13.4 29 220 M M 0 33 220
24 66 37 52 M 13 0 M M M 10.7 18 70 M M 0 1 25 40
25 46 40 43 M 22 0 M M M 14.3 21 60 M M 8 25 40
26 69 40 55 M 10 0 M M M 6.2 14 220 M M 4 21 230
27 81 45 63 M 2 0 M M M 9.7 23 210 M M 0 23 240
28 61 48 55 M 10 0 M M M 14.1 26 60 M M 4 12 35 50
================================================================================
SM 1465 779 692 0 M M 322.6 M 106
================================================================================
AV 52.3 27.8 11.5 FASTST M M 4 MAX(MPH)
MISC ----> # 29 170 # 35 170
================================================================================
NOTES:
# LAST OF SEVERAL OCCURRENCES
COLUMN 17 PEAK WIND IN M.P.H.
PRELIMINARY LOCAL CLIMATOLOGICAL DATA (WS FORM: F-6) , PAGE 2
STATION: BIG SPRING MCMAHON-WRINKLE FI
MONTH: FEBRUARY
YEAR: 2021
LATITUDE: 32 12 N
LONGITUDE: 101 31 W
[TEMPERATURE DATA] [PRECIPITATION DATA] SYMBOLS USED IN COLUMN 16
AVERAGE MONTHLY: 40.1 TOTAL FOR MONTH: M 1 = FOG OR MIST
DPTR FM NORMAL: 0.0 DPTR FM NORMAL: M 2 = FOG REDUCING VISIBILITY
HIGHEST: 83 ON 3 GRTST 24HR M ON M TO 1/4 MILE OR LESS
LOWEST: -1 ON 15 3 = THUNDER
SNOW, ICE PELLETS, HAIL 4 = ICE PELLETS
TOTAL MONTH: M 5 = HAIL
GRTST 24HR M ON M 6 = FREEZING RAIN OR DRIZZLE
GRTST DEPTH: M ON M 7 = DUSTSTORM OR SANDSTORM:
VSBY 1/2 MILE OR LESS
8 = SMOKE OR HAZE
[NO. OF DAYS WITH] [WEATHER - DAYS WITH] 9 = BLOWING SNOW
X = TORNADO
MAX 32 OR BELOW: 9 0.01 INCH OR MORE: 0
MAX 90 OR ABOVE: 0 0.10 INCH OR MORE: 0
MIN 32 OR BELOW: 15 0.50 INCH OR MORE: 0
MIN 0 OR BELOW: 1 1.00 INCH OR MORE: 0
[HDD (BASE 65) ]
TOTAL THIS MO. 692 CLEAR (SCALE 0-3) 15
DPTR FM NORMAL M PTCLDY (SCALE 4-7) 6
TOTAL FM JUL 1 2356 CLOUDY (SCALE 8-10) 7
DPTR FM NORMAL M
[CDD (BASE 65) ]
TOTAL THIS MO. 0
DPTR FM NORMAL M [PRESSURE DATA]
TOTAL FM JAN 1 0 HIGHEST SLP M ON M
DPTR FM NORMAL M LOWEST SLP M ON M
[REMARKS]
#FINAL-02-21#