000
CXUS55 KGJT 281000
CF6CAG
PRELIMINARY LOCAL CLIMATOLOGICAL DATA (WS FORM: F-6)

                                          STATION:   CRAIG CO
                                          MONTH:     MAY
                                          YEAR:      2016
                                          LATITUDE:   40 30 N
                                          LONGITUDE: 107 32 W

  TEMPERATURE IN F:       :PCPN:    SNOW:  WIND      :SUNSHINE: SKY     :PK WND
================================================================================
1   2   3   4   5  6A  6B    7    8   9   10  11  12  13   14  15   16   17  18
                                     12Z  AVG MX 2MIN
DY MAX MIN AVG DEP HDD CDD  WTR  SNW DPTH SPD SPD DIR MIN PSBL S-S WX    SPD DR
================================================================================

 1  58  31  45  -1  20   0 0.00    M    M 11.5 28  80   M    M   1        36  70
 2  60  24  42  -5  23   0 0.00    M    M  4.7 15 240   M    M   1        19 270
 3  68  24  46  -1  19   0 0.00    M    M  2.1  9  90   M    M   0        15 290
 4  74  28  51   4  14   0 0.00    M    M  4.1 17 280   M    M   0        22 290
 5  79  34  57  10   8   0 0.00    M    M  4.5 16 240   M    M   1        23 270
 6  78  39  59  11   6   0    T    M    M  9.5 36 150   M    M   4 3      46 130
 7  50  40  45  -3  20   0 0.22    M    M  8.2 26 210   M    M   8 1      31 210
 8  50  38  44  -4  21   0 0.75    M    M  8.2 25 250   M    M   9 1      35 250
 9  64  39  52   4  13   0 0.23    M    M  7.0 28 240   M    M   9 13     35 270
10  56  38  47  -2  18   0    T    M    M  9.0 25 350   M    M   6        30 360
11  56  30  43  -6  22   0 0.00    M    M  5.4 16 310   M    M   5        23 320
12  68  27  48  -1  17   0 0.00    M    M  6.6 21 260   M    M   0        24 270
13  75  28  52   2  13   0 0.00    M    M  6.7 22 260   M    M   0        26 250
14  78  35  57   7   8   0 0.00    M    M  4.7 30 230   M    M   2 38     38 280
15  59  42  51   1  14   0 0.15    M    M  5.8 33 280   M    M   4 38     43 200
16  54  41  48  -3  17   0 0.22    M    M  4.2 15 180   M    M   9 1      17 180
17  60  38  49  -2  16   0 0.00    M    M  3.3 15 200   M    M   5 3      17 200
18  68  34  51   0  14   0 0.00    M    M  3.4 13 320   M    M   3 1      16 310
19  69  39  54   2  11   0 0.03    M    M  7.2 25 230   M    M   4 3      30 270
20  75  44  60   8   5   0    T    M    M  9.5 28 210   M    M   4        35 210
21  72  42  57   5   8   0 0.00    M    M  9.0 28 200   M    M   1        36 190
22  61  32  47  -5  18   0    T    M    M  7.8 32 250   M    M   5        41 260
23  66  26  46  -7  19   0 0.00    M    M  3.2 26 170   M    M   1 1      35 160
24  73  31  52  -1  13   0 0.00    M    M  8.8 28 240   M    M   1        35 240
25  68  38  53   0  12   0 0.01    M    M  8.5 25 240   M    M   3        36 240
26  68  30  49  -5  16   0 0.01    M    M  5.5 29 270   M    M   3        39 280
27  63  36  50  -4  15   0 0.34    M    M  7.0 17 120   M    M   7 3      22 110
================================================================================
SM 1770  928       400   0  1.96    M    175.4          M       96
================================================================================
AV 65.6 34.4                               6.5 FASTST   M    M   4    MAX(MPH)
                                 MISC ---->  # 36 150               # 46  130
================================================================================
NOTES:
# LAST OF SEVERAL OCCURRENCES

COLUMN 17 PEAK WIND IN M.P.H.

PRELIMINARY LOCAL CLIMATOLOGICAL DATA (WS FORM: F-6) , PAGE 2

                                          STATION:  CRAIG CO
                                          MONTH:    MAY
                                          YEAR:     2016
                                          LATITUDE:   40 30 N
                                          LONGITUDE: 107 32 W

[TEMPERATURE DATA]      [PRECIPITATION DATA]       SYMBOLS USED IN COLUMN 16

AVERAGE MONTHLY: 50.0   TOTAL FOR MONTH:   1.96    1 = FOG OR MIST
DPTR FM NORMAL:  -0.1   DPTR FM NORMAL:    0.60    2 = FOG REDUCING VISIBILITY
HIGHEST:    79 ON  5    GRTST 24HR  0.83 ON  8- 9      TO 1/4 MILE OR LESS
LOWEST:     24 ON  3, 2                            3 = THUNDER
                        SNOW, ICE PELLETS, HAIL    4 = ICE PELLETS
                        TOTAL MONTH:    M          5 = HAIL
                        GRTST 24HR    M  ON   M    6 = FREEZING RAIN OR DRIZZLE
                        GRTST DEPTH:  M  ON   M    7 = DUSTSTORM OR SANDSTORM:
                                                       VSBY 1/2 MILE OR LESS
                                                   8 = SMOKE OR HAZE
[NO. OF DAYS WITH]      [WEATHER - DAYS WITH]      9 = BLOWING SNOW
                                                   X = TORNADO
MAX 32 OR BELOW:   0    0.01 INCH OR MORE:   9
MAX 90 OR ABOVE:   0    0.10 INCH OR MORE:   6
MIN 32 OR BELOW:  11    0.50 INCH OR MORE:   1
MIN  0 OR BELOW:   0    1.00 INCH OR MORE:   0

[HDD (BASE 65) ]
TOTAL THIS MO.   400    CLEAR  (SCALE 0-3)  12
DPTR FM NORMAL    -4    PTCLDY (SCALE 4-7)  12
TOTAL FM JUL 1  8249    CLOUDY (SCALE 8-10)  3
DPTR FM NORMAL  -167

[CDD (BASE 65) ]
TOTAL THIS MO.     0
DPTR FM NORMAL     0    [PRESSURE DATA]
TOTAL FM JAN 1     0    HIGHEST SLP M ON M
DPTR FM NORMAL     0    LOWEST  SLP 29.49 ON  9

[REMARKS]
