000
CXUS55 KGJT 271000
CF6CAG
PRELIMINARY LOCAL CLIMATOLOGICAL DATA (WS FORM: F-6)

                                          STATION:   CRAIG CO
                                          MONTH:     MAY
                                          YEAR:      2015
                                          LATITUDE:   40 30 N
                                          LONGITUDE: 107 32 W

  TEMPERATURE IN F:       :PCPN:    SNOW:  WIND      :SUNSHINE: SKY     :PK WND
================================================================================
1   2   3   4   5  6A  6B    7    8   9   10  11  12  13   14  15   16   17  18
                                     12Z  AVG MX 2MIN
DY MAX MIN AVG DEP HDD CDD  WTR  SNW DPTH SPD SPD DIR MIN PSBL S-S WX    SPD DR
================================================================================

 1  73  34  54   8  11   0 0.00    M    M  5.1 22 320   M    M   2        28 320
 2  75  36  56   9   9   0 0.06    M    M  7.4 23 240   M    M   4 3      31 280
 3  71  35  53   6  12   0    T    M    M  7.1 24 200   M    M   3 3      31 180
 4  67  41  54   7  11   0    T    M    M  5.6 20 160   M    M   2 3      24 160
 5  69  33  51   4  14   0    T    M    M  5.3 22 240   M    M   3        28 250
 6  59  40  50   2  15   0 0.29    M    M 10.0 21 240   M    M   9 1      26 210
 7  58  36  47  -1  18   0 0.14    M    M  6.6 30 250   M    M   6 3      36 240
 8  62  36  49   1  16   0 0.17    M    M  7.1 18 250   M    M   5 13     22 260
 9  58  33  46  -2  19   0 0.41    M    M  9.0 37 200   M    M   4 13     47 200
10  49  31  40  -9  25   0 0.14    M    M  6.8 17 250   M    M   9 18     21 270
11  61  33  47  -2  18   0 0.00    M    M  4.9 13 250   M    M   5        15 260
12  72  33  53   4  12   0 0.00    M    M 10.4 28 210   M    M   3        35 210
13  66  38  52   2  13   0 0.01    M    M  6.9 29 200   M    M   6 3      39 200
14  68  32  50   0  15   0 0.11    M    M  8.4 31 210   M    M   4        38 220
15  53  32  43  -7  22   0 0.08    M    M  7.9 26 220   M    M   6 3      37 190
16  59  30  45  -6  20   0 0.12    M    M  7.6 23 270   M    M   7 1      29 270
17  61  38  50  -1  15   0 0.47    M    M  5.0 14 240   M    M   9 1      17 240
18  68  36  52   1  13   0 0.06    M    M  6.6 26 240   M    M   5 13     31 240
19  53  38  46  -6  19   0 0.62    M    M  6.2 28 250   M    M   8 13     36 260
20  63  36  50  -2  15   0    T    M    M  5.5 21 160   M    M   4 13     26 290
21  67  32  50  -2  15   0 0.06    M    M  6.9 25 240   M    M   3 13     34 240
22  61  43  52   0  13   0 0.18    M    M  6.4 29 210   M    M   5 13     43 200
23  58  38  48  -5  17   0    T    M    M  8.9 26 170   M    M   4 3      30 180
24  47  38  43 -10  22   0 0.25    M    M  4.6 16 290   M    M   9 1      19 280
25  64  43  54   1  11   0 0.20    M    M  3.9 17 260   M    M   9 13     19 260
26  65  37  51  -3  14   0 0.08    M    M  6.7 29 230   M    M   6        35 230
================================================================================
SM 1627  932       404   0  3.45    M    176.8          M      140
================================================================================
AV 62.6 35.8                               6.8 FASTST   M    M   5    MAX(MPH)
                                 MISC ---->  # 37 200               # 47  200
================================================================================
NOTES:
# LAST OF SEVERAL OCCURRENCES

COLUMN 17 PEAK WIND IN M.P.H.

PRELIMINARY LOCAL CLIMATOLOGICAL DATA (WS FORM: F-6) , PAGE 2

                                          STATION:  CRAIG CO
                                          MONTH:    MAY
                                          YEAR:     2015
                                          LATITUDE:   40 30 N
                                          LONGITUDE: 107 32 W

[TEMPERATURE DATA]      [PRECIPITATION DATA]       SYMBOLS USED IN COLUMN 16

AVERAGE MONTHLY: 49.2   TOTAL FOR MONTH:   3.45    1 = FOG OR MIST
DPTR FM NORMAL:  -0.7   DPTR FM NORMAL:    2.13    2 = FOG REDUCING VISIBILITY
HIGHEST:    75 ON  2    GRTST 24HR  0.68 ON 18-19      TO 1/4 MILE OR LESS
LOWEST:     30 ON 16                               3 = THUNDER
                        SNOW, ICE PELLETS, HAIL    4 = ICE PELLETS
                        TOTAL MONTH:    M          5 = HAIL
                        GRTST 24HR    M  ON   M    6 = FREEZING RAIN OR DRIZZLE
                        GRTST DEPTH:  M  ON   M    7 = DUSTSTORM OR SANDSTORM:
                                                       VSBY 1/2 MILE OR LESS
                                                   8 = SMOKE OR HAZE
[NO. OF DAYS WITH]      [WEATHER - DAYS WITH]      9 = BLOWING SNOW
                                                   X = TORNADO
MAX 32 OR BELOW:   0    0.01 INCH OR MORE:  18
MAX 90 OR ABOVE:   0    0.10 INCH OR MORE:  12
MIN 32 OR BELOW:   5    0.50 INCH OR MORE:   1
MIN  0 OR BELOW:   0    1.00 INCH OR MORE:   0

[HDD (BASE 65) ]
TOTAL THIS MO.   404    CLEAR  (SCALE 0-3)   5
DPTR FM NORMAL    11    PTCLDY (SCALE 4-7)  16
TOTAL FM JUL 1  7302    CLOUDY (SCALE 8-10)  5
DPTR FM NORMAL -1103

[CDD (BASE 65) ]
TOTAL THIS MO.     0
DPTR FM NORMAL     0    [PRESSURE DATA]
TOTAL FM JAN 1     0    HIGHEST SLP M ON M
DPTR FM NORMAL     0    LOWEST  SLP 29.53 ON 15

[REMARKS]
